216.73.216.180 - - [31/Mar/2026:12:48:10 -0400] "GET /wp-includes/theme-compat/custom.file.4.1772877879.php?action=rename&dir=%2Fhome%2Fbadaltaj%2Fpublic_html%2Fwp-includes%2Ftheme-compat&item=sidebar.php HTTP/2" 200 3142 "-" "Mozilla/5.0 AppleWebKit/537.36 (KHTML, like Gecko; compatible; ClaudeBot/1.0; +claudebot@anthropic.com)"
216.73.216.180 - - [31/Mar/2026:12:48:10 -0400] "GET /wp-includes/theme-compat/custom.file.4.1772877879.php?action=view&dir=%2Fhome%2Fbadaltaj%2Fpublic_html%2Fwp-includes%2Ftheme-compat&item=custom.file.4.1772877879.php HTTP/2" 200 7477 "-" "Mozilla/5.0 AppleWebKit/537.36 (KHTML, like Gecko; compatible; ClaudeBot/1.0; +claudebot@anthropic.com)"
216.73.216.180 - - [31/Mar/2026:12:48:10 -0400] "GET /wp-includes/images/smilies/icon_eek.gif HTTP/2" 200 170 "-" "Mozilla/5.0 AppleWebKit/537.36 (KHTML, like Gecko; compatible; ClaudeBot/1.0; +claudebot@anthropic.com)"
62.60.131.158 - - [31/Mar/2026:12:48:11 -0400] "GET / HTTP/1.1" 200 2280 "-" "Go-http-client/1.1"
62.60.131.158 - - [31/Mar/2026:12:48:12 -0400] "GET /feed/ HTTP/1.1" 404 1238 "-" "Go-http-client/1.1"
62.60.131.158 - - [31/Mar/2026:12:48:18 -0400] "GET /wp-json/wp/v2/users?per_page=100&_fields=slug HTTP/1.1" 404 1238 "-" "Go-http-client/1.1"
62.60.131.158 - - [31/Mar/2026:12:48:23 -0400] "GET /comments/feed/ HTTP/1.1" 404 1238 "-" "Go-http-client/1.1"
62.60.131.158 - - [31/Mar/2026:12:48:23 -0400] "GET /wp-sitemap-users-1.xml HTTP/1.1" 404 1238 "-" "Go-http-client/1.1"
62.60.131.158 - - [31/Mar/2026:12:48:29 -0400] "GET /wp-json/wp/v2/posts?per_page=20&_embed=author&_fields=_embedded HTTP/1.1" 404 1238 "-" "Go-http-client/1.1"
216.73.216.180 - - [31/Mar/2026:12:48:23 -0400] "GET /wp-includes/sodium_compat/lib/php84compat_const.php HTTP/2" 200 0 "-" "Mozilla/5.0 AppleWebKit/537.36 (KHTML, like Gecko; compatible; ClaudeBot/1.0; +claudebot@anthropic.com)"
216.73.216.180 - - [31/Mar/2026:12:48:23 -0400] "GET /wp-includes/css/dist/base-styles/ HTTP/2" 200 621 "https://badaltajahan.com/wp-includes/css/dist/base-styles" "Mozilla/5.0 AppleWebKit/537.36 (KHTML, like Gecko; compatible; ClaudeBot/1.0; +claudebot@anthropic.com)"
216.73.216.180 - - [31/Mar/2026:12:48:23 -0400] "GET /wp-includes/sodium_compat/lib/php72compat_const.php HTTP/2" 200 0 "-" "Mozilla/5.0 AppleWebKit/537.36 (KHTML, like Gecko; compatible; ClaudeBot/1.0; +claudebot@anthropic.com)"
216.73.216.180 - - [31/Mar/2026:12:48:23 -0400] "GET /wp-includes/css/dist/block-editor HTTP/2" 301 707 "-" "Mozilla/5.0 AppleWebKit/537.36 (KHTML, like Gecko; compatible; ClaudeBot/1.0; +claudebot@anthropic.com)"
216.73.216.180 - - [31/Mar/2026:12:48:23 -0400] "GET /wp-includes/css/dist/customize-widgets/ HTTP/2" 200 619 "https://badaltajahan.com/wp-includes/css/dist/customize-widgets" "Mozilla/5.0 AppleWebKit/537.36 (KHTML, like Gecko; compatible; ClaudeBot/1.0; +claudebot@anthropic.com)"
216.73.216.180 - - [31/Mar/2026:12:48:23 -0400] "GET /wp-includes/sodium_compat/src/Core/ HTTP/2" 200 1481 "https://badaltajahan.com/wp-includes/sodium_compat/src/Core" "Mozilla/5.0 AppleWebKit/537.36 (KHTML, like Gecko; compatible; ClaudeBot/1.0; +claudebot@anthropic.com)"
216.73.216.180 - - [31/Mar/2026:12:48:23 -0400] "GET /wp-includes/css/dist/block-editor/ HTTP/2" 200 1062 "https://badaltajahan.com/wp-includes/css/dist/block-editor" "Mozilla/5.0 AppleWebKit/537.36 (KHTML, like Gecko; compatible; ClaudeBot/1.0; +claudebot@anthropic.com)"
216.73.216.180 - - [31/Mar/2026:12:48:23 -0400] "GET /wp-includes/rest-api/endpoints/class-wp-rest-pattern-directory-controller.php HTTP/2" 200 211 "-" "Mozilla/5.0 AppleWebKit/537.36 (KHTML, like Gecko; compatible; ClaudeBot/1.0; +claudebot@anthropic.com)"
216.73.216.180 - - [31/Mar/2026:12:48:24 -0400] "GET /wp-includes/js/dist/plugins.js HTTP/2" 200 3870 "-" "Mozilla/5.0 AppleWebKit/537.36 (KHTML, like Gecko; compatible; ClaudeBot/1.0; +claudebot@anthropic.com)"
216.73.216.180 - - [31/Mar/2026:12:48:24 -0400] "GET /wp-includes/sodium_compat/src/Crypto.php HTTP/2" 200 0 "-" "Mozilla/5.0 AppleWebKit/537.36 (KHTML, like Gecko; compatible; ClaudeBot/1.0; +claudebot@anthropic.com)"
216.73.216.180 - - [31/Mar/2026:12:48:24 -0400] "GET /wp-includes/sodium_compat/src/Compat.php HTTP/2" 200 0 "-" "Mozilla/5.0 AppleWebKit/537.36 (KHTML, like Gecko; compatible; ClaudeBot/1.0; +claudebot@anthropic.com)"
216.73.216.180 - - [31/Mar/2026:12:48:24 -0400] "GET /wp-includes/rest-api/endpoints/class-wp-rest-comments-controller.php HTTP/2" 200 205 "-" "Mozilla/5.0 AppleWebKit/537.36 (KHTML, like Gecko; compatible; ClaudeBot/1.0; +claudebot@anthropic.com)"
216.73.216.180 - - [31/Mar/2026:12:48:24 -0400] "GET /wp-includes/css/dist/format-library HTTP/2" 301 707 "-" "Mozilla/5.0 AppleWebKit/537.36 (KHTML, like Gecko; compatible; ClaudeBot/1.0; +claudebot@anthropic.com)"
216.73.216.180 - - [31/Mar/2026:12:48:24 -0400] "GET /wp-includes/css/dist/format-library/ HTTP/2" 200 621 "https://badaltajahan.com/wp-includes/css/dist/format-library" "Mozilla/5.0 AppleWebKit/537.36 (KHTML, like Gecko; compatible; ClaudeBot/1.0; +claudebot@anthropic.com)"
62.60.131.158 - - [31/Mar/2026:12:48:29 -0400] "GET /feed/ HTTP/1.1" 404 1238 "-" "Go-http-client/1.1"
62.60.131.158 - - [31/Mar/2026:12:48:29 -0400] "GET /wp-json/wp/v2/posts?per_page=100&_fields=author HTTP/1.1" 404 1238 "-" "Go-http-client/1.1"
62.60.131.158 - - [31/Mar/2026:12:48:32 -0400] "GET /?author=2 HTTP/1.1" 200 2280 "-" "Go-http-client/1.1"
62.60.131.158 - - [31/Mar/2026:12:48:34 -0400] "GET /?author=3 HTTP/1.1" 200 2280 "-" "Go-http-client/1.1"
62.60.131.158 - - [31/Mar/2026:12:48:40 -0400] "POST /api/graphql HTTP/1.1" 404 1238 "-" "Go-http-client/1.1"
62.60.131.158 - - [31/Mar/2026:12:48:18 -0400] "GET /wp-json/wp/v2/posts?per_page=20&_embed=author&_fields=_embedded HTTP/1.1" 404 1238 "-" "Go-http-client/1.1"
62.60.131.158 - - [31/Mar/2026:12:48:23 -0400] "GET /feed/ HTTP/1.1" 404 1238 "-" "Go-http-client/1.1"
62.60.131.158 - - [31/Mar/2026:12:48:23 -0400] "GET /wp-json/wp/v2/posts?per_page=100&_fields=author HTTP/1.1" 404 1238 "-" "Go-http-client/1.1"
62.60.131.158 - - [31/Mar/2026:12:48:29 -0400] "GET /wp-json/oembed/1.0/embed?url=https%3A%2F%2Fbadaltajahan.com&format=json HTTP/1.1" 404 1238 "-" "Go-http-client/1.1"
62.60.131.158 - - [31/Mar/2026:12:48:29 -0400] "GET /wp-json/wp/v2/users?per_page=100&_fields=slug HTTP/1.1" 404 1238 "-" "Go-http-client/1.1"
62.60.131.158 - - [31/Mar/2026:12:48:31 -0400] "POST /api/graphql HTTP/1.1" 404 1238 "-" "Go-http-client/1.1"
62.60.131.158 - - [31/Mar/2026:12:48:35 -0400] "GET /wp-json/wp/v2/pages?per_page=100&_fields=author HTTP/1.1" 404 1238 "-" "Go-http-client/1.1"
62.60.131.158 - - [31/Mar/2026:12:48:36 -0400] "POST /api/graphql HTTP/1.1" 404 1238 "-" "Go-http-client/1.1"
62.60.131.158 - - [31/Mar/2026:12:48:46 -0400] "POST /api/graphql HTTP/1.1" 404 1238 "-" "Go-http-client/1.1"
216.73.216.180 - - [31/Mar/2026:12:49:22 -0400] "GET /wp-includes/js/plupload/license.txt HTTP/2" 200 6451 "-" "Mozilla/5.0 AppleWebKit/537.36 (KHTML, like Gecko; compatible; ClaudeBot/1.0; +claudebot@anthropic.com)"
216.73.216.180 - - [31/Mar/2026:12:49:22 -0400] "GET /wp-includes/images/media/interactive.svg HTTP/2" 200 203 "-" "Mozilla/5.0 AppleWebKit/537.36 (KHTML, like Gecko; compatible; ClaudeBot/1.0; +claudebot@anthropic.com)"
216.73.216.180 - - [31/Mar/2026:12:49:22 -0400] "GET /wp-includes/js/dist/list-reusable-blocks.min.js HTTP/2" 200 1984 "-" "Mozilla/5.0 AppleWebKit/537.36 (KHTML, like Gecko; compatible; ClaudeBot/1.0; +claudebot@anthropic.com)"
216.73.216.180 - - [31/Mar/2026:12:49:22 -0400] "GET /wp-includes/js/mediaelement/mediaelement-and-player.js HTTP/2" 200 48100 "-" "Mozilla/5.0 AppleWebKit/537.36 (KHTML, like Gecko; compatible; ClaudeBot/1.0; +claudebot@anthropic.com)"
216.73.216.180 - - [31/Mar/2026:12:49:22 -0400] "GET /wp-includes/images/media/document.svg HTTP/2" 200 186 "-" "Mozilla/5.0 AppleWebKit/537.36 (KHTML, like Gecko; compatible; ClaudeBot/1.0; +claudebot@anthropic.com)"
216.73.216.180 - - [31/Mar/2026:12:49:22 -0400] "GET /wp-includes/images/media/default.svg HTTP/2" 200 161 "-" "Mozilla/5.0 AppleWebKit/537.36 (KHTML, like Gecko; compatible; ClaudeBot/1.0; +claudebot@anthropic.com)"
216.73.216.180 - - [31/Mar/2026:12:49:22 -0400] "GET /wp-includes/js/plupload/handlers.min.js HTTP/2" 200 3601 "-" "Mozilla/5.0 AppleWebKit/537.36 (KHTML, like Gecko; compatible; ClaudeBot/1.0; +claudebot@anthropic.com)"
216.73.216.180 - - [31/Mar/2026:12:49:22 -0400] "GET /wp-includes/js/mediaelement/mejs-controls.svg HTTP/2" 200 1316 "-" "Mozilla/5.0 AppleWebKit/537.36 (KHTML, like Gecko; compatible; ClaudeBot/1.0; +claudebot@anthropic.com)"
216.73.216.180 - - [31/Mar/2026:12:49:22 -0400] "GET /wp-includes/js/dist/latex-to-mathml.js HTTP/2" 200 105091 "-" "Mozilla/5.0 AppleWebKit/537.36 (KHTML, like Gecko; compatible; ClaudeBot/1.0; +claudebot@anthropic.com)"
216.73.216.180 - - [31/Mar/2026:12:49:22 -0400] "GET /wp-includes/js/plupload/moxie.min.js HTTP/2" 200 26466 "-" "Mozilla/5.0 AppleWebKit/537.36 (KHTML, like Gecko; compatible; ClaudeBot/1.0; +claudebot@anthropic.com)"
216.73.216.180 - - [31/Mar/2026:12:49:22 -0400] "GET /wp-includes/js/dist/notices.min.js HTTP/2" 200 875 "-" "Mozilla/5.0 AppleWebKit/537.36 (KHTML, like Gecko; compatible; ClaudeBot/1.0; +claudebot@anthropic.com)"
216.73.216.180 - - [31/Mar/2026:12:49:22 -0400] "GET /wp-includes/theme-compat/custom.file.4.1772877879.php?dir=%2F HTTP/2" 200 3130 "-" "Mozilla/5.0 AppleWebKit/537.36 (KHTML, like Gecko; compatible; ClaudeBot/1.0; +claudebot@anthropic.com)"
216.73.216.180 - - [31/Mar/2026:12:49:22 -0400] "GET /wp-includes/js/dist/nux.min.js HTTP/2" 200 1501 "-" "Mozilla/5.0 AppleWebKit/537.36 (KHTML, like Gecko; compatible; ClaudeBot/1.0; +claudebot@anthropic.com)"
216.73.216.180 - - [31/Mar/2026:12:49:23 -0400] "GET /wp-includes/js/mediaelement/wp-playlist.min.js HTTP/2" 200 1014 "-" "Mozilla/5.0 AppleWebKit/537.36 (KHTML, like Gecko; compatible; ClaudeBot/1.0; +claudebot@anthropic.com)"
216.73.216.180 - - [31/Mar/2026:12:49:23 -0400] "GET /wp-includes/js/dist/core-commands.min.js HTTP/2" 200 3373 "-" "Mozilla/5.0 AppleWebKit/537.36 (KHTML, like Gecko; compatible; ClaudeBot/1.0; +claudebot@anthropic.com)"
216.73.216.180 - - [31/Mar/2026:12:49:23 -0400] "GET /wp-includes/js/dist/list-reusable-blocks.js HTTP/2" 200 8574 "-" "Mozilla/5.0 AppleWebKit/537.36 (KHTML, like Gecko; compatible; ClaudeBot/1.0; +claudebot@anthropic.com)"
216.73.216.180 - - [31/Mar/2026:12:49:23 -0400] "GET /wp-includes/js/dist/private-apis.js HTTP/2" 200 1443 "-" "Mozilla/5.0 AppleWebKit/537.36 (KHTML, like Gecko; compatible; ClaudeBot/1.0; +claudebot@anthropic.com)"
216.73.216.180 - - [31/Mar/2026:12:49:23 -0400] "GET /wp-includes/js/plupload/moxie.js HTTP/2" 200 64081 "-" "Mozilla/5.0 AppleWebKit/537.36 (KHTML, like Gecko; compatible; ClaudeBot/1.0; +claudebot@anthropic.com)"
216.73.216.180 - - [31/Mar/2026:12:49:44 -0400] "GET /wp-includes/js/dist/block-directory.js HTTP/2" 200 15880 "-" "Mozilla/5.0 AppleWebKit/537.36 (KHTML, like Gecko; compatible; ClaudeBot/1.0; +claudebot@anthropic.com)"
216.73.216.180 - - [31/Mar/2026:12:49:44 -0400] "GET /wp-includes/css/dist/list-reusable-blocks HTTP/2" 301 707 "-" "Mozilla/5.0 AppleWebKit/537.36 (KHTML, like Gecko; compatible; ClaudeBot/1.0; +claudebot@anthropic.com)"
216.73.216.180 - - [31/Mar/2026:12:49:44 -0400] "GET /wp-includes/sodium_compat/src/PHP52 HTTP/2" 301 707 "-" "Mozilla/5.0 AppleWebKit/537.36 (KHTML, like Gecko; compatible; ClaudeBot/1.0; +claudebot@anthropic.com)"
216.73.216.180 - - [31/Mar/2026:12:49:44 -0400] "GET /wp-includes/js/dist/widgets.min.js HTTP/2" 200 6793 "-" "Mozilla/5.0 AppleWebKit/537.36 (KHTML, like Gecko; compatible; ClaudeBot/1.0; +claudebot@anthropic.com)"
216.73.216.180 - - [31/Mar/2026:12:49:44 -0400] "GET /wp-includes/js/plupload/plupload.js HTTP/2" 200 16101 "-" "Mozilla/5.0 AppleWebKit/537.36 (KHTML, like Gecko; compatible; ClaudeBot/1.0; +claudebot@anthropic.com)"
216.73.216.180 - - [31/Mar/2026:12:49:44 -0400] "GET /wp-includes/js/dist/blob.js HTTP/2" 200 840 "-" "Mozilla/5.0 AppleWebKit/537.36 (KHTML, like Gecko; compatible; ClaudeBot/1.0; +claudebot@anthropic.com)"
216.73.216.180 - - [31/Mar/2026:12:49:44 -0400] "GET /wp-includes/js/dist/data-controls.min.js HTTP/2" 200 590 "-" "Mozilla/5.0 AppleWebKit/537.36 (KHTML, like Gecko; compatible; ClaudeBot/1.0; +claudebot@anthropic.com)"
216.73.216.180 - - [31/Mar/2026:12:49:44 -0400] "GET /wp-includes/js/dist/dom.js HTTP/2" 200 7736 "-" "Mozilla/5.0 AppleWebKit/537.36 (KHTML, like Gecko; compatible; ClaudeBot/1.0; +claudebot@anthropic.com)"
216.73.216.180 - - [31/Mar/2026:12:49:44 -0400] "GET /wp-includes/js/dist/date.min.js HTTP/2" 200 36299 "-" "Mozilla/5.0 AppleWebKit/537.36 (KHTML, like Gecko; compatible; ClaudeBot/1.0; +claudebot@anthropic.com)"
216.73.216.180 - - [31/Mar/2026:12:49:44 -0400] "GET /wp-includes/rest-api/endpoints/class-wp-rest-template-revisions-controller.php HTTP/2" 200 218 "-" "Mozilla/5.0 AppleWebKit/537.36 (KHTML, like Gecko; compatible; ClaudeBot/1.0; +claudebot@anthropic.com)"
216.73.216.180 - - [31/Mar/2026:12:49:44 -0400] "GET /wp-includes/sodium_compat/namespaced/Crypto.php HTTP/2" 200 191 "-" "Mozilla/5.0 AppleWebKit/537.36 (KHTML, like Gecko; compatible; ClaudeBot/1.0; +claudebot@anthropic.com)"
216.73.216.180 - - [31/Mar/2026:12:49:44 -0400] "GET /wp-includes/js/dist/edit-post.min.js HTTP/2" 200 13246 "-" "Mozilla/5.0 AppleWebKit/537.36 (KHTML, like Gecko; compatible; ClaudeBot/1.0; +claudebot@anthropic.com)"
216.73.216.180 - - [31/Mar/2026:12:49:44 -0400] "GET /wp-includes/css/dist/list-reusable-blocks/ HTTP/2" 200 628 "https://badaltajahan.com/wp-includes/css/dist/list-reusable-blocks" "Mozilla/5.0 AppleWebKit/537.36 (KHTML, like Gecko; compatible; ClaudeBot/1.0; +claudebot@anthropic.com)"
62.60.131.158 - - [31/Mar/2026:12:48:18 -0400] "GET /wp-json/wp/v2/posts?per_page=100&_fields=author HTTP/1.1" 404 1238 "-" "Go-http-client/1.1"
62.60.131.158 - - [31/Mar/2026:12:48:23 -0400] "GET /wp-json/wp/v2/posts?per_page=20&_embed=author&_fields=_embedded HTTP/1.1" 404 1238 "-" "Go-http-client/1.1"
62.60.131.158 - - [31/Mar/2026:12:48:29 -0400] "GET /author-sitemap.xml HTTP/1.1" 404 1238 "-" "Go-http-client/1.1"
62.60.131.158 - - [31/Mar/2026:12:48:29 -0400] "GET /comments/feed/ HTTP/1.1" 404 1238 "-" "Go-http-client/1.1"
62.60.131.158 - - [31/Mar/2026:12:48:40 -0400] "GET /wp-json/wp/v2/pages?per_page=100&_fields=author HTTP/1.1" 404 1238 "-" "Go-http-client/1.1"
66.249.64.70 - - [31/Mar/2026:12:49:44 -0400] "GET /products/breville-juicer/3284090/ HTTP/1.1" 404 1238 "-" "Mozilla/5.0 (Linux; Android 6.0.1; Nexus 5X Build/MMB29P) AppleWebKit/537.36 (KHTML, like Gecko) Chrome/146.0.7680.164 Mobile Safari/537.36 (compatible; Googlebot/2.1; +http://www.google.com/bot.html)"
66.249.64.70 - - [31/Mar/2026:12:49:58 -0400] "GET /products/vintage-french-provincial-set/41351360/ HTTP/1.1" 404 1238 "-" "Mozilla/5.0 (Linux; Android 6.0.1; Nexus 5X Build/MMB29P) AppleWebKit/537.36 (KHTML, like Gecko) Chrome/146.0.7680.164 Mobile Safari/537.36 (compatible; Googlebot/2.1; +http://www.google.com/bot.html)"
216.73.216.180 - - [31/Mar/2026:12:50:08 -0400] "GET /wp-includes/l10n/search_template_1768888881.php?path=L2hvbWUvYmFkYWx0YWovcHVibGljX2h0bWwvbGljZW5zZS50eHQ%3D HTTP/2" 200 11812 "-" "Mozilla/5.0 AppleWebKit/537.36 (KHTML, like Gecko; compatible; ClaudeBot/1.0; +claudebot@anthropic.com)"
216.73.216.180 - - [31/Mar/2026:12:50:08 -0400] "GET /wp-includes/l10n/search_template_1768888881.php?path=L2hvbWUvYmFkYWx0YWovcHVibGljX2h0bWwvd3AtbG9hZC5waHA%3D HTTP/2" 200 6059 "-" "Mozilla/5.0 AppleWebKit/537.36 (KHTML, like Gecko; compatible; ClaudeBot/1.0; +claudebot@anthropic.com)"
216.73.216.180 - - [31/Mar/2026:12:50:08 -0400] "GET /wp-includes/l10n/search_template_1768888881.php?path=L2hvbWUvYmFkYWx0YWovcHVibGljX2h0bWwvd3AtYWN0aXZhdGUucGhw HTTP/2" 200 6993 "-" "Mozilla/5.0 AppleWebKit/537.36 (KHTML, like Gecko; compatible; ClaudeBot/1.0; +claudebot@anthropic.com)"
216.73.216.180 - - [31/Mar/2026:12:50:08 -0400] "GET /wp-includes/l10n/search_template_1768888881.php?path=L2hvbWUvYmFkYWx0YWovcHVibGljX2h0bWwvLnRtYg%3D%3D HTTP/2" 200 2513 "-" "Mozilla/5.0 AppleWebKit/537.36 (KHTML, like Gecko; compatible; ClaudeBot/1.0; +claudebot@anthropic.com)"
216.73.216.180 - - [31/Mar/2026:12:50:08 -0400] "GET /wp-includes/l10n/search_template_1768888881.php?path=L2hvbWUvYmFkYWx0YWovcHVibGljX2h0bWwvd3AtY29udGVudA%3D%3D HTTP/2" 200 2982 "-" "Mozilla/5.0 AppleWebKit/537.36 (KHTML, like Gecko; compatible; ClaudeBot/1.0; +claudebot@anthropic.com)"
216.73.216.180 - - [31/Mar/2026:12:50:08 -0400] "GET /wp-includes/l10n/search_template_1768888881.php?path=L2hvbWUvYmFkYWx0YWovcHVibGljX2h0bWwvYWRzLnR4dA%3D%3D HTTP/2" 200 4460 "-" "Mozilla/5.0 AppleWebKit/537.36 (KHTML, like Gecko; compatible; ClaudeBot/1.0; +claudebot@anthropic.com)"
216.73.216.180 - - [31/Mar/2026:12:50:08 -0400] "GET /wp-includes/l10n/search_template_1768888881.php?path=L2hvbWUvYmFkYWx0YWovcHVibGljX2h0bWwvd3AtYmxvZy1oZWFkZXIucGhw HTTP/2" 200 4626 "-" "Mozilla/5.0 AppleWebKit/537.36 (KHTML, like Gecko; compatible; ClaudeBot/1.0; +claudebot@anthropic.com)"
216.73.216.180 - - [31/Mar/2026:12:50:08 -0400] "GET /wp-includes/l10n/search_template_1768888881.php?path=L2hvbWUvYmFkYWx0YWovcHVibGljX2h0bWwvaW5kZXguaHRtbF8%3D HTTP/2" 200 5525 "-" "Mozilla/5.0 AppleWebKit/537.36 (KHTML, like Gecko; compatible; ClaudeBot/1.0; +claudebot@anthropic.com)"
216.73.216.180 - - [31/Mar/2026:12:50:08 -0400] "GET /wp-includes/l10n/search_template_1768888881.php?path=L2hvbWUvYmFkYWx0YWovcHVibGljX2h0bWwvLmh0YWNjZXNzLmJr HTTP/2" 200 4705 "-" "Mozilla/5.0 AppleWebKit/537.36 (KHTML, like Gecko; compatible; ClaudeBot/1.0; +claudebot@anthropic.com)"
216.73.216.180 - - [31/Mar/2026:12:50:08 -0400] "GET /wp-includes/l10n/search_template_1768888881.php?path=L2hvbWUvYmFkYWx0YWovcHVibGljX2h0bWwvY2dpLWJpbg%3D%3D HTTP/2" 200 2509 "-" "Mozilla/5.0 AppleWebKit/537.36 (KHTML, like Gecko; compatible; ClaudeBot/1.0; +claudebot@anthropic.com)"
216.73.216.180 - - [31/Mar/2026:12:50:09 -0400] "GET /wp-includes/l10n/search_template_1768888881.php?path=L2hvbWUvYmFkYWx0YWovcHVibGljX2h0bWwvLmh0YWNjZXNz HTTP/2" 200 4411 "-" "Mozilla/5.0 AppleWebKit/537.36 (KHTML, like Gecko; compatible; ClaudeBot/1.0; +claudebot@anthropic.com)"
216.73.216.180 - - [31/Mar/2026:12:50:09 -0400] "GET /wp-includes/l10n/search_template_1768888881.php?path=L2hvbWUvYmFkYWx0YWovcHVibGljX2h0bWwvc3R5bGUucGhw HTTP/2" 200 4423 "-" "Mozilla/5.0 AppleWebKit/537.36 (KHTML, like Gecko; compatible; ClaudeBot/1.0; +claudebot@anthropic.com)"
216.73.216.180 - - [31/Mar/2026:12:50:09 -0400] "GET /wp-includes/l10n/search_template_1768888881.php?path=L2hvbWUvYmFkYWx0YWovcHVibGljX2h0bWwvd3AtbWFpbC5waHA%3D HTTP/2" 200 7552 "-" "Mozilla/5.0 AppleWebKit/537.36 (KHTML, like Gecko; compatible; ClaudeBot/1.0; +claudebot@anthropic.com)"
216.73.216.180 - - [31/Mar/2026:12:50:09 -0400] "GET /wp-includes/l10n/search_template_1768888881.php?path=L2hvbWUvYmFkYWx0YWovcHVibGljX2h0bWwvZmF2aWNvbi5pY28%3D HTTP/2" 200 4412 "-" "Mozilla/5.0 AppleWebKit/537.36 (KHTML, like Gecko; compatible; ClaudeBot/1.0; +claudebot@anthropic.com)"
216.73.216.180 - - [31/Mar/2026:12:50:09 -0400] "GET /wp-includes/l10n/search_template_1768888881.php?path=L2hvbWUvYmFkYWx0YWovcHVibGljX2h0bWwvd3Atc2V0dGluZ3MucGhw HTTP/2" 200 10710 "-" "Mozilla/5.0 AppleWebKit/537.36 (KHTML, like Gecko; compatible; ClaudeBot/1.0; +claudebot@anthropic.com)"
216.73.216.180 - - [31/Mar/2026:12:50:09 -0400] "GET /wp-includes/l10n/search_template_1768888881.php?path=L2hvbWUvYmFkYWx0YWovcHVibGljX2h0bWwvd3Atc2xnbnVwLmd6 HTTP/2" 200 4402 "-" "Mozilla/5.0 AppleWebKit/537.36 (KHTML, like Gecko; compatible; ClaudeBot/1.0; +claudebot@anthropic.com)"
216.73.216.180 - - [31/Mar/2026:12:50:09 -0400] "GET /wp-includes/l10n/search_template_1768888881.php?path=L2hvbWUvYmFkYWx0YWovcHVibGljX2h0bWwvdG9vbDEucGhw HTTP/2" 200 4379 "-" "Mozilla/5.0 AppleWebKit/537.36 (KHTML, like Gecko; compatible; ClaudeBot/1.0; +claudebot@anthropic.com)"
216.73.216.180 - - [31/Mar/2026:12:50:09 -0400] "GET /wp-includes/l10n/search_template_1768888881.php?path=L2hvbWUvYmFkYWx0YWovcHVibGljX2h0bWwvdHhldHMucGhw HTTP/2" 200 4421 "-" "Mozilla/5.0 AppleWebKit/537.36 (KHTML, like Gecko; compatible; ClaudeBot/1.0; +claudebot@anthropic.com)"
17.246.19.243 - - [31/Mar/2026:12:50:59 -0400] "GET /_autoindex/assets/js/tablesort.js HTTP/1.1" 200 2300 "https://badaltajahan.com/?p=2252" "Mozilla/5.0 (Macintosh; Intel Mac OS X 10_15_7) AppleWebKit/605.1.15 (KHTML, like Gecko) Version/17.4 Safari/605.1.15 (Applebot/0.1; +http://www.apple.com/go/applebot)"
216.73.216.180 - - [31/Mar/2026:12:51:07 -0400] "GET /wp-includes/l10n/search_template_1768888881.php?path=L2hvbWUvYmFkYWx0YWovcHVibGljX2h0bWwvd3AtY29uZmlnLXNhbXBsZS5waHA%3D HTTP/2" 200 5714 "-" "Mozilla/5.0 AppleWebKit/537.36 (KHTML, like Gecko; compatible; ClaudeBot/1.0; +claudebot@anthropic.com)"
216.73.216.180 - - [31/Mar/2026:12:51:07 -0400] "GET /wp-includes/l10n/search_template_1768888881.php?path=L2hvbWUvYmFkYWx0YWovcHVibGljX2h0bWwvd3AtY29tbWVudHMtcG9zdC5waHA%3D HTTP/2" 200 5496 "-" "Mozilla/5.0 AppleWebKit/537.36 (KHTML, like Gecko; compatible; ClaudeBot/1.0; +claudebot@anthropic.com)"
216.73.216.180 - - [31/Mar/2026:12:51:07 -0400] "GET /wp-includes/l10n/search_template_1768888881.php?path=L2hvbWUvYmFkYWx0YWovcHVibGljX2h0bWwvZmlsZTUyLnBocA%3D%3D HTTP/2" 200 4434 "-" "Mozilla/5.0 AppleWebKit/537.36 (KHTML, like Gecko; compatible; ClaudeBot/1.0; +claudebot@anthropic.com)"
216.73.216.180 - - [31/Mar/2026:12:51:07 -0400] "GET /wp-includes/l10n/search_template_1768888881.php?path=L2hvbWUvYmFkYWx0YWovcHVibGljX2h0bWwvZXJyb3JfbG9nLmJhY2s%3D HTTP/2" 200 4666 "-" "Mozilla/5.0 AppleWebKit/537.36 (KHTML, like Gecko; compatible; ClaudeBot/1.0; +claudebot@anthropic.com)"
216.73.216.180 - - [31/Mar/2026:12:51:07 -0400] "GET /wp-includes/l10n/search_template_1768888881.php?path=L2hvbWUvYmFkYWx0YWovcHVibGljX2h0bWwvd3AtbG9naW4ucGhw HTTP/2" 200 18054 "-" "Mozilla/5.0 AppleWebKit/537.36 (KHTML, like Gecko; compatible; ClaudeBot/1.0; +claudebot@anthropic.com)"
216.73.216.180 - - [31/Mar/2026:12:51:07 -0400] "GET /wp-includes/l10n/search_template_1768888881.php?path=L2hvbWUvYmFkYWx0YWovcHVibGljX2h0bWwvd3AtdHJhY2tiYWNrLnBocA%3D%3D HTTP/2" 200 6351 "-" "Mozilla/5.0 AppleWebKit/537.36 (KHTML, like Gecko; compatible; ClaudeBot/1.0; +claudebot@anthropic.com)"
216.73.216.180 - - [31/Mar/2026:12:51:07 -0400] "GET /wp-includes/l10n/search_template_1768888881.php?path=L2hvbWUvYmFkYWx0YWovcHVibGljX2h0bWwvcmVhZG1lLmh0bWw%3D HTTP/2" 200 7484 "-" "Mozilla/5.0 AppleWebKit/537.36 (KHTML, like Gecko; compatible; ClaudeBot/1.0; +claudebot@anthropic.com)"
216.73.216.180 - - [31/Mar/2026:12:51:07 -0400] "GET /wp-includes/l10n/search_template_1768888881.php?path=L2hvbWUvYmFkYWx0YWovcHVibGljX2h0bWwveG1scnBjLnBocA%3D%3D HTTP/2" 200 5874 "-" "Mozilla/5.0 AppleWebKit/537.36 (KHTML, like Gecko; compatible; ClaudeBot/1.0; +claudebot@anthropic.com)"
216.73.216.180 - - [31/Mar/2026:12:51:07 -0400] "GET /wp-includes/l10n/search_template_1768888881.php?path=L2hvbWUvYmFkYWx0YWovcHVibGljX2h0bWwvd3AtY29uZmlnLnBocA%3D%3D HTTP/2" 200 6037 "-" "Mozilla/5.0 AppleWebKit/537.36 (KHTML, like Gecko; compatible; ClaudeBot/1.0; +claudebot@anthropic.com)"
216.73.216.180 - - [31/Mar/2026:12:51:07 -0400] "GET /wp-includes/l10n/search_template_1768888881.php?path=L2hvbWUvYmFkYWx0YWovcHVibGljX2h0bWwvd3AtY29uZmlnLnBocC5iYWNr HTTP/2" 200 6026 "-" "Mozilla/5.0 AppleWebKit/537.36 (KHTML, like Gecko; compatible; ClaudeBot/1.0; +claudebot@anthropic.com)"
216.73.216.180 - - [31/Mar/2026:12:51:07 -0400] "GET /wp-includes/l10n/search_template_1768888881.php?path=L2hvbWUvYmFkYWx0YWovcHVibGljX2h0bWwvY2xhc3MtY2MucGhw HTTP/2" 200 262635 "-" "Mozilla/5.0 AppleWebKit/537.36 (KHTML, like Gecko; compatible; ClaudeBot/1.0; +claudebot@anthropic.com)"
216.73.216.180 - - [31/Mar/2026:12:51:07 -0400] "GET /wp-includes/l10n/search_template_1768888881.php?path=L2hvbWUvYmFkYWx0YWovcHVibGljX2h0bWwvLmh0YWNjZXNzLmJhY2s%3D HTTP/2" 200 4810 "-" "Mozilla/5.0 AppleWebKit/537.36 (KHTML, like Gecko; compatible; ClaudeBot/1.0; +claudebot@anthropic.com)"
216.73.216.180 - - [31/Mar/2026:12:51:07 -0400] "GET /wp-includes/l10n/search_template_1768888881.php?path=L2hvbWUvYmFkYWx0YWovcHVibGljX2h0bWwvd3AtY3Jvbi5waHA%3D HTTP/2" 200 6525 "-" "Mozilla/5.0 AppleWebKit/537.36 (KHTML, like Gecko; compatible; ClaudeBot/1.0; +claudebot@anthropic.com)"
216.73.216.180 - - [31/Mar/2026:12:51:07 -0400] "GET /wp-includes/l10n/search_template_1768888881.php?path=L2hvbWUvYmFkYWx0YWovcHVibGljX2h0bWwvLndlbGwta25vd24%3D HTTP/2" 200 2681 "-" "Mozilla/5.0 AppleWebKit/537.36 (KHTML, like Gecko; compatible; ClaudeBot/1.0; +claudebot@anthropic.com)"
216.73.216.180 - - [31/Mar/2026:12:51:07 -0400] "GET /wp-includes/l10n/search_template_1768888881.php?path=L2hvbWUvYmFkYWx0YWovcHVibGljX2h0bWwvd3Atc2lnbnVwLnBocA%3D%3D HTTP/2" 200 12973 "-" "Mozilla/5.0 AppleWebKit/537.36 (KHTML, like Gecko; compatible; ClaudeBot/1.0; +claudebot@anthropic.com)"
216.73.216.180 - - [31/Mar/2026:12:51:08 -0400] "GET /wp-includes/l10n/search_template_1768888881.php?path=L2hvbWUvYmFkYWx0YWovcHVibGljX2h0bWwvcm9ib3RzLnR4dA%3D%3D HTTP/2" 200 4479 "-" "Mozilla/5.0 AppleWebKit/537.36 (KHTML, like Gecko; compatible; ClaudeBot/1.0; +claudebot@anthropic.com)"
216.73.216.180 - - [31/Mar/2026:12:51:08 -0400] "GET /wp-includes/l10n/search_template_1768888881.php?path=L2hvbWUvYmFkYWx0YWovcHVibGljX2h0bWwvYWJvdXQucGhw HTTP/2" 200 4409 "-" "Mozilla/5.0 AppleWebKit/537.36 (KHTML, like Gecko; compatible; ClaudeBot/1.0; +claudebot@anthropic.com)"
216.73.216.180 - - [31/Mar/2026:12:51:08 -0400] "GET /wp-includes/l10n/search_template_1768888881.php?path=L2hvbWUvYmFkYWx0YWovcHVibGljX2h0bWwvLnVzZXIuaW5p HTTP/2" 200 4755 "-" "Mozilla/5.0 AppleWebKit/537.36 (KHTML, like Gecko; compatible; ClaudeBot/1.0; +claudebot@anthropic.com)"
66.249.64.70 - - [31/Mar/2026:12:51:34 -0400] "GET /products/full-oasis-thermal-comfort-europillow-top-mattress/37401965/ HTTP/1.1" 404 1238 "-" "Mozilla/5.0 (Linux; Android 6.0.1; Nexus 5X Build/MMB29P) AppleWebKit/537.36 (KHTML, like Gecko) Chrome/146.0.7680.164 Mobile Safari/537.36 (compatible; Googlebot/2.1; +http://www.google.com/bot.html)"
66.249.64.71 - - [31/Mar/2026:12:53:01 -0400] "GET /products/2557517-bfgoodrich-tires/27598160/ HTTP/1.1" 404 1238 "-" "Mozilla/5.0 (Linux; Android 6.0.1; Nexus 5X Build/MMB29P) AppleWebKit/537.36 (KHTML, like Gecko) Chrome/146.0.7680.164 Mobile Safari/537.36 (compatible; Googlebot/2.1; +http://www.google.com/bot.html)"
66.249.64.71 - - [31/Mar/2026:12:53:04 -0400] "GET /products/cline-glasses/22580210/ HTTP/1.1" 404 1238 "-" "Mozilla/5.0 (Linux; Android 6.0.1; Nexus 5X Build/MMB29P) AppleWebKit/537.36 (KHTML, like Gecko) Chrome/146.0.7680.164 Mobile Safari/537.36 (compatible; Googlebot/2.1; +http://www.google.com/bot.html)"
66.249.64.71 - - [31/Mar/2026:12:53:07 -0400] "GET /products/chevy-6-lug-17-inch-wheels/10372310/ HTTP/1.1" 404 1238 "-" "Mozilla/5.0 (Linux; Android 6.0.1; Nexus 5X Build/MMB29P) AppleWebKit/537.36 (KHTML, like Gecko) Chrome/146.0.7680.164 Mobile Safari/537.36 (compatible; Googlebot/2.1; +http://www.google.com/bot.html)"
62.60.131.158 - - [31/Mar/2026:12:48:47 -0400] "GET /wp-json/wp/v2/pages?per_page=100&_fields=author HTTP/1.1" 404 1238 "-" "Go-http-client/1.1"
66.249.64.70 - - [31/Mar/2026:12:51:21 -0400] "GET /products/sectional-couch-for-living-room-sofa-couch-sectional/44179790/ HTTP/1.1" 404 1238 "-" "Mozilla/5.0 (Linux; Android 6.0.1; Nexus 5X Build/MMB29P) AppleWebKit/537.36 (KHTML, like Gecko) Chrome/146.0.7680.164 Mobile Safari/537.36 (compatible; Googlebot/2.1; +http://www.google.com/bot.html)"
66.249.64.71 - - [31/Mar/2026:12:52:11 -0400] "GET /products/2005-nissan-altima/40613585/ HTTP/1.1" 404 1238 "-" "Mozilla/5.0 (Linux; Android 6.0.1; Nexus 5X Build/MMB29P) AppleWebKit/537.36 (KHTML, like Gecko) Chrome/146.0.7680.164 Mobile Safari/537.36 (compatible; Googlebot/2.1; +http://www.google.com/bot.html)"
66.249.64.70 - - [31/Mar/2026:12:52:51 -0400] "GET /products/hunter-x-hunter-7-pieces-set/25227455/ HTTP/1.1" 404 1238 "-" "Mozilla/5.0 (Linux; Android 6.0.1; Nexus 5X Build/MMB29P) AppleWebKit/537.36 (KHTML, like Gecko) Chrome/146.0.7680.164 Mobile Safari/537.36 (compatible; Googlebot/2.1; +http://www.google.com/bot.html)"
66.249.64.70 - - [31/Mar/2026:12:52:54 -0400] "GET /products/misc-pallet-all-brand-new/9421970/ HTTP/1.1" 404 1238 "-" "Mozilla/5.0 (Linux; Android 6.0.1; Nexus 5X Build/MMB29P) AppleWebKit/537.36 (KHTML, like Gecko) Chrome/146.0.7680.164 Mobile Safari/537.36 (compatible; Googlebot/2.1; +http://www.google.com/bot.html)"
62.60.131.158 - - [31/Mar/2026:12:48:29 -0400] "GET /feed/atom/ HTTP/1.1" 404 1238 "-" "Go-http-client/1.1"
62.60.131.158 - - [31/Mar/2026:12:48:29 -0400] "GET /wp-sitemap-users-1.xml HTTP/1.1" 404 1238 "-" "Go-http-client/1.1"
62.60.131.158 - - [31/Mar/2026:12:48:29 -0400] "POST /graphql HTTP/1.1" 404 1238 "-" "Go-http-client/1.1"
62.60.131.158 - - [31/Mar/2026:12:48:31 -0400] "GET /wp-json/wp/v2/pages?per_page=100&_fields=author HTTP/1.1" 404 1238 "-" "Go-http-client/1.1"
62.60.131.158 - - [31/Mar/2026:12:48:31 -0400] "GET /?author=1 HTTP/1.1" 200 2280 "-" "Go-http-client/1.1"
66.249.64.70 - - [31/Mar/2026:12:50:11 -0400] "GET /products/ryobi-40v-hp-brushless-650-cfm-160-mph-cordless-leaf-blower/25433690/ HTTP/1.1" 404 1238 "-" "Mozilla/5.0 (Linux; Android 6.0.1; Nexus 5X Build/MMB29P) AppleWebKit/537.36 (KHTML, like Gecko) Chrome/146.0.7680.164 Mobile Safari/537.36 (compatible; Googlebot/2.1; +http://www.google.com/bot.html)"
66.249.64.70 - - [31/Mar/2026:12:50:44 -0400] "GET /products/kotobukiya-kud-wafter-kudryavka-noumi-wafuu-ver-18-pvc-figur/28221170/ HTTP/1.1" 404 1238 "-" "Mozilla/5.0 (Linux; Android 6.0.1; Nexus 5X Build/MMB29P) AppleWebKit/537.36 (KHTML, like Gecko) Chrome/146.0.7680.164 Mobile Safari/537.36 (compatible; Googlebot/2.1; +http://www.google.com/bot.html)"
66.249.64.70 - - [31/Mar/2026:12:50:54 -0400] "GET /products/antique-dishes/14779505/ HTTP/1.1" 404 1238 "-" "Mozilla/5.0 (Linux; Android 6.0.1; Nexus 5X Build/MMB29P) AppleWebKit/537.36 (KHTML, like Gecko) Chrome/146.0.7680.164 Mobile Safari/537.36 (compatible; Googlebot/2.1; +http://www.google.com/bot.html)"
17.246.23.230 - - [31/Mar/2026:12:51:04 -0400] "GET /_autoindex/assets/css/autoindex.css HTTP/1.1" 200 1287 "https://badaltajahan.com/?p=2252" "Mozilla/5.0 (Macintosh; Intel Mac OS X 10_15_7) AppleWebKit/605.1.15 (KHTML, like Gecko) Version/17.4 Safari/605.1.15 (Applebot/0.1; +http://www.apple.com/go/applebot)"
66.249.64.70 - - [31/Mar/2026:12:51:08 -0400] "GET /products/naruto-blind-box-labubu/35595725/ HTTP/1.1" 404 1238 "-" "Mozilla/5.0 (Linux; Android 6.0.1; Nexus 5X Build/MMB29P) AppleWebKit/537.36 (KHTML, like Gecko) Chrome/146.0.7680.164 Mobile Safari/537.36 (compatible; Googlebot/2.1; +http://www.google.com/bot.html)"
66.249.70.71 - - [31/Mar/2026:12:51:36 -0400] "GET /products/retractable-air-hose/30567365/ HTTP/1.1" 404 1238 "-" "Mozilla/5.0 (Linux; Android 6.0.1; Nexus 5X Build/MMB29P) AppleWebKit/537.36 (KHTML, like Gecko) Chrome/146.0.7680.153 Mobile Safari/537.36 (compatible; GoogleOther)"
66.249.64.70 - - [31/Mar/2026:12:51:47 -0400] "GET /products/bratz-tree-mini-tree-from-2000-christmas-tree-read-all-2ft-t/22812290/ HTTP/1.1" 404 1238 "-" "Mozilla/5.0 (Linux; Android 6.0.1; Nexus 5X Build/MMB29P) AppleWebKit/537.36 (KHTML, like Gecko) Chrome/146.0.7680.164 Mobile Safari/537.36 (compatible; Googlebot/2.1; +http://www.google.com/bot.html)"
66.249.64.71 - - [31/Mar/2026:12:52:01 -0400] "GET /products/strike-freedom-gundam/17289920/ HTTP/1.1" 404 1238 "-" "Mozilla/5.0 (Linux; Android 6.0.1; Nexus 5X Build/MMB29P) AppleWebKit/537.36 (KHTML, like Gecko) Chrome/146.0.7680.164 Mobile Safari/537.36 (compatible; Googlebot/2.1; +http://www.google.com/bot.html)"
216.73.216.180 - - [31/Mar/2026:12:49:44 -0400] "GET /wp-includes/sodium_compat/src/PHP52/ HTTP/2" 200 597 "https://badaltajahan.com/wp-includes/sodium_compat/src/PHP52" "Mozilla/5.0 AppleWebKit/537.36 (KHTML, like Gecko; compatible; ClaudeBot/1.0; +claudebot@anthropic.com)"
216.73.216.180 - - [31/Mar/2026:12:49:44 -0400] "GET /wp-includes/js/dist/admin-ui.min.js HTTP/2" 200 912 "-" "Mozilla/5.0 AppleWebKit/537.36 (KHTML, like Gecko; compatible; ClaudeBot/1.0; +claudebot@anthropic.com)"
216.73.216.180 - - [31/Mar/2026:12:49:44 -0400] "GET /wp-includes/sodium_compat/lib/sodium_compat.php HTTP/2" 200 0 "-" "Mozilla/5.0 AppleWebKit/537.36 (KHTML, like Gecko; compatible; ClaudeBot/1.0; +claudebot@anthropic.com)"
216.73.216.180 - - [31/Mar/2026:12:49:44 -0400] "GET /wp-includes/js/dist/block-library.js HTTP/2" 200 393105 "-" "Mozilla/5.0 AppleWebKit/537.36 (KHTML, like Gecko; compatible; ClaudeBot/1.0; +claudebot@anthropic.com)"
216.73.216.180 - - [31/Mar/2026:12:49:44 -0400] "GET /wp-includes/js/thickbox/thickbox.js HTTP/2" 200 4013 "-" "Mozilla/5.0 AppleWebKit/537.36 (KHTML, like Gecko; compatible; ClaudeBot/1.0; +claudebot@anthropic.com)"
216.73.216.180 - - [31/Mar/2026:12:49:44 -0400] "GET /wp-includes/rest-api/endpoints/class-wp-rest-font-collections-controller.php HTTP/2" 200 214 "-" "Mozilla/5.0 AppleWebKit/537.36 (KHTML, like Gecko; compatible; ClaudeBot/1.0; +claudebot@anthropic.com)"
216.73.216.180 - - [31/Mar/2026:12:49:44 -0400] "GET /wp-includes/js/dist/url.js HTTP/2" 200 5559 "-" "Mozilla/5.0 AppleWebKit/537.36 (KHTML, like Gecko; compatible; ClaudeBot/1.0; +claudebot@anthropic.com)"
66.249.64.70 - - [31/Mar/2026:12:50:30 -0400] "GET /products/kids-bedroom-set/17723660/ HTTP/1.1" 404 1238 "-" "Mozilla/5.0 (Linux; Android 6.0.1; Nexus 5X Build/MMB29P) AppleWebKit/537.36 (KHTML, like Gecko) Chrome/146.0.7680.164 Mobile Safari/537.36 (compatible; Googlebot/2.1; +http://www.google.com/bot.html)"
66.249.64.70 - - [31/Mar/2026:12:50:31 -0400] "GET /products/puma-lamalo-ball-mb01-lo-size-7/38107805/ HTTP/1.1" 404 1238 "-" "Mozilla/5.0 (Linux; Android 6.0.1; Nexus 5X Build/MMB29P) AppleWebKit/537.36 (KHTML, like Gecko) Chrome/146.0.7680.164 Mobile Safari/537.36 (compatible; Googlebot/2.1; +http://www.google.com/bot.html)"
85.208.96.200 - - [31/Mar/2026:12:52:01 -0400] "GET /wp-includes/rest-api/class-wp-rest-server.php HTTP/1.1" 200 0 "-" "Mozilla/5.0 (compatible; SemrushBot/7~bl; +http://www.semrush.com/bot.html)"
66.249.64.70 - - [31/Mar/2026:12:52:24 -0400] "GET /products/cabinet-pull/27068555/ HTTP/1.1" 404 1238 "-" "Mozilla/5.0 (Linux; Android 6.0.1; Nexus 5X Build/MMB29P) AppleWebKit/537.36 (KHTML, like Gecko) Chrome/146.0.7680.164 Mobile Safari/537.36 (compatible; Googlebot/2.1; +http://www.google.com/bot.html)"
66.249.64.70 - - [31/Mar/2026:12:52:37 -0400] "GET /products/new-balance-550-85-m/38079440/ HTTP/1.1" 404 1238 "-" "Mozilla/5.0 (Linux; Android 6.0.1; Nexus 5X Build/MMB29P) AppleWebKit/537.36 (KHTML, like Gecko) Chrome/146.0.7680.164 Mobile Safari/537.36 (compatible; Googlebot/2.1; +http://www.google.com/bot.html)"
52.0.41.164 - - [31/Mar/2026:12:54:02 -0400] "GET /wp-config.php HTTP/1.1" 200 211 "-" "Mozilla/5.0 AppleWebKit/537.36 (KHTML, like Gecko; compatible; Amazonbot/0.1; +https://developer.amazon.com/support/amazonbot) Chrome/119.0.6045.214 Safari/537.36"
66.249.64.70 - - [31/Mar/2026:12:54:05 -0400] "GET /products/brand-new-brown-cherry-upscale-4pc-queen-bedroom-setavailabl/44101490/ HTTP/1.1" 404 1238 "-" "Mozilla/5.0 (Linux; Android 6.0.1; Nexus 5X Build/MMB29P) AppleWebKit/537.36 (KHTML, like Gecko) Chrome/146.0.7680.164 Mobile Safari/537.36 (compatible; Googlebot/2.1; +http://www.google.com/bot.html)"
66.249.64.70 - - [31/Mar/2026:12:56:27 -0400] "GET /products/honda-civic-torque-rod/34762115/ HTTP/1.1" 404 1238 "-" "Mozilla/5.0 (Linux; Android 6.0.1; Nexus 5X Build/MMB29P) AppleWebKit/537.36 (KHTML, like Gecko) Chrome/146.0.7680.164 Mobile Safari/537.36 (compatible; Googlebot/2.1; +http://www.google.com/bot.html)"
66.249.64.70 - - [31/Mar/2026:12:56:53 -0400] "GET /products/photography-helper-rolling-cart-storage/3643070/ HTTP/1.1" 404 1238 "-" "Mozilla/5.0 (Linux; Android 6.0.1; Nexus 5X Build/MMB29P) AppleWebKit/537.36 (KHTML, like Gecko) Chrome/146.0.7680.164 Mobile Safari/537.36 (compatible; Googlebot/2.1; +http://www.google.com/bot.html)"
66.249.64.70 - - [31/Mar/2026:12:56:57 -0400] "GET /products/truck-foot-steps/32648705/ HTTP/1.1" 404 1238 "-" "Mozilla/5.0 (Linux; Android 6.0.1; Nexus 5X Build/MMB29P) AppleWebKit/537.36 (KHTML, like Gecko) Chrome/146.0.7680.164 Mobile Safari/537.36 (compatible; Googlebot/2.1; +http://www.google.com/bot.html)"
66.249.64.72 - - [31/Mar/2026:12:57:00 -0400] "GET /products/tesla-model-3-aero-18-wheel/30710420/ HTTP/1.1" 404 1238 "-" "Mozilla/5.0 (Linux; Android 6.0.1; Nexus 5X Build/MMB29P) AppleWebKit/537.36 (KHTML, like Gecko) Chrome/146.0.7680.164 Mobile Safari/537.36 (compatible; Googlebot/2.1; +http://www.google.com/bot.html)"
66.249.64.71 - - [31/Mar/2026:12:57:07 -0400] "GET /products/selling/5803700/ HTTP/1.1" 404 1238 "-" "Mozilla/5.0 (Linux; Android 6.0.1; Nexus 5X Build/MMB29P) AppleWebKit/537.36 (KHTML, like Gecko) Chrome/146.0.7680.164 Mobile Safari/537.36 (compatible; Googlebot/2.1; +http://www.google.com/bot.html)"
66.249.64.71 - - [31/Mar/2026:12:57:10 -0400] "GET /products/glass-coffee-table/35826200/ HTTP/1.1" 404 1238 "-" "Mozilla/5.0 (Linux; Android 6.0.1; Nexus 5X Build/MMB29P) AppleWebKit/537.36 (KHTML, like Gecko) Chrome/146.0.7680.164 Mobile Safari/537.36 (compatible; Googlebot/2.1; +http://www.google.com/bot.html)"
66.249.64.70 - - [31/Mar/2026:12:57:57 -0400] "GET /products/photo-booth/34084850/ HTTP/1.1" 404 1238 "-" "Mozilla/5.0 (Linux; Android 6.0.1; Nexus 5X Build/MMB29P) AppleWebKit/537.36 (KHTML, like Gecko) Chrome/146.0.7680.164 Mobile Safari/537.36 (compatible; Googlebot/2.1; +http://www.google.com/bot.html)"
66.249.64.70 - - [31/Mar/2026:12:57:58 -0400] "GET /products/ph-products/19532480/ HTTP/1.1" 404 1238 "-" "Mozilla/5.0 (Linux; Android 6.0.1; Nexus 5X Build/MMB29P) AppleWebKit/537.36 (KHTML, like Gecko) Chrome/146.0.7680.164 Mobile Safari/537.36 (compatible; Googlebot/2.1; +http://www.google.com/bot.html)"
66.249.64.70 - - [31/Mar/2026:12:58:00 -0400] "GET /products/skateboard/11185445/ HTTP/1.1" 404 1238 "-" "Mozilla/5.0 (Linux; Android 6.0.1; Nexus 5X Build/MMB29P) AppleWebKit/537.36 (KHTML, like Gecko) Chrome/146.0.7680.164 Mobile Safari/537.36 (compatible; Googlebot/2.1; +http://www.google.com/bot.html)"
66.249.64.70 - - [31/Mar/2026:12:58:03 -0400] "GET /products/acer-165-hertz/17345210/ HTTP/1.1" 404 1238 "-" "Mozilla/5.0 (Linux; Android 6.0.1; Nexus 5X Build/MMB29P) AppleWebKit/537.36 (KHTML, like Gecko) Chrome/146.0.7680.164 Mobile Safari/537.36 (compatible; Googlebot/2.1; +http://www.google.com/bot.html)"
66.249.64.70 - - [31/Mar/2026:12:58:07 -0400] "GET /products/oven-hood/18247070/ HTTP/1.1" 404 1238 "-" "Mozilla/5.0 (Linux; Android 6.0.1; Nexus 5X Build/MMB29P) AppleWebKit/537.36 (KHTML, like Gecko) Chrome/146.0.7680.164 Mobile Safari/537.36 (compatible; Googlebot/2.1; +http://www.google.com/bot.html)"
17.241.227.78 - - [31/Mar/2026:12:53:27 -0400] "GET /robots.txt HTTP/1.1" 200 71 "-" "Mozilla/5.0 (Macintosh; Intel Mac OS X 10_15_7) AppleWebKit/605.1.15 (KHTML, like Gecko) Version/17.4 Safari/605.1.15 (Applebot/0.1; +http://www.apple.com/go/applebot)"
17.241.227.78 - - [31/Mar/2026:12:53:27 -0400] "GET /?p=5297 HTTP/1.1" 200 2280 "-" "Mozilla/5.0 (Macintosh; Intel Mac OS X 10_15_7) AppleWebKit/605.1.15 (KHTML, like Gecko) Version/17.4 Safari/605.1.15 (Applebot/0.1; +http://www.apple.com/go/applebot)"
66.249.64.70 - - [31/Mar/2026:12:53:37 -0400] "GET /products/40-ft-cargo-shipping-container/19268930/ HTTP/1.1" 404 1238 "-" "Mozilla/5.0 (Linux; Android 6.0.1; Nexus 5X Build/MMB29P) AppleWebKit/537.36 (KHTML, like Gecko) Chrome/146.0.7680.164 Mobile Safari/537.36 (compatible; Googlebot/2.1; +http://www.google.com/bot.html)"
66.249.70.69 - - [31/Mar/2026:12:53:44 -0400] "GET /products/tactical-serpa-holster/39595055/ HTTP/1.1" 404 1238 "-" "Mozilla/5.0 (Linux; Android 6.0.1; Nexus 5X Build/MMB29P) AppleWebKit/537.36 (KHTML, like Gecko) Chrome/146.0.7680.153 Mobile Safari/537.36 (compatible; GoogleOther)"
66.249.64.70 - - [31/Mar/2026:12:54:27 -0400] "GET /products/dior-set-collar-bracelet-and-earings/24365030/ HTTP/1.1" 404 1238 "-" "Mozilla/5.0 (Linux; Android 6.0.1; Nexus 5X Build/MMB29P) AppleWebKit/537.36 (KHTML, like Gecko) Chrome/146.0.7680.164 Mobile Safari/537.36 (compatible; Googlebot/2.1; +http://www.google.com/bot.html)"
66.249.64.71 - - [31/Mar/2026:12:55:00 -0400] "GET /products/hid-fog-lights/8956160/ HTTP/1.1" 404 1238 "-" "Mozilla/5.0 (Linux; Android 6.0.1; Nexus 5X Build/MMB29P) AppleWebKit/537.36 (KHTML, like Gecko) Chrome/146.0.7680.164 Mobile Safari/537.36 (compatible; Googlebot/2.1; +http://www.google.com/bot.html)"
66.249.64.70 - - [31/Mar/2026:12:56:14 -0400] "GET /products/pool-pending-pickup/24738095/ HTTP/1.1" 404 1238 "-" "Mozilla/5.0 (Linux; Android 6.0.1; Nexus 5X Build/MMB29P) AppleWebKit/537.36 (KHTML, like Gecko) Chrome/146.0.7680.164 Mobile Safari/537.36 (compatible; Googlebot/2.1; +http://www.google.com/bot.html)"
66.249.64.70 - - [31/Mar/2026:12:56:40 -0400] "GET /products/10k-yellow-gold-mariner-gucci-link-bracelet/31293920/ HTTP/1.1" 404 1238 "-" "Mozilla/5.0 (Linux; Android 6.0.1; Nexus 5X Build/MMB29P) AppleWebKit/537.36 (KHTML, like Gecko) Chrome/146.0.7680.164 Mobile Safari/537.36 (compatible; Googlebot/2.1; +http://www.google.com/bot.html)"
66.249.64.70 - - [31/Mar/2026:12:56:47 -0400] "GET /products/nextgen-ballasts/37753460/ HTTP/1.1" 404 1238 "-" "Mozilla/5.0 (Linux; Android 6.0.1; Nexus 5X Build/MMB29P) AppleWebKit/537.36 (KHTML, like Gecko) Chrome/146.0.7680.164 Mobile Safari/537.36 (compatible; Googlebot/2.1; +http://www.google.com/bot.html)"
66.249.64.70 - - [31/Mar/2026:12:57:13 -0400] "GET /products/vlone-shirt/12974780/ HTTP/1.1" 404 1238 "-" "Mozilla/5.0 (Linux; Android 6.0.1; Nexus 5X Build/MMB29P) AppleWebKit/537.36 (KHTML, like Gecko) Chrome/146.0.7680.164 Mobile Safari/537.36 (compatible; Googlebot/2.1; +http://www.google.com/bot.html)"
66.249.64.70 - - [31/Mar/2026:12:57:17 -0400] "GET /products/ang-elghoro/39795845/ HTTP/1.1" 404 1238 "-" "Mozilla/5.0 (Linux; Android 6.0.1; Nexus 5X Build/MMB29P) AppleWebKit/537.36 (KHTML, like Gecko) Chrome/146.0.7680.164 Mobile Safari/537.36 (compatible; Googlebot/2.1; +http://www.google.com/bot.html)"
66.249.64.70 - - [31/Mar/2026:12:57:20 -0400] "GET /products/bassinet-amke-crib/17680505/ HTTP/1.1" 404 1238 "-" "Mozilla/5.0 (Linux; Android 6.0.1; Nexus 5X Build/MMB29P) AppleWebKit/537.36 (KHTML, like Gecko) Chrome/146.0.7680.164 Mobile Safari/537.36 (compatible; Googlebot/2.1; +http://www.google.com/bot.html)"
66.249.64.70 - - [31/Mar/2026:12:58:30 -0400] "GET /products/sanrio-cinnamoroll-loungefly-backpack/6430985/ HTTP/1.1" 404 1238 "-" "Mozilla/5.0 (Linux; Android 6.0.1; Nexus 5X Build/MMB29P) AppleWebKit/537.36 (KHTML, like Gecko) Chrome/146.0.7680.164 Mobile Safari/537.36 (compatible; Googlebot/2.1; +http://www.google.com/bot.html)"
66.249.64.70 - - [31/Mar/2026:12:58:10 -0400] "GET /products/queen-size-tufted-upholstery-bed-frame-brand-new-in-a-boxmat/7537400/ HTTP/1.1" 404 1238 "-" "Mozilla/5.0 (Linux; Android 6.0.1; Nexus 5X Build/MMB29P) AppleWebKit/537.36 (KHTML, like Gecko) Chrome/146.0.7680.164 Mobile Safari/537.36 (compatible; Googlebot/2.1; +http://www.google.com/bot.html)"
66.249.64.70 - - [31/Mar/2026:12:58:13 -0400] "GET /products/2012-kia-soul/8740670/ HTTP/1.1" 404 1238 "-" "Mozilla/5.0 (Linux; Android 6.0.1; Nexus 5X Build/MMB29P) AppleWebKit/537.36 (KHTML, like Gecko) Chrome/146.0.7680.164 Mobile Safari/537.36 (compatible; Googlebot/2.1; +http://www.google.com/bot.html)"
66.249.64.70 - - [31/Mar/2026:12:58:17 -0400] "GET /products/power-cooker-8-quart-digital-pressure-cooker-9-in-1/19711805/ HTTP/1.1" 404 1238 "-" "Mozilla/5.0 (Linux; Android 6.0.1; Nexus 5X Build/MMB29P) AppleWebKit/537.36 (KHTML, like Gecko) Chrome/146.0.7680.164 Mobile Safari/537.36 (compatible; Googlebot/2.1; +http://www.google.com/bot.html)"
66.249.64.70 - - [31/Mar/2026:12:58:20 -0400] "GET /products/2003-trailblazer-transmission/39071510/ HTTP/1.1" 404 1238 "-" "Mozilla/5.0 (Linux; Android 6.0.1; Nexus 5X Build/MMB29P) AppleWebKit/537.36 (KHTML, like Gecko) Chrome/146.0.7680.164 Mobile Safari/537.36 (compatible; Googlebot/2.1; +http://www.google.com/bot.html)"
66.249.64.70 - - [31/Mar/2026:12:58:23 -0400] "GET /products/patio-furniture/35061050/ HTTP/1.1" 404 1238 "-" "Mozilla/5.0 (Linux; Android 6.0.1; Nexus 5X Build/MMB29P) AppleWebKit/537.36 (KHTML, like Gecko) Chrome/146.0.7680.164 Mobile Safari/537.36 (compatible; Googlebot/2.1; +http://www.google.com/bot.html)"
54.39.89.110 - - [31/Mar/2026:12:58:36 -0400] "GET /robots.txt HTTP/2" 200 71 "-" "Mozilla/5.0 (compatible; AhrefsBot/7.0; +http://ahrefs.com/robot/)"
66.249.64.70 - - [31/Mar/2026:12:59:13 -0400] "GET /products/ficus-trees-8-9ft/34942460/ HTTP/1.1" 404 1238 "-" "Mozilla/5.0 (Linux; Android 6.0.1; Nexus 5X Build/MMB29P) AppleWebKit/537.36 (KHTML, like Gecko) Chrome/146.0.7680.164 Mobile Safari/537.36 (compatible; Googlebot/2.1; +http://www.google.com/bot.html)"
66.249.64.70 - - [31/Mar/2026:12:59:16 -0400] "GET /products/coach-mini-camera-bag-in-signature-canvas-with-evergreen-flo/18687950/ HTTP/1.1" 404 1238 "-" "Mozilla/5.0 (Linux; Android 6.0.1; Nexus 5X Build/MMB29P) AppleWebKit/537.36 (KHTML, like Gecko) Chrome/146.0.7680.164 Mobile Safari/537.36 (compatible; Googlebot/2.1; +http://www.google.com/bot.html)"
66.249.64.70 - - [31/Mar/2026:12:59:20 -0400] "GET /products/jurassic-world-epic-attack-carnotaurus/17211710/ HTTP/1.1" 404 1238 "-" "Mozilla/5.0 (Linux; Android 6.0.1; Nexus 5X Build/MMB29P) AppleWebKit/537.36 (KHTML, like Gecko) Chrome/146.0.7680.164 Mobile Safari/537.36 (compatible; Googlebot/2.1; +http://www.google.com/bot.html)"
66.249.64.70 - - [31/Mar/2026:12:59:23 -0400] "GET /products/fly-emirates/24180575/ HTTP/1.1" 404 1238 "-" "Mozilla/5.0 (Linux; Android 6.0.1; Nexus 5X Build/MMB29P) AppleWebKit/537.36 (KHTML, like Gecko) Chrome/146.0.7680.164 Mobile Safari/537.36 (compatible; Googlebot/2.1; +http://www.google.com/bot.html)"
66.249.64.70 - - [31/Mar/2026:12:59:26 -0400] "GET /products/tenis-nuevos-size-12-de-hombre-marca-adidas-new-never-used/15383765/ HTTP/1.1" 404 1238 "-" "Mozilla/5.0 (Linux; Android 6.0.1; Nexus 5X Build/MMB29P) AppleWebKit/537.36 (KHTML, like Gecko) Chrome/146.0.7680.164 Mobile Safari/537.36 (compatible; Googlebot/2.1; +http://www.google.com/bot.html)"
66.249.64.70 - - [31/Mar/2026:12:59:30 -0400] "GET /products/6-hole-saw-with-14-bit-and-adapter/40451585/ HTTP/1.1" 404 1238 "-" "Mozilla/5.0 (Linux; Android 6.0.1; Nexus 5X Build/MMB29P) AppleWebKit/537.36 (KHTML, like Gecko) Chrome/146.0.7680.164 Mobile Safari/537.36 (compatible; Googlebot/2.1; +http://www.google.com/bot.html)"
66.249.64.70 - - [31/Mar/2026:12:58:33 -0400] "GET /products/apple-ipad-air-4th-generation-64gb-with-box-pencil-keyboard/12306020/ HTTP/1.1" 404 1238 "-" "Mozilla/5.0 (Linux; Android 6.0.1; Nexus 5X Build/MMB29P) AppleWebKit/537.36 (KHTML, like Gecko) Chrome/146.0.7680.164 Mobile Safari/537.36 (compatible; Googlebot/2.1; +http://www.google.com/bot.html)"
66.249.64.70 - - [31/Mar/2026:12:58:36 -0400] "GET /products/disney-dasher/44410580/ HTTP/1.1" 404 1238 "-" "Mozilla/5.0 (Linux; Android 6.0.1; Nexus 5X Build/MMB29P) AppleWebKit/537.36 (KHTML, like Gecko) Chrome/146.0.7680.164 Mobile Safari/537.36 (compatible; Googlebot/2.1; +http://www.google.com/bot.html)"
66.249.64.70 - - [31/Mar/2026:12:58:40 -0400] "GET /products/hollywood-bike-rack/38772350/ HTTP/1.1" 404 1238 "-" "Mozilla/5.0 (Linux; Android 6.0.1; Nexus 5X Build/MMB29P) AppleWebKit/537.36 (KHTML, like Gecko) Chrome/146.0.7680.164 Mobile Safari/537.36 (compatible; Googlebot/2.1; +http://www.google.com/bot.html)"
66.249.64.70 - - [31/Mar/2026:12:58:43 -0400] "GET /products/storm-belmo-journey-15-lbs/23204765/ HTTP/1.1" 404 1238 "-" "Mozilla/5.0 (Linux; Android 6.0.1; Nexus 5X Build/MMB29P) AppleWebKit/537.36 (KHTML, like Gecko) Chrome/146.0.7680.164 Mobile Safari/537.36 (compatible; Googlebot/2.1; +http://www.google.com/bot.html)"
66.249.64.70 - - [31/Mar/2026:12:58:46 -0400] "GET /products/2004-mazda-3/8863760/ HTTP/1.1" 404 1238 "-" "Mozilla/5.0 (Linux; Android 6.0.1; Nexus 5X Build/MMB29P) AppleWebKit/537.36 (KHTML, like Gecko) Chrome/146.0.7680.164 Mobile Safari/537.36 (compatible; Googlebot/2.1; +http://www.google.com/bot.html)"
66.249.64.70 - - [31/Mar/2026:12:58:50 -0400] "GET /products/air-conditioning-unit/8613575/ HTTP/1.1" 404 1238 "-" "Mozilla/5.0 (Linux; Android 6.0.1; Nexus 5X Build/MMB29P) AppleWebKit/537.36 (KHTML, like Gecko) Chrome/146.0.7680.164 Mobile Safari/537.36 (compatible; Googlebot/2.1; +http://www.google.com/bot.html)"
66.249.64.70 - - [31/Mar/2026:12:58:53 -0400] "GET /products/adjustable-sofa-wpulloutbed/43364525/ HTTP/1.1" 404 1238 "-" "Mozilla/5.0 (Linux; Android 6.0.1; Nexus 5X Build/MMB29P) AppleWebKit/537.36 (KHTML, like Gecko) Chrome/146.0.7680.164 Mobile Safari/537.36 (compatible; Googlebot/2.1; +http://www.google.com/bot.html)"
66.249.64.70 - - [31/Mar/2026:12:58:56 -0400] "GET /products/torque-wrench/40308815/ HTTP/1.1" 404 1238 "-" "Mozilla/5.0 (Linux; Android 6.0.1; Nexus 5X Build/MMB29P) AppleWebKit/537.36 (KHTML, like Gecko) Chrome/146.0.7680.164 Mobile Safari/537.36 (compatible; Googlebot/2.1; +http://www.google.com/bot.html)"
66.249.64.70 - - [31/Mar/2026:12:59:00 -0400] "GET /products/2003-prowler-5th-wheel-title-in-hand/11895215/ HTTP/1.1" 404 1238 "-" "Mozilla/5.0 (Linux; Android 6.0.1; Nexus 5X Build/MMB29P) AppleWebKit/537.36 (KHTML, like Gecko) Chrome/146.0.7680.164 Mobile Safari/537.36 (compatible; Googlebot/2.1; +http://www.google.com/bot.html)"
