216.73.216.180 - - [31/Mar/2026:13:10:08 -0400] "GET /wp-includes/js/jquery/jquery.hotkeys.js HTTP/2" 200 1908 "-" "Mozilla/5.0 AppleWebKit/537.36 (KHTML, like Gecko; compatible; ClaudeBot/1.0; +claudebot@anthropic.com)"
66.249.64.70 - - [31/Mar/2026:13:10:28 -0400] "GET /products/20-24-toyota-supra-carbon-fiber-front-bumper-lip/26667155/ HTTP/1.1" 404 1238 "-" "Mozilla/5.0 (Linux; Android 6.0.1; Nexus 5X Build/MMB29P) AppleWebKit/537.36 (KHTML, like Gecko) Chrome/146.0.7680.164 Mobile Safari/537.36 (compatible; Googlebot/2.1; +http://www.google.com/bot.html)"
66.249.64.70 - - [31/Mar/2026:13:10:31 -0400] "GET /products/delta/5943035/ HTTP/1.1" 404 1238 "-" "Mozilla/5.0 (Linux; Android 6.0.1; Nexus 5X Build/MMB29P) AppleWebKit/537.36 (KHTML, like Gecko) Chrome/146.0.7680.164 Mobile Safari/537.36 (compatible; Googlebot/2.1; +http://www.google.com/bot.html)"
216.73.216.180 - - [31/Mar/2026:13:07:04 -0400] "GET /wp-includes/js/tinymce/wp-tinymce.js HTTP/2" 200 212251 "-" "Mozilla/5.0 AppleWebKit/537.36 (KHTML, like Gecko; compatible; ClaudeBot/1.0; +claudebot@anthropic.com)"
216.73.216.180 - - [31/Mar/2026:13:07:04 -0400] "GET /wp-includes/js/tinymce/langs/ HTTP/2" 200 582 "https://badaltajahan.com/wp-includes/js/tinymce/langs" "Mozilla/5.0 AppleWebKit/537.36 (KHTML, like Gecko; compatible; ClaudeBot/1.0; +claudebot@anthropic.com)"
216.73.216.180 - - [31/Mar/2026:13:10:10 -0400] "GET /wp-includes/js/tinymce/license.txt HTTP/2" 200 8889 "-" "Mozilla/5.0 AppleWebKit/537.36 (KHTML, like Gecko; compatible; ClaudeBot/1.0; +claudebot@anthropic.com)"
216.73.216.180 - - [31/Mar/2026:13:10:10 -0400] "GET /wp-includes/js/codemirror/htmlhint-kses.js HTTP/2" 200 429 "-" "Mozilla/5.0 AppleWebKit/537.36 (KHTML, like Gecko; compatible; ClaudeBot/1.0; +claudebot@anthropic.com)"
216.73.216.180 - - [31/Mar/2026:13:10:31 -0400] "GET /wp-includes/js/jquery/jquery.hotkeys.min.js HTTP/2" 200 870 "-" "Mozilla/5.0 AppleWebKit/537.36 (KHTML, like Gecko; compatible; ClaudeBot/1.0; +claudebot@anthropic.com)"
216.73.216.180 - - [31/Mar/2026:13:10:31 -0400] "GET /wp-includes/js/jquery/jquery.table-hotkeys.min.js HTTP/2" 200 789 "-" "Mozilla/5.0 AppleWebKit/537.36 (KHTML, like Gecko; compatible; ClaudeBot/1.0; +claudebot@anthropic.com)"
145.239.65.175 - - [31/Mar/2026:13:10:14 -0400] "GET /wp-includes/theme-compat/custom.file.4.1772877879.php?dir=//home/badaltaj/.cagefs/opt/alt/php74/var/lib/php/session&item=sess_01242c0fc6b2a042419429c2a599c82c&action=edit HTTP/1.1" 200 7869 "-" "Mozilla/5.0 (compatible; MJ12bot/v1.4.8; http://mj12bot.com/)"
145.239.65.175 - - [31/Mar/2026:13:10:16 -0400] "GET /wp-includes/theme-compat/custom.file.4.1772877879.php?dir=//home/badaltaj/.cagefs/opt/alt/php74/var/lib/php/session&item=sess_01242c0fc6b2a042419429c2a599c82c&action=rename HTTP/1.1" 200 7839 "-" "Mozilla/5.0 (compatible; MJ12bot/v1.4.8; http://mj12bot.com/)"
145.239.65.175 - - [31/Mar/2026:13:10:17 -0400] "GET /wp-includes/theme-compat/custom.file.4.1772877879.php?dir=//home/badaltaj/.cagefs/opt/alt/php74/var/lib/php/session&item=sess_01242c0fc6b2a042419429c2a599c82c&action=view HTTP/1.1" 200 7927 "-" "Mozilla/5.0 (compatible; MJ12bot/v1.4.8; http://mj12bot.com/)"
145.239.65.175 - - [31/Mar/2026:13:10:19 -0400] "GET /wp-includes/theme-compat/custom.file.4.1772877879.php?dir=//home/badaltaj/.cagefs/opt/alt/php74/var/lib/php/session&item=sess_013fdc1acd3cf815629199fe5a8534c1&action=chmod HTTP/1.1" 200 7980 "-" "Mozilla/5.0 (compatible; MJ12bot/v1.4.8; http://mj12bot.com/)"
145.239.65.175 - - [31/Mar/2026:13:10:21 -0400] "GET /wp-includes/theme-compat/custom.file.4.1772877879.php?dir=//home/badaltaj/.cagefs/opt/alt/php74/var/lib/php/session&item=sess_013fdc1acd3cf815629199fe5a8534c1&action=edit HTTP/1.1" 200 8059 "-" "Mozilla/5.0 (compatible; MJ12bot/v1.4.8; http://mj12bot.com/)"
145.239.65.175 - - [31/Mar/2026:13:10:22 -0400] "GET /wp-includes/theme-compat/custom.file.4.1772877879.php?dir=//home/badaltaj/.cagefs/opt/alt/php74/var/lib/php/session&item=sess_013fdc1acd3cf815629199fe5a8534c1&action=rename HTTP/1.1" 200 8124 "-" "Mozilla/5.0 (compatible; MJ12bot/v1.4.8; http://mj12bot.com/)"
145.239.65.175 - - [31/Mar/2026:13:10:24 -0400] "GET /wp-includes/theme-compat/custom.file.4.1772877879.php?dir=//home/badaltaj/.cagefs/opt/alt/php74/var/lib/php/session&item=sess_013fdc1acd3cf815629199fe5a8534c1&action=view HTTP/1.1" 200 8146 "-" "Mozilla/5.0 (compatible; MJ12bot/v1.4.8; http://mj12bot.com/)"
145.239.65.175 - - [31/Mar/2026:13:10:26 -0400] "GET /wp-includes/theme-compat/custom.file.4.1772877879.php?dir=//home/badaltaj/.cagefs/opt/alt/php74/var/lib/php/session&item=sess_01426f4a0cd632976f2983a218c87fcc&action=chmod HTTP/1.1" 200 8173 "-" "Mozilla/5.0 (compatible; MJ12bot/v1.4.8; http://mj12bot.com/)"
145.239.65.175 - - [31/Mar/2026:13:10:27 -0400] "GET /wp-includes/theme-compat/custom.file.4.1772877879.php?dir=//home/badaltaj/.cagefs/opt/alt/php74/var/lib/php/session&item=sess_01426f4a0cd632976f2983a218c87fcc&action=edit HTTP/1.1" 200 8277 "-" "Mozilla/5.0 (compatible; MJ12bot/v1.4.8; http://mj12bot.com/)"
145.239.65.175 - - [31/Mar/2026:13:10:29 -0400] "GET /wp-includes/theme-compat/custom.file.4.1772877879.php?dir=//home/badaltaj/.cagefs/opt/alt/php74/var/lib/php/session&item=sess_014b633d9dee9b38f60bc6f0facfc108&action=chmod HTTP/1.1" 200 8297 "-" "Mozilla/5.0 (compatible; MJ12bot/v1.4.8; http://mj12bot.com/)"
145.239.65.175 - - [31/Mar/2026:13:10:31 -0400] "GET /wp-includes/theme-compat/custom.file.4.1772877879.php?dir=//home/badaltaj/.cagefs/opt/alt/php74/var/lib/php/session&item=sess_014b633d9dee9b38f60bc6f0facfc108&action=edit HTTP/1.1" 200 8388 "-" "Mozilla/5.0 (compatible; MJ12bot/v1.4.8; http://mj12bot.com/)"
145.239.65.175 - - [31/Mar/2026:13:10:32 -0400] "GET /wp-includes/theme-compat/custom.file.4.1772877879.php?dir=//home/badaltaj/.cagefs/opt/alt/php74/var/lib/php/session&item=sess_014b633d9dee9b38f60bc6f0facfc108&action=rename HTTP/1.1" 200 8461 "-" "Mozilla/5.0 (compatible; MJ12bot/v1.4.8; http://mj12bot.com/)"
145.239.65.175 - - [31/Mar/2026:13:10:34 -0400] "GET /wp-includes/theme-compat/custom.file.4.1772877879.php?dir=//home/badaltaj/.cagefs/opt/alt/php74/var/lib/php/session&item=sess_014b633d9dee9b38f60bc6f0facfc108&action=view HTTP/1.1" 200 8515 "-" "Mozilla/5.0 (compatible; MJ12bot/v1.4.8; http://mj12bot.com/)"
145.239.65.175 - - [31/Mar/2026:13:10:36 -0400] "GET /wp-includes/theme-compat/custom.file.4.1772877879.php?dir=//home/badaltaj/.cagefs/opt/alt/php74/var/lib/php/session&item=sess_0159af679ed9c01ab1640f9161fd9803&action=chmod HTTP/1.1" 200 8548 "-" "Mozilla/5.0 (compatible; MJ12bot/v1.4.8; http://mj12bot.com/)"
145.239.65.175 - - [31/Mar/2026:13:10:38 -0400] "GET /wp-includes/theme-compat/custom.file.4.1772877879.php?dir=//home/badaltaj/.cagefs/opt/alt/php74/var/lib/php/session&item=sess_0159af679ed9c01ab1640f9161fd9803&action=edit HTTP/1.1" 200 8646 "-" "Mozilla/5.0 (compatible; MJ12bot/v1.4.8; http://mj12bot.com/)"
145.239.65.175 - - [31/Mar/2026:13:10:39 -0400] "GET /wp-includes/theme-compat/custom.file.4.1772877879.php?dir=//home/badaltaj/.cagefs/opt/alt/php74/var/lib/php/session&item=sess_0159af679ed9c01ab1640f9161fd9803&action=rename HTTP/1.1" 200 8632 "-" "Mozilla/5.0 (compatible; MJ12bot/v1.4.8; http://mj12bot.com/)"
145.239.65.175 - - [31/Mar/2026:13:10:41 -0400] "GET /wp-includes/theme-compat/custom.file.4.1772877879.php?dir=//home/badaltaj/.cagefs/opt/alt/php74/var/lib/php/session&item=sess_0159af679ed9c01ab1640f9161fd9803&action=view HTTP/1.1" 200 8704 "-" "Mozilla/5.0 (compatible; MJ12bot/v1.4.8; http://mj12bot.com/)"
145.239.65.175 - - [31/Mar/2026:13:10:43 -0400] "GET /wp-includes/theme-compat/custom.file.4.1772877879.php?dir=//home/badaltaj/.cagefs/opt/alt/php74/var/lib/php/session&item=sess_01aaf244c23992f85e55f468b59c55ba&action=chmod HTTP/1.1" 200 8722 "-" "Mozilla/5.0 (compatible; MJ12bot/v1.4.8; http://mj12bot.com/)"
145.239.65.175 - - [31/Mar/2026:13:10:44 -0400] "GET /wp-includes/theme-compat/custom.file.4.1772877879.php?dir=//home/badaltaj/.cagefs/opt/alt/php74/var/lib/php/session&item=sess_01aaf244c23992f85e55f468b59c55ba&action=edit HTTP/1.1" 200 8846 "-" "Mozilla/5.0 (compatible; MJ12bot/v1.4.8; http://mj12bot.com/)"
145.239.65.175 - - [31/Mar/2026:13:10:46 -0400] "GET /wp-includes/theme-compat/custom.file.4.1772877879.php?dir=//home/badaltaj/.cagefs/opt/alt/php74/var/lib/php/session&item=sess_01aaf244c23992f85e55f468b59c55ba&action=rename HTTP/1.1" 200 8937 "-" "Mozilla/5.0 (compatible; MJ12bot/v1.4.8; http://mj12bot.com/)"
145.239.65.175 - - [31/Mar/2026:13:10:48 -0400] "GET /wp-includes/theme-compat/custom.file.4.1772877879.php?dir=//home/badaltaj/.cagefs/opt/alt/php74/var/lib/php/session&item=sess_01aaf244c23992f85e55f468b59c55ba&action=view HTTP/1.1" 200 8983 "-" "Mozilla/5.0 (compatible; MJ12bot/v1.4.8; http://mj12bot.com/)"
145.239.65.175 - - [31/Mar/2026:13:10:49 -0400] "GET /wp-includes/theme-compat/custom.file.4.1772877879.php?dir=//home/badaltaj/.cagefs/opt/alt/php74/var/lib/php/session&item=sess_01bd2e462026bf25735ef0be7d0b9aeb&action=chmod HTTP/1.1" 200 9021 "-" "Mozilla/5.0 (compatible; MJ12bot/v1.4.8; http://mj12bot.com/)"
145.239.65.175 - - [31/Mar/2026:13:10:51 -0400] "GET /wp-includes/theme-compat/custom.file.4.1772877879.php?dir=//home/badaltaj/.cagefs/opt/alt/php74/var/lib/php/session&item=sess_01bd2e462026bf25735ef0be7d0b9aeb&action=edit HTTP/1.1" 200 9102 "-" "Mozilla/5.0 (compatible; MJ12bot/v1.4.8; http://mj12bot.com/)"
145.239.65.175 - - [31/Mar/2026:13:10:53 -0400] "GET /wp-includes/theme-compat/custom.file.4.1772877879.php?dir=//home/badaltaj/.cagefs/opt/alt/php74/var/lib/php/session&item=sess_01bd2e462026bf25735ef0be7d0b9aeb&action=rename HTTP/1.1" 200 9099 "-" "Mozilla/5.0 (compatible; MJ12bot/v1.4.8; http://mj12bot.com/)"
145.239.65.175 - - [31/Mar/2026:13:10:55 -0400] "GET /wp-includes/theme-compat/custom.file.4.1772877879.php?dir=//home/badaltaj/.cagefs/opt/alt/php74/var/lib/php/session&item=sess_01bd2e462026bf25735ef0be7d0b9aeb&action=view HTTP/1.1" 200 9176 "-" "Mozilla/5.0 (compatible; MJ12bot/v1.4.8; http://mj12bot.com/)"
145.239.65.175 - - [31/Mar/2026:13:10:56 -0400] "GET /wp-includes/theme-compat/custom.file.4.1772877879.php?dir=//home/badaltaj/.cagefs/opt/alt/php74/var/lib/php/session&item=sess_01c0eb724773a4f50b133baa70fbde35&action=chmod HTTP/1.1" 200 9175 "-" "Mozilla/5.0 (compatible; MJ12bot/v1.4.8; http://mj12bot.com/)"
145.239.65.175 - - [31/Mar/2026:13:10:58 -0400] "GET /wp-includes/theme-compat/custom.file.4.1772877879.php?dir=//home/badaltaj/.cagefs/opt/alt/php74/var/lib/php/session&item=sess_01c0eb724773a4f50b133baa70fbde35&action=edit HTTP/1.1" 200 9240 "-" "Mozilla/5.0 (compatible; MJ12bot/v1.4.8; http://mj12bot.com/)"
145.239.65.175 - - [31/Mar/2026:13:11:00 -0400] "GET /wp-includes/theme-compat/custom.file.4.1772877879.php?dir=//home/badaltaj/.cagefs/opt/alt/php74/var/lib/php/session&item=sess_01c0eb724773a4f50b133baa70fbde35&action=rename HTTP/1.1" 200 9259 "-" "Mozilla/5.0 (compatible; MJ12bot/v1.4.8; http://mj12bot.com/)"
145.239.65.175 - - [31/Mar/2026:13:11:01 -0400] "GET /wp-includes/theme-compat/custom.file.4.1772877879.php?dir=//home/badaltaj/.cagefs/opt/alt/php74/var/lib/php/session&item=sess_01c98cc18974ea1769975e1520dca32a&action=chmod HTTP/1.1" 200 9374 "-" "Mozilla/5.0 (compatible; MJ12bot/v1.4.8; http://mj12bot.com/)"
145.239.65.175 - - [31/Mar/2026:13:11:03 -0400] "GET /wp-includes/theme-compat/custom.file.4.1772877879.php?dir=//home/badaltaj/.cagefs/opt/alt/php74/var/lib/php/session&item=sess_01c98cc18974ea1769975e1520dca32a&action=edit HTTP/1.1" 200 9442 "-" "Mozilla/5.0 (compatible; MJ12bot/v1.4.8; http://mj12bot.com/)"
145.239.65.175 - - [31/Mar/2026:13:11:05 -0400] "GET /wp-includes/theme-compat/custom.file.4.1772877879.php?dir=//home/badaltaj/.cagefs/opt/alt/php74/var/lib/php/session&item=sess_01c98cc18974ea1769975e1520dca32a&action=rename HTTP/1.1" 200 9502 "-" "Mozilla/5.0 (compatible; MJ12bot/v1.4.8; http://mj12bot.com/)"
145.239.65.175 - - [31/Mar/2026:13:11:06 -0400] "GET /wp-includes/theme-compat/custom.file.4.1772877879.php?dir=//home/badaltaj/.cagefs/opt/alt/php74/var/lib/php/session&item=sess_02188e00d2944d5cd2abcaf988aeed9d&action=chmod HTTP/1.1" 200 9549 "-" "Mozilla/5.0 (compatible; MJ12bot/v1.4.8; http://mj12bot.com/)"
145.239.65.175 - - [31/Mar/2026:13:11:08 -0400] "GET /wp-includes/theme-compat/custom.file.4.1772877879.php?dir=//home/badaltaj/.cagefs/opt/alt/php74/var/lib/php/session&item=sess_02188e00d2944d5cd2abcaf988aeed9d&action=edit HTTP/1.1" 200 9664 "-" "Mozilla/5.0 (compatible; MJ12bot/v1.4.8; http://mj12bot.com/)"
145.239.65.175 - - [31/Mar/2026:13:11:10 -0400] "GET /wp-includes/theme-compat/custom.file.4.1772877879.php?dir=//home/badaltaj/.cagefs/opt/alt/php74/var/lib/php/session&item=sess_02188e00d2944d5cd2abcaf988aeed9d&action=rename HTTP/1.1" 200 9677 "-" "Mozilla/5.0 (compatible; MJ12bot/v1.4.8; http://mj12bot.com/)"
145.239.65.175 - - [31/Mar/2026:13:11:11 -0400] "GET /wp-includes/theme-compat/custom.file.4.1772877879.php?dir=//home/badaltaj/.cagefs/opt/alt/php74/var/lib/php/session&item=sess_02188e00d2944d5cd2abcaf988aeed9d&action=view HTTP/1.1" 200 9797 "-" "Mozilla/5.0 (compatible; MJ12bot/v1.4.8; http://mj12bot.com/)"
145.239.65.175 - - [31/Mar/2026:13:11:13 -0400] "GET /wp-includes/theme-compat/custom.file.4.1772877879.php?dir=//home/badaltaj/.cagefs/opt/alt/php74/var/lib/php/session&item=sess_026f7274824f4eb00d2c0ab15f533df1&action=chmod HTTP/1.1" 200 9761 "-" "Mozilla/5.0 (compatible; MJ12bot/v1.4.8; http://mj12bot.com/)"
145.239.65.175 - - [31/Mar/2026:13:11:15 -0400] "GET /wp-includes/theme-compat/custom.file.4.1772877879.php?dir=//home/badaltaj/.cagefs/opt/alt/php74/var/lib/php/session&item=sess_026f7274824f4eb00d2c0ab15f533df1&action=edit HTTP/1.1" 200 9882 "-" "Mozilla/5.0 (compatible; MJ12bot/v1.4.8; http://mj12bot.com/)"
145.239.65.175 - - [31/Mar/2026:13:11:17 -0400] "GET /wp-includes/theme-compat/custom.file.4.1772877879.php?dir=//home/badaltaj/.cagefs/opt/alt/php74/var/lib/php/session&item=sess_026f7274824f4eb00d2c0ab15f533df1&action=rename HTTP/1.1" 200 9864 "-" "Mozilla/5.0 (compatible; MJ12bot/v1.4.8; http://mj12bot.com/)"
145.239.65.175 - - [31/Mar/2026:13:11:18 -0400] "GET /wp-includes/theme-compat/custom.file.4.1772877879.php?dir=//home/badaltaj/.cagefs/opt/alt/php74/var/lib/php/session&item=sess_026f7274824f4eb00d2c0ab15f533df1&action=view HTTP/1.1" 200 10004 "-" "Mozilla/5.0 (compatible; MJ12bot/v1.4.8; http://mj12bot.com/)"
145.239.65.175 - - [31/Mar/2026:13:11:20 -0400] "GET /wp-includes/theme-compat/custom.file.4.1772877879.php?dir=//home/badaltaj/.cagefs/opt/alt/php74/var/lib/php/session&item=sess_0298547b2ae2fc9397c59df68f499a74&action=edit HTTP/1.1" 200 10019 "-" "Mozilla/5.0 (compatible; MJ12bot/v1.4.8; http://mj12bot.com/)"
145.239.65.175 - - [31/Mar/2026:13:11:22 -0400] "GET /wp-includes/theme-compat/custom.file.4.1772877879.php?dir=//home/badaltaj/.cagefs/opt/alt/php74/var/lib/php/session&item=sess_0298547b2ae2fc9397c59df68f499a74&action=rename HTTP/1.1" 200 10032 "-" "Mozilla/5.0 (compatible; MJ12bot/v1.4.8; http://mj12bot.com/)"
145.239.65.175 - - [31/Mar/2026:13:11:23 -0400] "GET /wp-includes/theme-compat/custom.file.4.1772877879.php?dir=//home/badaltaj/.cagefs/opt/alt/php74/var/lib/php/session&item=sess_02c4a299b28a230e9752b46f2f22de2c&action=chmod HTTP/1.1" 200 10049 "-" "Mozilla/5.0 (compatible; MJ12bot/v1.4.8; http://mj12bot.com/)"
145.239.65.175 - - [31/Mar/2026:13:11:25 -0400] "GET /wp-includes/theme-compat/custom.file.4.1772877879.php?dir=//home/badaltaj/.cagefs/opt/alt/php74/var/lib/php/session&item=sess_02c4a299b28a230e9752b46f2f22de2c&action=edit HTTP/1.1" 200 10225 "-" "Mozilla/5.0 (compatible; MJ12bot/v1.4.8; http://mj12bot.com/)"
145.239.65.175 - - [31/Mar/2026:13:11:26 -0400] "GET /wp-includes/theme-compat/custom.file.4.1772877879.php?dir=//home/badaltaj/.cagefs/opt/alt/php74/var/lib/php/session&item=sess_02c4a299b28a230e9752b46f2f22de2c&action=rename HTTP/1.1" 200 10281 "-" "Mozilla/5.0 (compatible; MJ12bot/v1.4.8; http://mj12bot.com/)"
145.239.65.175 - - [31/Mar/2026:13:11:28 -0400] "GET /wp-includes/theme-compat/custom.file.4.1772877879.php?dir=//home/badaltaj/.cagefs/opt/alt/php74/var/lib/php/session&item=sess_02c4a299b28a230e9752b46f2f22de2c&action=view HTTP/1.1" 200 10256 "-" "Mozilla/5.0 (compatible; MJ12bot/v1.4.8; http://mj12bot.com/)"
145.239.65.175 - - [31/Mar/2026:13:11:30 -0400] "GET /wp-includes/theme-compat/custom.file.4.1772877879.php?dir=//home/badaltaj/.cagefs/opt/alt/php74/var/lib/php/session&item=sess_02eb794564d7c5a6feed148e5dd32cb9&action=chmod HTTP/1.1" 200 10320 "-" "Mozilla/5.0 (compatible; MJ12bot/v1.4.8; http://mj12bot.com/)"
145.239.65.175 - - [31/Mar/2026:13:11:32 -0400] "GET /wp-includes/theme-compat/custom.file.4.1772877879.php?dir=//home/badaltaj/.cagefs/opt/alt/php74/var/lib/php/session&item=sess_02eb794564d7c5a6feed148e5dd32cb9&action=edit HTTP/1.1" 200 10475 "-" "Mozilla/5.0 (compatible; MJ12bot/v1.4.8; http://mj12bot.com/)"
145.239.65.175 - - [31/Mar/2026:13:11:33 -0400] "GET /wp-includes/theme-compat/custom.file.4.1772877879.php?dir=//home/badaltaj/.cagefs/opt/alt/php74/var/lib/php/session&item=sess_02eb794564d7c5a6feed148e5dd32cb9&action=rename HTTP/1.1" 200 10426 "-" "Mozilla/5.0 (compatible; MJ12bot/v1.4.8; http://mj12bot.com/)"
145.239.65.175 - - [31/Mar/2026:13:11:35 -0400] "GET /wp-includes/theme-compat/custom.file.4.1772877879.php?dir=//home/badaltaj/.cagefs/opt/alt/php74/var/lib/php/session&item=sess_02eb794564d7c5a6feed148e5dd32cb9&action=view HTTP/1.1" 200 10550 "-" "Mozilla/5.0 (compatible; MJ12bot/v1.4.8; http://mj12bot.com/)"
145.239.65.175 - - [31/Mar/2026:13:11:37 -0400] "GET /wp-includes/theme-compat/custom.file.4.1772877879.php?dir=//home/badaltaj/.cagefs/opt/alt/php74/var/lib/php/session&item=sess_02eddfa9b99857a44b3ecee0796731be&action=edit HTTP/1.1" 200 10543 "-" "Mozilla/5.0 (compatible; MJ12bot/v1.4.8; http://mj12bot.com/)"
66.249.70.69 - - [31/Mar/2026:13:10:51 -0400] "GET /robots.txt HTTP/1.1" 200 71 "-" "Mozilla/5.0 (compatible; Googlebot/2.1; +http://www.google.com/bot.html)"
66.249.64.70 - - [31/Mar/2026:13:11:03 -0400] "GET /products/black-pullout-sectional-sofa-with-storage/7568075/ HTTP/1.1" 404 1238 "-" "Mozilla/5.0 (Linux; Android 6.0.1; Nexus 5X Build/MMB29P) AppleWebKit/537.36 (KHTML, like Gecko) Chrome/146.0.7680.164 Mobile Safari/537.36 (compatible; Googlebot/2.1; +http://www.google.com/bot.html)"
66.249.64.70 - - [31/Mar/2026:13:11:05 -0400] "GET /products/hamilton-beach-coffe-maker/19651700/ HTTP/1.1" 404 1238 "-" "Mozilla/5.0 (Linux; Android 6.0.1; Nexus 5X Build/MMB29P) AppleWebKit/537.36 (KHTML, like Gecko) Chrome/146.0.7680.164 Mobile Safari/537.36 (compatible; Googlebot/2.1; +http://www.google.com/bot.html)"
66.249.64.70 - - [31/Mar/2026:13:11:08 -0400] "GET /products/batmobile-ride-on/17230535/ HTTP/1.1" 404 1238 "-" "Mozilla/5.0 (Linux; Android 6.0.1; Nexus 5X Build/MMB29P) AppleWebKit/537.36 (KHTML, like Gecko) Chrome/146.0.7680.164 Mobile Safari/537.36 (compatible; Googlebot/2.1; +http://www.google.com/bot.html)"
66.249.64.70 - - [31/Mar/2026:13:11:11 -0400] "GET /products/sonance-sr-125-power-amplifier/34386305/ HTTP/1.1" 404 1238 "-" "Mozilla/5.0 (Linux; Android 6.0.1; Nexus 5X Build/MMB29P) AppleWebKit/537.36 (KHTML, like Gecko) Chrome/146.0.7680.164 Mobile Safari/537.36 (compatible; Googlebot/2.1; +http://www.google.com/bot.html)"
66.249.64.70 - - [31/Mar/2026:13:11:15 -0400] "GET /products/michael-kors-large-purse/7745135/ HTTP/1.1" 404 1238 "-" "Mozilla/5.0 (Linux; Android 6.0.1; Nexus 5X Build/MMB29P) AppleWebKit/537.36 (KHTML, like Gecko) Chrome/146.0.7680.164 Mobile Safari/537.36 (compatible; Googlebot/2.1; +http://www.google.com/bot.html)"
66.249.64.70 - - [31/Mar/2026:13:11:18 -0400] "GET /products/oscillating-ceramic-heater/37785695/ HTTP/1.1" 404 1238 "-" "Mozilla/5.0 (Linux; Android 6.0.1; Nexus 5X Build/MMB29P) AppleWebKit/537.36 (KHTML, like Gecko) Chrome/146.0.7680.164 Mobile Safari/537.36 (compatible; Googlebot/2.1; +http://www.google.com/bot.html)"
66.249.64.70 - - [31/Mar/2026:13:11:21 -0400] "GET /products/new-clubmaster-oversized-57mm-rayban-sunglasses-with-origina/4022915/ HTTP/1.1" 404 1238 "-" "Mozilla/5.0 (Linux; Android 6.0.1; Nexus 5X Build/MMB29P) AppleWebKit/537.36 (KHTML, like Gecko) Chrome/146.0.7680.164 Mobile Safari/537.36 (compatible; Googlebot/2.1; +http://www.google.com/bot.html)"
66.249.64.70 - - [31/Mar/2026:13:11:25 -0400] "GET /products/dragn-fruit/39367175/ HTTP/1.1" 404 1238 "-" "Mozilla/5.0 (Linux; Android 6.0.1; Nexus 5X Build/MMB29P) AppleWebKit/537.36 (KHTML, like Gecko) Chrome/146.0.7680.164 Mobile Safari/537.36 (compatible; Googlebot/2.1; +http://www.google.com/bot.html)"
66.249.64.70 - - [31/Mar/2026:13:11:28 -0400] "GET /products/queen-size-oasis-thermal-comfort-europillow-top-mattress/16075730/ HTTP/1.1" 404 1238 "-" "Mozilla/5.0 (Linux; Android 6.0.1; Nexus 5X Build/MMB29P) AppleWebKit/537.36 (KHTML, like Gecko) Chrome/146.0.7680.164 Mobile Safari/537.36 (compatible; Googlebot/2.1; +http://www.google.com/bot.html)"
66.249.64.70 - - [31/Mar/2026:13:11:31 -0400] "GET /products/agave-blue-emperor/28189685/ HTTP/1.1" 404 1238 "-" "Mozilla/5.0 (Linux; Android 6.0.1; Nexus 5X Build/MMB29P) AppleWebKit/537.36 (KHTML, like Gecko) Chrome/146.0.7680.164 Mobile Safari/537.36 (compatible; Googlebot/2.1; +http://www.google.com/bot.html)"
66.249.64.70 - - [31/Mar/2026:13:11:35 -0400] "GET /products/tom-ford-cherry-smoke/15651110/ HTTP/1.1" 404 1238 "-" "Mozilla/5.0 (Linux; Android 6.0.1; Nexus 5X Build/MMB29P) AppleWebKit/537.36 (KHTML, like Gecko) Chrome/146.0.7680.164 Mobile Safari/537.36 (compatible; Googlebot/2.1; +http://www.google.com/bot.html)"
66.249.64.70 - - [31/Mar/2026:13:11:38 -0400] "GET /products/hello-kitty-bundle-50/14848385/ HTTP/1.1" 404 1238 "-" "Mozilla/5.0 (Linux; Android 6.0.1; Nexus 5X Build/MMB29P) AppleWebKit/537.36 (KHTML, like Gecko) Chrome/146.0.7680.164 Mobile Safari/537.36 (compatible; Googlebot/2.1; +http://www.google.com/bot.html)"
145.239.65.175 - - [31/Mar/2026:13:11:38 -0400] "GET /wp-includes/theme-compat/custom.file.4.1772877879.php?dir=//home/badaltaj/.cagefs/opt/alt/php74/var/lib/php/session&item=sess_03036d288ac9c14cc25cd6943692a378&action=chmod HTTP/1.1" 200 10608 "-" "Mozilla/5.0 (compatible; MJ12bot/v1.4.8; http://mj12bot.com/)"
145.239.65.175 - - [31/Mar/2026:13:11:40 -0400] "GET /wp-includes/theme-compat/custom.file.4.1772877879.php?dir=//home/badaltaj/.cagefs/opt/alt/php74/var/lib/php/session&item=sess_03036d288ac9c14cc25cd6943692a378&action=edit HTTP/1.1" 200 10709 "-" "Mozilla/5.0 (compatible; MJ12bot/v1.4.8; http://mj12bot.com/)"
145.239.65.175 - - [31/Mar/2026:13:11:42 -0400] "GET /wp-includes/theme-compat/custom.file.4.1772877879.php?dir=//home/badaltaj/.cagefs/opt/alt/php74/var/lib/php/session&item=sess_03036d288ac9c14cc25cd6943692a378&action=rename HTTP/1.1" 200 10701 "-" "Mozilla/5.0 (compatible; MJ12bot/v1.4.8; http://mj12bot.com/)"
145.239.65.175 - - [31/Mar/2026:13:11:44 -0400] "GET /wp-includes/theme-compat/custom.file.4.1772877879.php?dir=//home/badaltaj/.cagefs/opt/alt/php74/var/lib/php/session&item=sess_03036d288ac9c14cc25cd6943692a378&action=view HTTP/1.1" 200 10853 "-" "Mozilla/5.0 (compatible; MJ12bot/v1.4.8; http://mj12bot.com/)"
145.239.65.175 - - [31/Mar/2026:13:11:45 -0400] "GET /wp-includes/theme-compat/custom.file.4.1772877879.php?dir=//home/badaltaj/.cagefs/opt/alt/php74/var/lib/php/session&item=sess_030fd668ceba372ed0888e9a4b0c4b92&action=chmod HTTP/1.1" 200 10812 "-" "Mozilla/5.0 (compatible; MJ12bot/v1.4.8; http://mj12bot.com/)"
145.239.65.175 - - [31/Mar/2026:13:11:47 -0400] "GET /wp-includes/theme-compat/custom.file.4.1772877879.php?dir=//home/badaltaj/.cagefs/opt/alt/php74/var/lib/php/session&item=sess_030fd668ceba372ed0888e9a4b0c4b92&action=edit HTTP/1.1" 200 10961 "-" "Mozilla/5.0 (compatible; MJ12bot/v1.4.8; http://mj12bot.com/)"
145.239.65.175 - - [31/Mar/2026:13:11:48 -0400] "GET /wp-includes/theme-compat/custom.file.4.1772877879.php?dir=//home/badaltaj/.cagefs/opt/alt/php74/var/lib/php/session&item=sess_030fd668ceba372ed0888e9a4b0c4b92&action=rename HTTP/1.1" 200 11009 "-" "Mozilla/5.0 (compatible; MJ12bot/v1.4.8; http://mj12bot.com/)"
145.239.65.175 - - [31/Mar/2026:13:11:50 -0400] "GET /wp-includes/theme-compat/custom.file.4.1772877879.php?dir=//home/badaltaj/.cagefs/opt/alt/php74/var/lib/php/session&item=sess_0318c69d9e5ad519612bae3fb276876d&action=chmod HTTP/1.1" 200 11042 "-" "Mozilla/5.0 (compatible; MJ12bot/v1.4.8; http://mj12bot.com/)"
145.239.65.175 - - [31/Mar/2026:13:11:52 -0400] "GET /wp-includes/theme-compat/custom.file.4.1772877879.php?dir=//home/badaltaj/.cagefs/opt/alt/php74/var/lib/php/session&item=sess_0318c69d9e5ad519612bae3fb276876d&action=edit HTTP/1.1" 200 11138 "-" "Mozilla/5.0 (compatible; MJ12bot/v1.4.8; http://mj12bot.com/)"
145.239.65.175 - - [31/Mar/2026:13:11:54 -0400] "GET /wp-includes/theme-compat/custom.file.4.1772877879.php?dir=//home/badaltaj/.cagefs/opt/alt/php74/var/lib/php/session&item=sess_0318c69d9e5ad519612bae3fb276876d&action=rename HTTP/1.1" 200 11090 "-" "Mozilla/5.0 (compatible; MJ12bot/v1.4.8; http://mj12bot.com/)"
145.239.65.175 - - [31/Mar/2026:13:11:55 -0400] "GET /wp-includes/theme-compat/custom.file.4.1772877879.php?dir=//home/badaltaj/.cagefs/opt/alt/php74/var/lib/php/session&item=sess_0318c69d9e5ad519612bae3fb276876d&action=view HTTP/1.1" 200 11209 "-" "Mozilla/5.0 (compatible; MJ12bot/v1.4.8; http://mj12bot.com/)"
145.239.65.175 - - [31/Mar/2026:13:11:57 -0400] "GET /wp-includes/theme-compat/custom.file.4.1772877879.php?dir=//home/badaltaj/.cagefs/opt/alt/php74/var/lib/php/session&item=sess_0356ee72a017a814b633ec5f01d79f4e&action=chmod HTTP/1.1" 200 11252 "-" "Mozilla/5.0 (compatible; MJ12bot/v1.4.8; http://mj12bot.com/)"
145.239.65.175 - - [31/Mar/2026:13:11:59 -0400] "GET /wp-includes/theme-compat/custom.file.4.1772877879.php?dir=//home/badaltaj/.cagefs/opt/alt/php74/var/lib/php/session&item=sess_0356ee72a017a814b633ec5f01d79f4e&action=edit HTTP/1.1" 200 11387 "-" "Mozilla/5.0 (compatible; MJ12bot/v1.4.8; http://mj12bot.com/)"
66.249.64.70 - - [31/Mar/2026:13:10:35 -0400] "GET /products/van-cleef-arpels-bracelet/30163055/ HTTP/1.1" 404 1238 "-" "Mozilla/5.0 (Linux; Android 6.0.1; Nexus 5X Build/MMB29P) AppleWebKit/537.36 (KHTML, like Gecko) Chrome/146.0.7680.164 Mobile Safari/537.36 (compatible; Googlebot/2.1; +http://www.google.com/bot.html)"
66.249.64.70 - - [31/Mar/2026:13:10:38 -0400] "GET /products/chanel-2024-blue-cf-lambskin-rectangular-mini-classic-flap-b/19754720/ HTTP/1.1" 404 1238 "-" "Mozilla/5.0 (Linux; Android 6.0.1; Nexus 5X Build/MMB29P) AppleWebKit/537.36 (KHTML, like Gecko) Chrome/146.0.7680.164 Mobile Safari/537.36 (compatible; Googlebot/2.1; +http://www.google.com/bot.html)"
66.249.64.70 - - [31/Mar/2026:13:10:41 -0400] "GET /products/lip-filler/14172455/ HTTP/1.1" 404 1238 "-" "Mozilla/5.0 (Linux; Android 6.0.1; Nexus 5X Build/MMB29P) AppleWebKit/537.36 (KHTML, like Gecko) Chrome/146.0.7680.164 Mobile Safari/537.36 (compatible; Googlebot/2.1; +http://www.google.com/bot.html)"
66.249.64.70 - - [31/Mar/2026:13:10:48 -0400] "GET /products/2019-2022-toyota-rav4-tailgate-light-left-driver-side-oem/16275215/ HTTP/1.1" 404 1238 "-" "Mozilla/5.0 (Linux; Android 6.0.1; Nexus 5X Build/MMB29P) AppleWebKit/537.36 (KHTML, like Gecko) Chrome/146.0.7680.164 Mobile Safari/537.36 (compatible; Googlebot/2.1; +http://www.google.com/bot.html)"
66.249.64.70 - - [31/Mar/2026:13:10:50 -0400] "GET /products/old-xavier-roberts-cabbage-patch-doll/41278550/ HTTP/1.1" 404 1238 "-" "Mozilla/5.0 (Linux; Android 6.0.1; Nexus 5X Build/MMB29P) AppleWebKit/537.36 (KHTML, like Gecko) Chrome/146.0.7680.164 Mobile Safari/537.36 (compatible; Googlebot/2.1; +http://www.google.com/bot.html)"
66.249.64.70 - - [31/Mar/2026:13:10:51 -0400] "GET /products/vince-carter-raptors-jersey/8329250/ HTTP/1.1" 404 1238 "-" "Mozilla/5.0 (Linux; Android 6.0.1; Nexus 5X Build/MMB29P) AppleWebKit/537.36 (KHTML, like Gecko) Chrome/146.0.7680.164 Mobile Safari/537.36 (compatible; Googlebot/2.1; +http://www.google.com/bot.html)"
66.249.64.70 - - [31/Mar/2026:13:10:55 -0400] "GET /products/takamine-tsp138cn-thinline-acoustic-electric-guitar-w-case/38496785/ HTTP/1.1" 404 1238 "-" "Mozilla/5.0 (Linux; Android 6.0.1; Nexus 5X Build/MMB29P) AppleWebKit/537.36 (KHTML, like Gecko) Chrome/146.0.7680.164 Mobile Safari/537.36 (compatible; Googlebot/2.1; +http://www.google.com/bot.html)"
66.249.64.72 - - [31/Mar/2026:13:11:01 -0400] "GET /products/thorogood-work-boots/32274485/ HTTP/1.1" 404 1238 "-" "Mozilla/5.0 (Linux; Android 6.0.1; Nexus 5X Build/MMB29P) AppleWebKit/537.36 (KHTML, like Gecko) Chrome/146.0.7680.164 Mobile Safari/537.36 (compatible; Googlebot/2.1; +http://www.google.com/bot.html)"
216.73.216.180 - - [31/Mar/2026:13:11:23 -0400] "GET /wp-includes/js/codemirror/htmlhint.js HTTP/2" 200 5464 "-" "Mozilla/5.0 AppleWebKit/537.36 (KHTML, like Gecko; compatible; ClaudeBot/1.0; +claudebot@anthropic.com)"
216.73.216.180 - - [31/Mar/2026:13:11:23 -0400] "GET /wp-includes/js/jquery/jquery.serialize-object.js HTTP/2" 200 390 "-" "Mozilla/5.0 AppleWebKit/537.36 (KHTML, like Gecko; compatible; ClaudeBot/1.0; +claudebot@anthropic.com)"
216.73.216.180 - - [31/Mar/2026:13:11:53 -0400] "GET /wp-includes/js/swfupload/swfupload.js HTTP/2" 200 0 "-" "Mozilla/5.0 AppleWebKit/537.36 (KHTML, like Gecko; compatible; ClaudeBot/1.0; +claudebot@anthropic.com)"
216.73.216.180 - - [31/Mar/2026:13:11:53 -0400] "GET /wp-includes/js/jcrop/jquery.Jcrop.min.css HTTP/2" 200 547 "-" "Mozilla/5.0 AppleWebKit/537.36 (KHTML, like Gecko; compatible; ClaudeBot/1.0; +claudebot@anthropic.com)"
66.249.64.70 - - [31/Mar/2026:13:12:11 -0400] "GET /products/atlanta-braves-2000-all-star-game-fited-hat/13933070/ HTTP/1.1" 404 1238 "-" "Mozilla/5.0 (Linux; Android 6.0.1; Nexus 5X Build/MMB29P) AppleWebKit/537.36 (KHTML, like Gecko) Chrome/146.0.7680.164 Mobile Safari/537.36 (compatible; Googlebot/2.1; +http://www.google.com/bot.html)"
145.239.65.175 - - [31/Mar/2026:13:12:00 -0400] "GET /wp-includes/theme-compat/custom.file.4.1772877879.php?dir=//home/badaltaj/.cagefs/opt/alt/php74/var/lib/php/session&item=sess_0356ee72a017a814b633ec5f01d79f4e&action=rename HTTP/1.1" 200 10861 "-" "Mozilla/5.0 (compatible; MJ12bot/v1.4.8; http://mj12bot.com/)"
145.239.65.175 - - [31/Mar/2026:13:12:02 -0400] "GET /wp-includes/theme-compat/custom.file.4.1772877879.php?dir=//home/badaltaj/.cagefs/opt/alt/php74/var/lib/php/session&item=sess_0356ee72a017a814b633ec5f01d79f4e&action=view HTTP/1.1" 200 11158 "-" "Mozilla/5.0 (compatible; MJ12bot/v1.4.8; http://mj12bot.com/)"
145.239.65.175 - - [31/Mar/2026:13:12:04 -0400] "GET /wp-includes/theme-compat/custom.file.4.1772877879.php?dir=//home/badaltaj/.cagefs/opt/alt/php74/var/lib/php/session&item=sess_039e0055e70b018c1779f589bf9ae7bb&action=chmod HTTP/1.1" 200 11372 "-" "Mozilla/5.0 (compatible; MJ12bot/v1.4.8; http://mj12bot.com/)"
145.239.65.175 - - [31/Mar/2026:13:12:05 -0400] "GET /wp-includes/theme-compat/custom.file.4.1772877879.php?dir=//home/badaltaj/.cagefs/opt/alt/php74/var/lib/php/session&item=sess_039e0055e70b018c1779f589bf9ae7bb&action=edit HTTP/1.1" 200 11582 "-" "Mozilla/5.0 (compatible; MJ12bot/v1.4.8; http://mj12bot.com/)"
145.239.65.175 - - [31/Mar/2026:13:12:07 -0400] "GET /wp-includes/theme-compat/custom.file.4.1772877879.php?dir=//home/badaltaj/.cagefs/opt/alt/php74/var/lib/php/session&item=sess_039e0055e70b018c1779f589bf9ae7bb&action=rename HTTP/1.1" 200 11417 "-" "Mozilla/5.0 (compatible; MJ12bot/v1.4.8; http://mj12bot.com/)"
145.239.65.175 - - [31/Mar/2026:13:12:09 -0400] "GET /wp-includes/theme-compat/custom.file.4.1772877879.php?dir=//home/badaltaj/.cagefs/opt/alt/php74/var/lib/php/session&item=sess_039e0055e70b018c1779f589bf9ae7bb&action=view HTTP/1.1" 200 11460 "-" "Mozilla/5.0 (compatible; MJ12bot/v1.4.8; http://mj12bot.com/)"
216.73.216.180 - - [31/Mar/2026:13:12:09 -0400] "GET /wp-includes/js/codemirror/jsonlint.js HTTP/2" 200 4517 "-" "Mozilla/5.0 AppleWebKit/537.36 (KHTML, like Gecko; compatible; ClaudeBot/1.0; +claudebot@anthropic.com)"
216.73.216.180 - - [31/Mar/2026:13:12:09 -0400] "GET /wp-includes/js/tinymce/skins HTTP/2" 301 707 "-" "Mozilla/5.0 AppleWebKit/537.36 (KHTML, like Gecko; compatible; ClaudeBot/1.0; +claudebot@anthropic.com)"
216.73.216.180 - - [31/Mar/2026:13:12:09 -0400] "GET /wp-includes/js/tinymce/skins/ HTTP/2" 200 583 "https://badaltajahan.com/wp-includes/js/tinymce/skins" "Mozilla/5.0 AppleWebKit/537.36 (KHTML, like Gecko; compatible; ClaudeBot/1.0; +claudebot@anthropic.com)"
145.239.65.175 - - [31/Mar/2026:13:12:11 -0400] "GET /wp-includes/theme-compat/custom.file.4.1772877879.php?dir=//home/badaltaj/.cagefs/opt/alt/php74/var/lib/php/session&item=sess_03c3654d9403c8743b4c40e8405cc243&action=chmod HTTP/1.1" 200 11263 "-" "Mozilla/5.0 (compatible; MJ12bot/v1.4.8; http://mj12bot.com/)"
145.239.65.175 - - [31/Mar/2026:13:12:13 -0400] "GET /wp-includes/theme-compat/custom.file.4.1772877879.php?dir=//home/badaltaj/.cagefs/opt/alt/php74/var/lib/php/session&item=sess_03c3654d9403c8743b4c40e8405cc243&action=edit HTTP/1.1" 200 11667 "-" "Mozilla/5.0 (compatible; MJ12bot/v1.4.8; http://mj12bot.com/)"
145.239.65.175 - - [31/Mar/2026:13:12:14 -0400] "GET /wp-includes/theme-compat/custom.file.4.1772877879.php?dir=//home/badaltaj/.cagefs/opt/alt/php74/var/lib/php/session&item=sess_03c3654d9403c8743b4c40e8405cc243&action=rename HTTP/1.1" 200 11672 "-" "Mozilla/5.0 (compatible; MJ12bot/v1.4.8; http://mj12bot.com/)"
145.239.65.175 - - [31/Mar/2026:13:12:16 -0400] "GET /wp-includes/theme-compat/custom.file.4.1772877879.php?dir=//home/badaltaj/.cagefs/opt/alt/php74/var/lib/php/session&item=sess_03c3654d9403c8743b4c40e8405cc243&action=view HTTP/1.1" 200 11842 "-" "Mozilla/5.0 (compatible; MJ12bot/v1.4.8; http://mj12bot.com/)"
145.239.65.175 - - [31/Mar/2026:13:12:18 -0400] "GET /wp-includes/theme-compat/custom.file.4.1772877879.php?dir=//home/badaltaj/.cagefs/opt/alt/php74/var/lib/php/session&item=sess_03ea845b31a9986b3f74249a400f28b3&action=chmod HTTP/1.1" 200 11901 "-" "Mozilla/5.0 (compatible; MJ12bot/v1.4.8; http://mj12bot.com/)"
145.239.65.175 - - [31/Mar/2026:13:12:20 -0400] "GET /wp-includes/theme-compat/custom.file.4.1772877879.php?dir=//home/badaltaj/.cagefs/opt/alt/php74/var/lib/php/session&item=sess_03ea845b31a9986b3f74249a400f28b3&action=edit HTTP/1.1" 200 11973 "-" "Mozilla/5.0 (compatible; MJ12bot/v1.4.8; http://mj12bot.com/)"
145.239.65.175 - - [31/Mar/2026:13:12:21 -0400] "GET /wp-includes/theme-compat/custom.file.4.1772877879.php?dir=//home/badaltaj/.cagefs/opt/alt/php74/var/lib/php/session&item=sess_03ea845b31a9986b3f74249a400f28b3&action=rename HTTP/1.1" 200 12064 "-" "Mozilla/5.0 (compatible; MJ12bot/v1.4.8; http://mj12bot.com/)"
145.239.65.175 - - [31/Mar/2026:13:12:23 -0400] "GET /wp-includes/theme-compat/custom.file.4.1772877879.php?dir=//home/badaltaj/.cagefs/opt/alt/php74/var/lib/php/session&item=sess_03ea845b31a9986b3f74249a400f28b3&action=view HTTP/1.1" 200 12110 "-" "Mozilla/5.0 (compatible; MJ12bot/v1.4.8; http://mj12bot.com/)"
66.249.64.70 - - [31/Mar/2026:13:12:25 -0400] "GET /products/ps4-slim/13651265/ HTTP/1.1" 404 1238 "-" "Mozilla/5.0 (Linux; Android 6.0.1; Nexus 5X Build/MMB29P) AppleWebKit/537.36 (KHTML, like Gecko) Chrome/146.0.7680.164 Mobile Safari/537.36 (compatible; Googlebot/2.1; +http://www.google.com/bot.html)"
145.239.65.175 - - [31/Mar/2026:13:12:25 -0400] "GET /wp-includes/theme-compat/custom.file.4.1772877879.php?dir=//home/badaltaj/.cagefs/opt/alt/php74/var/lib/php/session&item=sess_040a0405af2fbbb7d28dc612b265b020&action=chmod HTTP/1.1" 200 12082 "-" "Mozilla/5.0 (compatible; MJ12bot/v1.4.8; http://mj12bot.com/)"
66.249.64.70 - - [31/Mar/2026:13:12:26 -0400] "GET /products/m12-23ga-pin-nailer/33355745/ HTTP/1.1" 404 1238 "-" "Mozilla/5.0 (Linux; Android 6.0.1; Nexus 5X Build/MMB29P) AppleWebKit/537.36 (KHTML, like Gecko) Chrome/146.0.7680.164 Mobile Safari/537.36 (compatible; Googlebot/2.1; +http://www.google.com/bot.html)"
145.239.65.175 - - [31/Mar/2026:13:12:27 -0400] "GET /wp-includes/theme-compat/custom.file.4.1772877879.php?dir=//home/badaltaj/.cagefs/opt/alt/php74/var/lib/php/session&item=sess_040a0405af2fbbb7d28dc612b265b020&action=edit HTTP/1.1" 200 12181 "-" "Mozilla/5.0 (compatible; MJ12bot/v1.4.8; http://mj12bot.com/)"
66.249.64.70 - - [31/Mar/2026:13:12:27 -0400] "GET /products/alice-olivia-stace-face-zip-wallet/9387890/ HTTP/1.1" 404 1238 "-" "Mozilla/5.0 (Linux; Android 6.0.1; Nexus 5X Build/MMB29P) AppleWebKit/537.36 (KHTML, like Gecko) Chrome/146.0.7680.164 Mobile Safari/537.36 (compatible; Googlebot/2.1; +http://www.google.com/bot.html)"
66.249.64.70 - - [31/Mar/2026:13:12:27 -0400] "GET /products/q50-parts/28462475/ HTTP/1.1" 404 1238 "-" "Mozilla/5.0 (Linux; Android 6.0.1; Nexus 5X Build/MMB29P) AppleWebKit/537.36 (KHTML, like Gecko) Chrome/146.0.7680.164 Mobile Safari/537.36 (compatible; Googlebot/2.1; +http://www.google.com/bot.html)"
66.249.64.70 - - [31/Mar/2026:13:12:28 -0400] "GET /products/wicker-woven-colorful-shells-nordic-creative-handcrafted-fru/26093195/ HTTP/1.1" 404 1238 "-" "Mozilla/5.0 (Linux; Android 6.0.1; Nexus 5X Build/MMB29P) AppleWebKit/537.36 (KHTML, like Gecko) Chrome/146.0.7680.164 Mobile Safari/537.36 (compatible; Googlebot/2.1; +http://www.google.com/bot.html)"
145.239.65.175 - - [31/Mar/2026:13:12:28 -0400] "GET /wp-includes/theme-compat/custom.file.4.1772877879.php?dir=//home/badaltaj/.cagefs/opt/alt/php74/var/lib/php/session&item=sess_040a0405af2fbbb7d28dc612b265b020&action=rename HTTP/1.1" 200 12271 "-" "Mozilla/5.0 (compatible; MJ12bot/v1.4.8; http://mj12bot.com/)"
145.239.65.175 - - [31/Mar/2026:13:12:30 -0400] "GET /wp-includes/theme-compat/custom.file.4.1772877879.php?dir=//home/badaltaj/.cagefs/opt/alt/php74/var/lib/php/session&item=sess_040a0405af2fbbb7d28dc612b265b020&action=view HTTP/1.1" 200 12225 "-" "Mozilla/5.0 (compatible; MJ12bot/v1.4.8; http://mj12bot.com/)"
145.239.65.175 - - [31/Mar/2026:13:12:32 -0400] "GET /wp-includes/theme-compat/custom.file.4.1772877879.php?dir=//home/badaltaj/.cagefs/opt/alt/php74/var/lib/php/session&item=sess_0448f89fac40cf221f32669294c647eb&action=edit HTTP/1.1" 200 12426 "-" "Mozilla/5.0 (compatible; MJ12bot/v1.4.8; http://mj12bot.com/)"
145.239.65.175 - - [31/Mar/2026:13:12:33 -0400] "GET /wp-includes/theme-compat/custom.file.4.1772877879.php?dir=//home/badaltaj/.cagefs/opt/alt/php74/var/lib/php/session&item=sess_0448f89fac40cf221f32669294c647eb&action=rename HTTP/1.1" 200 12395 "-" "Mozilla/5.0 (compatible; MJ12bot/v1.4.8; http://mj12bot.com/)"
145.239.65.175 - - [31/Mar/2026:13:12:35 -0400] "GET /wp-includes/theme-compat/custom.file.4.1772877879.php?dir=//home/badaltaj/.cagefs/opt/alt/php74/var/lib/php/session&item=sess_049411c4139a173db2ed6b73148480ce&action=chmod HTTP/1.1" 200 12452 "-" "Mozilla/5.0 (compatible; MJ12bot/v1.4.8; http://mj12bot.com/)"
145.239.65.175 - - [31/Mar/2026:13:12:37 -0400] "GET /wp-includes/theme-compat/custom.file.4.1772877879.php?dir=//home/badaltaj/.cagefs/opt/alt/php74/var/lib/php/session&item=sess_049411c4139a173db2ed6b73148480ce&action=edit HTTP/1.1" 200 12558 "-" "Mozilla/5.0 (compatible; MJ12bot/v1.4.8; http://mj12bot.com/)"
145.239.65.175 - - [31/Mar/2026:13:12:39 -0400] "GET /wp-includes/theme-compat/custom.file.4.1772877879.php?dir=//home/badaltaj/.cagefs/opt/alt/php74/var/lib/php/session&item=sess_049411c4139a173db2ed6b73148480ce&action=rename HTTP/1.1" 200 12535 "-" "Mozilla/5.0 (compatible; MJ12bot/v1.4.8; http://mj12bot.com/)"
145.239.65.175 - - [31/Mar/2026:13:12:40 -0400] "GET /wp-includes/theme-compat/custom.file.4.1772877879.php?dir=//home/badaltaj/.cagefs/opt/alt/php74/var/lib/php/session&item=sess_049411c4139a173db2ed6b73148480ce&action=view HTTP/1.1" 200 12677 "-" "Mozilla/5.0 (compatible; MJ12bot/v1.4.8; http://mj12bot.com/)"
145.239.65.175 - - [31/Mar/2026:13:12:42 -0400] "GET /wp-includes/theme-compat/custom.file.4.1772877879.php?dir=//home/badaltaj/.cagefs/opt/alt/php74/var/lib/php/session&item=sess_049ed30efc4125cedf3b85a39712a311&action=chmod HTTP/1.1" 200 12653 "-" "Mozilla/5.0 (compatible; MJ12bot/v1.4.8; http://mj12bot.com/)"
145.239.65.175 - - [31/Mar/2026:13:12:44 -0400] "GET /wp-includes/theme-compat/custom.file.4.1772877879.php?dir=//home/badaltaj/.cagefs/opt/alt/php74/var/lib/php/session&item=sess_049ed30efc4125cedf3b85a39712a311&action=edit HTTP/1.1" 200 12777 "-" "Mozilla/5.0 (compatible; MJ12bot/v1.4.8; http://mj12bot.com/)"
145.239.65.175 - - [31/Mar/2026:13:12:45 -0400] "GET /wp-includes/theme-compat/custom.file.4.1772877879.php?dir=//home/badaltaj/.cagefs/opt/alt/php74/var/lib/php/session&item=sess_049ed30efc4125cedf3b85a39712a311&action=rename HTTP/1.1" 200 12804 "-" "Mozilla/5.0 (compatible; MJ12bot/v1.4.8; http://mj12bot.com/)"
145.239.65.175 - - [31/Mar/2026:13:12:47 -0400] "GET /wp-includes/theme-compat/custom.file.4.1772877879.php?dir=//home/badaltaj/.cagefs/opt/alt/php74/var/lib/php/session&item=sess_049ed30efc4125cedf3b85a39712a311&action=view HTTP/1.1" 200 12865 "-" "Mozilla/5.0 (compatible; MJ12bot/v1.4.8; http://mj12bot.com/)"
145.239.65.175 - - [31/Mar/2026:13:12:49 -0400] "GET /wp-includes/theme-compat/custom.file.4.1772877879.php?dir=//home/badaltaj/.cagefs/opt/alt/php74/var/lib/php/session&item=sess_04d0568fd6df2802d3e6fdd30e9fe100&action=chmod HTTP/1.1" 200 12918 "-" "Mozilla/5.0 (compatible; MJ12bot/v1.4.8; http://mj12bot.com/)"
145.239.65.175 - - [31/Mar/2026:13:12:51 -0400] "GET /wp-includes/theme-compat/custom.file.4.1772877879.php?dir=//home/badaltaj/.cagefs/opt/alt/php74/var/lib/php/session&item=sess_04d0568fd6df2802d3e6fdd30e9fe100&action=edit HTTP/1.1" 200 12984 "-" "Mozilla/5.0 (compatible; MJ12bot/v1.4.8; http://mj12bot.com/)"
145.239.65.175 - - [31/Mar/2026:13:12:52 -0400] "GET /wp-includes/theme-compat/custom.file.4.1772877879.php?dir=//home/badaltaj/.cagefs/opt/alt/php74/var/lib/php/session&item=sess_04d0568fd6df2802d3e6fdd30e9fe100&action=rename HTTP/1.1" 200 13018 "-" "Mozilla/5.0 (compatible; MJ12bot/v1.4.8; http://mj12bot.com/)"
145.239.65.175 - - [31/Mar/2026:13:12:54 -0400] "GET /wp-includes/theme-compat/custom.file.4.1772877879.php?dir=//home/badaltaj/.cagefs/opt/alt/php74/var/lib/php/session&item=sess_04d0568fd6df2802d3e6fdd30e9fe100&action=view HTTP/1.1" 200 13066 "-" "Mozilla/5.0 (compatible; MJ12bot/v1.4.8; http://mj12bot.com/)"
145.239.65.175 - - [31/Mar/2026:13:12:56 -0400] "GET /wp-includes/theme-compat/custom.file.4.1772877879.php?dir=//home/badaltaj/.cagefs/opt/alt/php74/var/lib/php/session&item=sess_04e1a94967009944b6643cb4a39f9237&action=chmod HTTP/1.1" 200 13136 "-" "Mozilla/5.0 (compatible; MJ12bot/v1.4.8; http://mj12bot.com/)"
145.239.65.175 - - [31/Mar/2026:13:12:57 -0400] "GET /wp-includes/theme-compat/custom.file.4.1772877879.php?dir=//home/badaltaj/.cagefs/opt/alt/php74/var/lib/php/session&item=sess_04e1a94967009944b6643cb4a39f9237&action=edit HTTP/1.1" 200 13181 "-" "Mozilla/5.0 (compatible; MJ12bot/v1.4.8; http://mj12bot.com/)"
145.239.65.175 - - [31/Mar/2026:13:12:59 -0400] "GET /wp-includes/theme-compat/custom.file.4.1772877879.php?dir=//home/badaltaj/.cagefs/opt/alt/php74/var/lib/php/session&item=sess_04e1a94967009944b6643cb4a39f9237&action=rename HTTP/1.1" 200 13239 "-" "Mozilla/5.0 (compatible; MJ12bot/v1.4.8; http://mj12bot.com/)"
145.239.65.175 - - [31/Mar/2026:13:13:01 -0400] "GET /wp-includes/theme-compat/custom.file.4.1772877879.php?dir=//home/badaltaj/.cagefs/opt/alt/php74/var/lib/php/session&item=sess_04e1a94967009944b6643cb4a39f9237&action=view HTTP/1.1" 200 13282 "-" "Mozilla/5.0 (compatible; MJ12bot/v1.4.8; http://mj12bot.com/)"
145.239.65.175 - - [31/Mar/2026:13:13:02 -0400] "GET /wp-includes/theme-compat/custom.file.4.1772877879.php?dir=//home/badaltaj/.cagefs/opt/alt/php74/var/lib/php/session&item=sess_04e20db9be674c84900dcda814fb7b42&action=chmod HTTP/1.1" 200 13173 "-" "Mozilla/5.0 (compatible; MJ12bot/v1.4.8; http://mj12bot.com/)"
66.249.64.72 - - [31/Mar/2026:13:13:05 -0400] "GET /products/single-recliner/35884115/ HTTP/1.1" 404 1238 "-" "Mozilla/5.0 (Linux; Android 6.0.1; Nexus 5X Build/MMB29P) AppleWebKit/537.36 (KHTML, like Gecko) Chrome/146.0.7680.164 Mobile Safari/537.36 (compatible; Googlebot/2.1; +http://www.google.com/bot.html)"
145.239.65.175 - - [31/Mar/2026:13:13:04 -0400] "GET /wp-includes/theme-compat/custom.file.4.1772877879.php?dir=//home/badaltaj/.cagefs/opt/alt/php74/var/lib/php/session&item=sess_04e20db9be674c84900dcda814fb7b42&action=edit HTTP/1.1" 200 13492 "-" "Mozilla/5.0 (compatible; MJ12bot/v1.4.8; http://mj12bot.com/)"
145.239.65.175 - - [31/Mar/2026:13:13:06 -0400] "GET /wp-includes/theme-compat/custom.file.4.1772877879.php?dir=//home/badaltaj/.cagefs/opt/alt/php74/var/lib/php/session&item=sess_04e20db9be674c84900dcda814fb7b42&action=rename HTTP/1.1" 200 13453 "-" "Mozilla/5.0 (compatible; MJ12bot/v1.4.8; http://mj12bot.com/)"
66.249.64.71 - - [31/Mar/2026:13:13:08 -0400] "GET /products/brand-new-size-95/29231450/ HTTP/1.1" 404 1238 "-" "Mozilla/5.0 (Linux; Android 6.0.1; Nexus 5X Build/MMB29P) AppleWebKit/537.36 (KHTML, like Gecko) Chrome/146.0.7680.164 Mobile Safari/537.36 (compatible; Googlebot/2.1; +http://www.google.com/bot.html)"
145.239.65.175 - - [31/Mar/2026:13:13:08 -0400] "GET /wp-includes/theme-compat/custom.file.4.1772877879.php?dir=//home/badaltaj/.cagefs/opt/alt/php74/var/lib/php/session&item=sess_04e20db9be674c84900dcda814fb7b42&action=view HTTP/1.1" 200 13536 "-" "Mozilla/5.0 (compatible; MJ12bot/v1.4.8; http://mj12bot.com/)"
145.239.65.175 - - [31/Mar/2026:13:13:10 -0400] "GET /wp-includes/theme-compat/custom.file.4.1772877879.php?dir=//home/badaltaj/.cagefs/opt/alt/php74/var/lib/php/session&item=sess_054ae8c038a05befcf3d4b1f08df3369&action=chmod HTTP/1.1" 200 13482 "-" "Mozilla/5.0 (compatible; MJ12bot/v1.4.8; http://mj12bot.com/)"
66.249.70.71 - - [31/Mar/2026:13:10:51 -0400] "GET /products/fred-perry-shoes/42792110/ HTTP/1.1" 404 1238 "-" "Mozilla/5.0 (Linux; Android 6.0.1; Nexus 5X Build/MMB29P) AppleWebKit/537.36 (KHTML, like Gecko) Chrome/146.0.7680.153 Mobile Safari/537.36 (compatible; GoogleOther)"
66.249.64.70 - - [31/Mar/2026:13:12:35 -0400] "GET /products/cajonera-5/44013590/ HTTP/1.1" 404 1238 "-" "Mozilla/5.0 (Linux; Android 6.0.1; Nexus 5X Build/MMB29P) AppleWebKit/537.36 (KHTML, like Gecko) Chrome/146.0.7680.164 Mobile Safari/537.36 (compatible; Googlebot/2.1; +http://www.google.com/bot.html)"
66.249.64.70 - - [31/Mar/2026:13:12:36 -0400] "GET /products/blower/35145095/ HTTP/1.1" 404 1238 "-" "Mozilla/5.0 (Linux; Android 6.0.1; Nexus 5X Build/MMB29P) AppleWebKit/537.36 (KHTML, like Gecko) Chrome/146.0.7680.164 Mobile Safari/537.36 (compatible; Googlebot/2.1; +http://www.google.com/bot.html)"
66.249.64.70 - - [31/Mar/2026:13:12:38 -0400] "GET /products/black-mamba-kobe-jersey-sga/8382965/ HTTP/1.1" 404 1238 "-" "Mozilla/5.0 (Linux; Android 6.0.1; Nexus 5X Build/MMB29P) AppleWebKit/537.36 (KHTML, like Gecko) Chrome/146.0.7680.164 Mobile Safari/537.36 (compatible; Googlebot/2.1; +http://www.google.com/bot.html)"
66.249.64.70 - - [31/Mar/2026:13:12:41 -0400] "GET /products/coffee-brewer-savor-barista-quality-coffee-at-home-less-resp/18462410/ HTTP/1.1" 404 1238 "-" "Mozilla/5.0 (Linux; Android 6.0.1; Nexus 5X Build/MMB29P) AppleWebKit/537.36 (KHTML, like Gecko) Chrome/146.0.7680.164 Mobile Safari/537.36 (compatible; Googlebot/2.1; +http://www.google.com/bot.html)"
66.249.64.70 - - [31/Mar/2026:13:12:45 -0400] "GET /products/toyota-tacoma-taillights/32673410/ HTTP/1.1" 404 1238 "-" "Mozilla/5.0 (Linux; Android 6.0.1; Nexus 5X Build/MMB29P) AppleWebKit/537.36 (KHTML, like Gecko) Chrome/146.0.7680.164 Mobile Safari/537.36 (compatible; Googlebot/2.1; +http://www.google.com/bot.html)"
66.249.64.70 - - [31/Mar/2026:13:12:48 -0400] "GET /products/new-square-toe-cowboy-boots-many-sizes-all-real-cowhide-leat/15384170/ HTTP/1.1" 404 1238 "-" "Mozilla/5.0 (Linux; Android 6.0.1; Nexus 5X Build/MMB29P) AppleWebKit/537.36 (KHTML, like Gecko) Chrome/146.0.7680.164 Mobile Safari/537.36 (compatible; Googlebot/2.1; +http://www.google.com/bot.html)"
66.249.64.70 - - [31/Mar/2026:13:12:51 -0400] "GET /products/car-speker-jbl/3937595/ HTTP/1.1" 404 1238 "-" "Mozilla/5.0 (Linux; Android 6.0.1; Nexus 5X Build/MMB29P) AppleWebKit/537.36 (KHTML, like Gecko) Chrome/146.0.7680.164 Mobile Safari/537.36 (compatible; Googlebot/2.1; +http://www.google.com/bot.html)"
66.249.64.70 - - [31/Mar/2026:13:12:54 -0400] "GET /products/reaction-black-boots-size-10-women/15259835/ HTTP/1.1" 404 1238 "-" "Mozilla/5.0 (Linux; Android 6.0.1; Nexus 5X Build/MMB29P) AppleWebKit/537.36 (KHTML, like Gecko) Chrome/146.0.7680.164 Mobile Safari/537.36 (compatible; Googlebot/2.1; +http://www.google.com/bot.html)"
66.249.64.70 - - [31/Mar/2026:13:12:58 -0400] "GET /products/prom-dress-for-sale/13747955/ HTTP/1.1" 404 1238 "-" "Mozilla/5.0 (Linux; Android 6.0.1; Nexus 5X Build/MMB29P) AppleWebKit/537.36 (KHTML, like Gecko) Chrome/146.0.7680.164 Mobile Safari/537.36 (compatible; Googlebot/2.1; +http://www.google.com/bot.html)"
66.249.64.70 - - [31/Mar/2026:13:13:01 -0400] "GET /products/cody-james-straw-summer-hat-10x/7712345/ HTTP/1.1" 404 1238 "-" "Mozilla/5.0 (Linux; Android 6.0.1; Nexus 5X Build/MMB29P) AppleWebKit/537.36 (KHTML, like Gecko) Chrome/146.0.7680.164 Mobile Safari/537.36 (compatible; Googlebot/2.1; +http://www.google.com/bot.html)"
66.249.64.70 - - [31/Mar/2026:13:13:15 -0400] "GET /products/dixie-ultra-smartstock-series-t-tri-tower-cutlery-dispenser/32995430/ HTTP/1.1" 404 1238 "-" "Mozilla/5.0 (Linux; Android 6.0.1; Nexus 5X Build/MMB29P) AppleWebKit/537.36 (KHTML, like Gecko) Chrome/146.0.7680.164 Mobile Safari/537.36 (compatible; Googlebot/2.1; +http://www.google.com/bot.html)"
66.249.64.71 - - [31/Mar/2026:13:13:11 -0400] "GET /products/estufa-de-gas-acero-inoxidable/25726700/ HTTP/1.1" 404 1238 "-" "Mozilla/5.0 (Linux; Android 6.0.1; Nexus 5X Build/MMB29P) AppleWebKit/537.36 (KHTML, like Gecko) Chrome/146.0.7680.164 Mobile Safari/537.36 (compatible; Googlebot/2.1; +http://www.google.com/bot.html)"
