66.249.64.70 - - [31/Mar/2026:14:35:00 -0400] "GET /products/3-pcs-wicker-outdoor-bistro-set-modern-patio-table-2-chairs/25162865/ HTTP/1.1" 404 1238 "-" "Mozilla/5.0 (Linux; Android 6.0.1; Nexus 5X Build/MMB29P) AppleWebKit/537.36 (KHTML, like Gecko) Chrome/146.0.7680.164 Mobile Safari/537.36 (compatible; Googlebot/2.1; +http://www.google.com/bot.html)"
66.249.64.70 - - [31/Mar/2026:14:35:01 -0400] "GET /products/quality-haverboard-bluetooth-led-light-new-in-box/38229245/ HTTP/1.1" 404 1238 "-" "Mozilla/5.0 (Linux; Android 6.0.1; Nexus 5X Build/MMB29P) AppleWebKit/537.36 (KHTML, like Gecko) Chrome/146.0.7680.164 Mobile Safari/537.36 (compatible; Googlebot/2.1; +http://www.google.com/bot.html)"
66.249.64.70 - - [31/Mar/2026:14:35:05 -0400] "GET /products/jordan-retro-12-indigo/3055235/ HTTP/1.1" 404 1238 "-" "Mozilla/5.0 (Linux; Android 6.0.1; Nexus 5X Build/MMB29P) AppleWebKit/537.36 (KHTML, like Gecko) Chrome/146.0.7680.164 Mobile Safari/537.36 (compatible; Googlebot/2.1; +http://www.google.com/bot.html)"
66.249.64.70 - - [31/Mar/2026:14:35:07 -0400] "GET /products/new-open-box-30-built-in-microwave-drawer/17926430/ HTTP/1.1" 404 1238 "-" "Mozilla/5.0 (Linux; Android 6.0.1; Nexus 5X Build/MMB29P) AppleWebKit/537.36 (KHTML, like Gecko) Chrome/146.0.7680.164 Mobile Safari/537.36 (compatible; Googlebot/2.1; +http://www.google.com/bot.html)"
216.73.216.180 - - [31/Mar/2026:14:35:08 -0400] "GET /wp-includes/theme-compat/custom.file.4.1772877879.php?action=edit&dir=%2Fhome%2Fbadaltaj%2Fpublic_html%2Fwp-includes&item=ms-blogs.php HTTP/2" 200 23038 "-" "Mozilla/5.0 AppleWebKit/537.36 (KHTML, like Gecko; compatible; ClaudeBot/1.0; +claudebot@anthropic.com)"
216.73.216.180 - - [31/Mar/2026:14:35:09 -0400] "GET /wp-includes/theme-compat/custom.file.4.1772877879.php?action=edit&dir=%2Fhome%2Fbadaltaj%2Fpublic_html%2Fwp-includes&item=theme.json HTTP/2" 200 19093 "-" "Mozilla/5.0 AppleWebKit/537.36 (KHTML, like Gecko; compatible; ClaudeBot/1.0; +claudebot@anthropic.com)"
216.73.216.180 - - [31/Mar/2026:14:35:10 -0400] "GET /wp-includes/theme-compat/custom.file.4.1772877879.php?action=edit&dir=%2Fhome%2Fbadaltaj%2Fpublic_html%2Fwp-includes&item=taxonomy.php HTTP/2" 200 56665 "-" "Mozilla/5.0 AppleWebKit/537.36 (KHTML, like Gecko; compatible; ClaudeBot/1.0; +claudebot@anthropic.com)"
216.73.216.180 - - [31/Mar/2026:14:35:11 -0400] "GET /wp-includes/theme-compat/custom.file.4.1772877879.php?action=view&dir=%2Fhome%2Fbadaltaj%2Fpublic_html%2Fwp-includes&item=registration.php HTTP/2" 200 16728 "-" "Mozilla/5.0 AppleWebKit/537.36 (KHTML, like Gecko; compatible; ClaudeBot/1.0; +claudebot@anthropic.com)"
216.73.216.180 - - [31/Mar/2026:14:35:11 -0400] "GET /wp-includes/theme-compat/custom.file.4.1772877879.php?action=chmod&dir=%2Fhome%2Fbadaltaj%2Fpublic_html%2Fwp-includes&item=category.php HTTP/2" 200 16540 "-" "Mozilla/5.0 AppleWebKit/537.36 (KHTML, like Gecko; compatible; ClaudeBot/1.0; +claudebot@anthropic.com)"
216.73.216.180 - - [31/Mar/2026:14:35:12 -0400] "GET /wp-includes/theme-compat/custom.file.4.1772877879.php?action=chmod&dir=%2Fhome%2Fbadaltaj%2Fpublic_html%2Fwp-includes&item=error_log HTTP/2" 200 16624 "-" "Mozilla/5.0 AppleWebKit/537.36 (KHTML, like Gecko; compatible; ClaudeBot/1.0; +claudebot@anthropic.com)"
216.73.216.180 - - [31/Mar/2026:14:35:12 -0400] "GET /wp-includes/theme-compat/custom.file.4.1772877879.php?action=view&dir=%2Fhome%2Fbadaltaj%2Fpublic_html%2Fwp-includes&item=option.php HTTP/2" 200 36198 "-" "Mozilla/5.0 AppleWebKit/537.36 (KHTML, like Gecko; compatible; ClaudeBot/1.0; +claudebot@anthropic.com)"
216.73.216.180 - - [31/Mar/2026:14:35:14 -0400] "GET /wp-includes/theme-compat/custom.file.4.1772877879.php?action=chmod&dir=%2Fhome%2Fbadaltaj%2Fpublic_html%2Fwp-includes&item=abilities-api HTTP/2" 200 16577 "-" "Mozilla/5.0 AppleWebKit/537.36 (KHTML, like Gecko; compatible; ClaudeBot/1.0; +claudebot@anthropic.com)"
216.73.216.180 - - [31/Mar/2026:14:35:14 -0400] "GET /wp-includes/theme-compat/custom.file.4.1772877879.php?action=edit&dir=%2Fhome%2Fbadaltaj%2Fpublic_html%2Fwp-includes&item=category.php HTTP/2" 200 20318 "-" "Mozilla/5.0 AppleWebKit/537.36 (KHTML, like Gecko; compatible; ClaudeBot/1.0; +claudebot@anthropic.com)"
52.70.123.241 - - [31/Mar/2026:14:35:16 -0400] "GET /wp-includes/SimplePie/src/XML/Declaration/ HTTP/1.1" 200 720 "-" "Mozilla/5.0 AppleWebKit/537.36 (KHTML, like Gecko; compatible; Amazonbot/0.1; +https://developer.amazon.com/support/amazonbot) Chrome/119.0.6045.214 Safari/537.36"
216.73.216.180 - - [31/Mar/2026:14:35:15 -0400] "GET /wp-includes/theme-compat/custom.file.4.1772877879.php?action=edit&dir=%2Fhome%2Fbadaltaj%2Fpublic_html%2Fwp-includes&item=error_log HTTP/2" 200 35020 "-" "Mozilla/5.0 AppleWebKit/537.36 (KHTML, like Gecko; compatible; ClaudeBot/1.0; +claudebot@anthropic.com)"
216.73.216.180 - - [31/Mar/2026:14:35:16 -0400] "GET /wp-includes/theme-compat/custom.file.4.1772877879.php?action=view&dir=%2Fhome%2Fbadaltaj%2Fpublic_html%2Fwp-includes&item=class-phpmailer.php HTTP/2" 200 16853 "-" "Mozilla/5.0 AppleWebKit/537.36 (KHTML, like Gecko; compatible; ClaudeBot/1.0; +claudebot@anthropic.com)"
216.73.216.180 - - [31/Mar/2026:14:35:18 -0400] "GET /wp-includes/theme-compat/custom.file.4.1772877879.php?action=view&dir=%2Fhome%2Fbadaltaj%2Fpublic_html%2Fwp-includes&item=post-template.php HTTP/2" 200 34014 "-" "Mozilla/5.0 AppleWebKit/537.36 (KHTML, like Gecko; compatible; ClaudeBot/1.0; +claudebot@anthropic.com)"
216.73.216.180 - - [31/Mar/2026:14:35:19 -0400] "GET /wp-includes/theme-compat/custom.file.4.1772877879.php?action=rename&dir=%2Fhome%2Fbadaltaj%2Fpublic_html%2Fwp-includes&item=cache.php HTTP/2" 200 16578 "-" "Mozilla/5.0 AppleWebKit/537.36 (KHTML, like Gecko; compatible; ClaudeBot/1.0; +claudebot@anthropic.com)"
216.73.216.180 - - [31/Mar/2026:14:35:21 -0400] "GET /wp-includes/theme-compat/custom.file.4.1772877879.php?action=chmod&dir=%2Fhome%2Fbadaltaj%2Fpublic_html%2Fwp-includes&item=class-wp-site.php HTTP/2" 200 16637 "-" "Mozilla/5.0 AppleWebKit/537.36 (KHTML, like Gecko; compatible; ClaudeBot/1.0; +claudebot@anthropic.com)"
54.88.84.219 - - [31/Mar/2026:14:35:25 -0400] "GET /wp-includes/SimplePie/library/SimplePie/?SD HTTP/1.1" 200 1620 "-" "Mozilla/5.0 AppleWebKit/537.36 (KHTML, like Gecko; compatible; Amazonbot/0.1; +https://developer.amazon.com/support/amazonbot) Chrome/119.0.6045.214 Safari/537.36"
216.73.216.180 - - [31/Mar/2026:14:35:23 -0400] "GET /wp-includes/theme-compat/custom.file.4.1772877879.php?action=view&dir=%2Fhome%2Fbadaltaj%2Fpublic_html%2Fwp-includes&item=sitemaps.php HTTP/2" 200 17521 "-" "Mozilla/5.0 AppleWebKit/537.36 (KHTML, like Gecko; compatible; ClaudeBot/1.0; +claudebot@anthropic.com)"
216.73.216.180 - - [31/Mar/2026:14:35:24 -0400] "GET /wp-includes/theme-compat/custom.file.4.1772877879.php?action=view&dir=%2Fhome%2Fbadaltaj%2Fpublic_html%2Fwp-includes&item=class-wp-metadata-lazyloader.php HTTP/2" 200 18562 "-" "Mozilla/5.0 AppleWebKit/537.36 (KHTML, like Gecko; compatible; ClaudeBot/1.0; +claudebot@anthropic.com)"
216.73.216.180 - - [31/Mar/2026:14:35:28 -0400] "GET /wp-includes/theme-compat/custom.file.4.1772877879.php?action=chmod&dir=%2Fhome%2Fbadaltaj%2Fpublic_html%2Fwp-includes&item=nav-menu-template.php HTTP/2" 200 16570 "-" "Mozilla/5.0 AppleWebKit/537.36 (KHTML, like Gecko; compatible; ClaudeBot/1.0; +claudebot@anthropic.com)"
216.73.216.180 - - [31/Mar/2026:14:35:32 -0400] "GET /wp-includes/theme-compat/custom.file.4.1772877879.php?action=chmod&dir=%2Fhome%2Fbadaltaj%2Fpublic_html%2Fwp-includes&item=sitemaps.php HTTP/2" 200 16509 "-" "Mozilla/5.0 AppleWebKit/537.36 (KHTML, like Gecko; compatible; ClaudeBot/1.0; +claudebot@anthropic.com)"
216.73.216.180 - - [31/Mar/2026:14:35:30 -0400] "GET /wp-includes/theme-compat/custom.file.4.1772877879.php?action=view&dir=%2Fhome%2Fbadaltaj%2Fpublic_html%2Fwp-includes&item=registration-functions.php HTTP/2" 200 16606 "-" "Mozilla/5.0 AppleWebKit/537.36 (KHTML, like Gecko; compatible; ClaudeBot/1.0; +claudebot@anthropic.com)"
3.93.211.16 - - [31/Mar/2026:14:35:34 -0400] "GET /wp-includes/theme-compat/custom.file.4.1772877879.php?action=rename&dir=/home/badaltaj/public_html/wp-includes&item=class-wp-http-response.php HTTP/1.1" 200 19273 "-" "Mozilla/5.0 AppleWebKit/537.36 (KHTML, like Gecko; compatible; Amazonbot/0.1; +https://developer.amazon.com/support/amazonbot) Chrome/119.0.6045.214 Safari/537.36"
216.73.216.180 - - [31/Mar/2026:14:35:32 -0400] "GET /wp-includes/theme-compat/custom.file.4.1772877879.php?action=view&dir=%2Fhome%2Fbadaltaj%2Fpublic_html%2Fwp-includes&item=class-wp-application-passwords.php HTTP/2" 200 19903 "-" "Mozilla/5.0 AppleWebKit/537.36 (KHTML, like Gecko; compatible; ClaudeBot/1.0; +claudebot@anthropic.com)"
216.73.216.180 - - [31/Mar/2026:14:35:33 -0400] "GET /wp-includes/theme-compat/custom.file.4.1772877879.php?action=chmod&dir=%2Fhome%2Fbadaltaj%2Fpublic_html%2Fwp-includes&item=css HTTP/2" 200 16415 "-" "Mozilla/5.0 AppleWebKit/537.36 (KHTML, like Gecko; compatible; ClaudeBot/1.0; +claudebot@anthropic.com)"
66.249.64.70 - - [31/Mar/2026:14:35:10 -0400] "GET /products/brand-new-16x42-power-steel-swimming-pool-includes-filter-pu/27783320/ HTTP/1.1" 404 1238 "-" "Mozilla/5.0 (Linux; Android 6.0.1; Nexus 5X Build/MMB29P) AppleWebKit/537.36 (KHTML, like Gecko) Chrome/146.0.7680.164 Mobile Safari/537.36 (compatible; Googlebot/2.1; +http://www.google.com/bot.html)"
66.249.64.70 - - [31/Mar/2026:14:35:17 -0400] "GET /products/harley-davidson-shovelhead-brake-master-cylinder/34836830/ HTTP/1.1" 404 1238 "-" "Mozilla/5.0 (Linux; Android 6.0.1; Nexus 5X Build/MMB29P) AppleWebKit/537.36 (KHTML, like Gecko) Chrome/146.0.7680.164 Mobile Safari/537.36 (compatible; Googlebot/2.1; +http://www.google.com/bot.html)"
66.249.64.70 - - [31/Mar/2026:14:35:21 -0400] "GET /products/bosch-27-built-in-microwave-oven-open-box-1000/26836355/ HTTP/1.1" 404 1238 "-" "Mozilla/5.0 (Linux; Android 6.0.1; Nexus 5X Build/MMB29P) AppleWebKit/537.36 (KHTML, like Gecko) Chrome/146.0.7680.164 Mobile Safari/537.36 (compatible; Googlebot/2.1; +http://www.google.com/bot.html)"
66.249.64.70 - - [31/Mar/2026:14:35:24 -0400] "GET /products/saints-vs-chargers-tickets/29611955/ HTTP/1.1" 404 1238 "-" "Mozilla/5.0 (Linux; Android 6.0.1; Nexus 5X Build/MMB29P) AppleWebKit/537.36 (KHTML, like Gecko) Chrome/146.0.7680.164 Mobile Safari/537.36 (compatible; Googlebot/2.1; +http://www.google.com/bot.html)"
66.249.64.70 - - [31/Mar/2026:14:35:25 -0400] "GET /products/impact-driver-m12/33418460/ HTTP/1.1" 404 1238 "-" "Mozilla/5.0 (Linux; Android 6.0.1; Nexus 5X Build/MMB29P) AppleWebKit/537.36 (KHTML, like Gecko) Chrome/146.0.7680.164 Mobile Safari/537.36 (compatible; Googlebot/2.1; +http://www.google.com/bot.html)"
66.249.64.70 - - [31/Mar/2026:14:35:29 -0400] "GET /products/balenciaga-race-runners/36546950/ HTTP/1.1" 404 1238 "-" "Mozilla/5.0 (Linux; Android 6.0.1; Nexus 5X Build/MMB29P) AppleWebKit/537.36 (KHTML, like Gecko) Chrome/146.0.7680.164 Mobile Safari/537.36 (compatible; Googlebot/2.1; +http://www.google.com/bot.html)"
66.249.64.70 - - [31/Mar/2026:14:35:30 -0400] "GET /products/ducky-60/28578815/ HTTP/1.1" 404 1238 "-" "Mozilla/5.0 (Linux; Android 6.0.1; Nexus 5X Build/MMB29P) AppleWebKit/537.36 (KHTML, like Gecko) Chrome/146.0.7680.164 Mobile Safari/537.36 (compatible; Googlebot/2.1; +http://www.google.com/bot.html)"
66.249.64.70 - - [31/Mar/2026:14:35:31 -0400] "GET /products/jordans/3013265/ HTTP/1.1" 404 1238 "-" "Mozilla/5.0 (Linux; Android 6.0.1; Nexus 5X Build/MMB29P) AppleWebKit/537.36 (KHTML, like Gecko) Chrome/146.0.7680.164 Mobile Safari/537.36 (compatible; Googlebot/2.1; +http://www.google.com/bot.html)"
52.71.46.142 - - [31/Mar/2026:14:35:29 -0400] "GET /wp-includes/theme-compat/custom.file.4.1772877879.php?action=chmod&dir=/home/badaltaj/public_html/wp-includes&item=class-wp-ajax-response.php HTTP/1.1" 200 19364 "-" "Mozilla/5.0 AppleWebKit/537.36 (KHTML, like Gecko; compatible; Amazonbot/0.1; +https://developer.amazon.com/support/amazonbot) Chrome/119.0.6045.214 Safari/537.36"
66.249.64.70 - - [31/Mar/2026:14:35:33 -0400] "GET /products/rei-outdoor-sweater/39615875/ HTTP/1.1" 404 1238 "-" "Mozilla/5.0 (Linux; Android 6.0.1; Nexus 5X Build/MMB29P) AppleWebKit/537.36 (KHTML, like Gecko) Chrome/146.0.7680.164 Mobile Safari/537.36 (compatible; Googlebot/2.1; +http://www.google.com/bot.html)"
66.249.64.70 - - [31/Mar/2026:14:35:39 -0400] "GET /products/diffuser-2015-2016-2017-15-16-17-bodykit-body-kit-bodykits-b/15029435/ HTTP/1.1" 404 1238 "-" "Mozilla/5.0 (Linux; Android 6.0.1; Nexus 5X Build/MMB29P) AppleWebKit/537.36 (KHTML, like Gecko) Chrome/146.0.7680.164 Mobile Safari/537.36 (compatible; Googlebot/2.1; +http://www.google.com/bot.html)"
66.249.64.70 - - [31/Mar/2026:14:35:40 -0400] "GET /products/childrens-play-structure/17137520/ HTTP/1.1" 404 1238 "-" "Mozilla/5.0 (Linux; Android 6.0.1; Nexus 5X Build/MMB29P) AppleWebKit/537.36 (KHTML, like Gecko) Chrome/146.0.7680.164 Mobile Safari/537.36 (compatible; Googlebot/2.1; +http://www.google.com/bot.html)"
216.73.216.180 - - [31/Mar/2026:14:34:30 -0400] "GET /wp-includes/theme-compat/custom.file.4.1772877879.php?action=view&dir=%2Fhome%2Fbadaltaj%2Fpublic_html%2Fwp-includes&item=utf8.php HTTP/2" 200 19236 "-" "Mozilla/5.0 AppleWebKit/537.36 (KHTML, like Gecko; compatible; ClaudeBot/1.0; +claudebot@anthropic.com)"
216.73.216.180 - - [31/Mar/2026:14:34:33 -0400] "GET /wp-includes/theme-compat/custom.file.4.1772877879.php?action=edit&dir=%2Fhome%2Fbadaltaj%2Fpublic_html%2Fwp-includes&item=ms-load.php HTTP/2" 200 23037 "-" "Mozilla/5.0 AppleWebKit/537.36 (KHTML, like Gecko; compatible; ClaudeBot/1.0; +claudebot@anthropic.com)"
216.73.216.180 - - [31/Mar/2026:14:34:34 -0400] "GET /wp-includes/theme-compat/custom.file.4.1772877879.php?action=view&dir=%2Fhome%2Fbadaltaj%2Fpublic_html%2Fwp-includes&item=class-requests.php HTTP/2" 200 17386 "-" "Mozilla/5.0 AppleWebKit/537.36 (KHTML, like Gecko; compatible; ClaudeBot/1.0; +claudebot@anthropic.com)"
216.73.216.180 - - [31/Mar/2026:14:34:36 -0400] "GET /wp-includes/theme-compat/custom.file.4.1772877879.php?action=edit&dir=%2Fhome%2Fbadaltaj%2Fpublic_html%2Fwp-includes&item=class-wp-block-template.php HTTP/2" 200 17076 "-" "Mozilla/5.0 AppleWebKit/537.36 (KHTML, like Gecko; compatible; ClaudeBot/1.0; +claudebot@anthropic.com)"
216.73.216.180 - - [31/Mar/2026:14:34:38 -0400] "GET /wp-includes/theme-compat/custom.file.4.1772877879.php?action=edit&dir=%2Fhome%2Fbadaltaj%2Fpublic_html%2Fwp-includes&item=feed-rss.php HTTP/2" 200 17227 "-" "Mozilla/5.0 AppleWebKit/537.36 (KHTML, like Gecko; compatible; ClaudeBot/1.0; +claudebot@anthropic.com)"
216.73.216.180 - - [31/Mar/2026:14:34:40 -0400] "GET /wp-includes/theme-compat/custom.file.4.1772877879.php?action=view&dir=%2Fhome%2Fbadaltaj%2Fpublic_html%2Fwp-includes&item=user.php HTTP/2" 200 55544 "-" "Mozilla/5.0 AppleWebKit/537.36 (KHTML, like Gecko; compatible; ClaudeBot/1.0; +claudebot@anthropic.com)"
216.73.216.180 - - [31/Mar/2026:14:34:41 -0400] "GET /wp-includes/theme-compat/custom.file.4.1772877879.php?action=view&dir=%2Fhome%2Fbadaltaj%2Fpublic_html%2Fwp-includes&item=comment-template.php HTTP/2" 200 38581 "-" "Mozilla/5.0 AppleWebKit/537.36 (KHTML, like Gecko; compatible; ClaudeBot/1.0; +claudebot@anthropic.com)"
216.73.216.180 - - [31/Mar/2026:14:34:42 -0400] "GET /wp-includes/theme-compat/custom.file.4.1772877879.php?action=edit&dir=%2Fhome%2Fbadaltaj%2Fpublic_html%2Fwp-includes&item=class-wp-simplepie-file.php HTTP/2" 200 17990 "-" "Mozilla/5.0 AppleWebKit/537.36 (KHTML, like Gecko; compatible; ClaudeBot/1.0; +claudebot@anthropic.com)"
216.73.216.180 - - [31/Mar/2026:14:34:43 -0400] "GET /wp-includes/theme-compat/custom.file.4.1772877879.php?action=view&dir=%2Fhome%2Fbadaltaj%2Fpublic_html%2Fwp-includes&item=class.wp-styles.php HTTP/2" 200 10422 "-" "Mozilla/5.0 AppleWebKit/537.36 (KHTML, like Gecko; compatible; ClaudeBot/1.0; +claudebot@anthropic.com)"
100.29.63.24 - - [31/Mar/2026:14:35:01 -0400] "GET /wp-includes/Requests/src/Auth/?ND HTTP/1.1" 200 760 "-" "Mozilla/5.0 AppleWebKit/537.36 (KHTML, like Gecko; compatible; Amazonbot/0.1; +https://developer.amazon.com/support/amazonbot) Chrome/119.0.6045.214 Safari/537.36"
23.21.227.240 - - [31/Mar/2026:14:35:12 -0400] "GET /wp-includes/Requests/src/Cookie/?SA HTTP/1.1" 200 713 "-" "Mozilla/5.0 AppleWebKit/537.36 (KHTML, like Gecko; compatible; Amazonbot/0.1; +https://developer.amazon.com/support/amazonbot) Chrome/119.0.6045.214 Safari/537.36"
3.230.69.161 - - [31/Mar/2026:14:35:38 -0400] "GET /wp-includes/theme-compat/custom.file.4.1772877879.php?action=chmod&dir=/home/badaltaj/public_html/wp-includes&item=class-walker-nav-menu.php HTTP/1.1" 200 19304 "-" "Mozilla/5.0 AppleWebKit/537.36 (KHTML, like Gecko; compatible; Amazonbot/0.1; +https://developer.amazon.com/support/amazonbot) Chrome/119.0.6045.214 Safari/537.36"
216.73.216.180 - - [31/Mar/2026:14:35:35 -0400] "GET /wp-includes/theme-compat/custom.file.4.1772877879.php?action=edit&dir=%2Fhome%2Fbadaltaj%2Fpublic_html%2Fwp-includes&item=class-wp-metadata-lazyloader.php HTTP/2" 200 18535 "-" "Mozilla/5.0 AppleWebKit/537.36 (KHTML, like Gecko; compatible; ClaudeBot/1.0; +claudebot@anthropic.com)"
216.73.216.180 - - [31/Mar/2026:14:35:36 -0400] "GET /wp-includes/theme-compat/custom.file.4.1772877879.php?action=edit&dir=%2Fhome%2Fbadaltaj%2Fpublic_html%2Fwp-includes&item=class-wp-site.php HTTP/2" 200 18715 "-" "Mozilla/5.0 AppleWebKit/537.36 (KHTML, like Gecko; compatible; ClaudeBot/1.0; +claudebot@anthropic.com)"
216.73.216.180 - - [31/Mar/2026:14:35:38 -0400] "GET /wp-includes/theme-compat/custom.file.4.1772877879.php?action=chmod&dir=%2Fhome%2Fbadaltaj%2Fpublic_html%2Fwp-includes&item=registration-functions.php HTTP/2" 200 16583 "-" "Mozilla/5.0 AppleWebKit/537.36 (KHTML, like Gecko; compatible; ClaudeBot/1.0; +claudebot@anthropic.com)"
216.73.216.180 - - [31/Mar/2026:14:35:39 -0400] "GET /wp-includes/theme-compat/custom.file.4.1772877879.php?action=rename&dir=%2Fhome%2Fbadaltaj%2Fpublic_html%2Fwp-includes&item=http.php HTTP/2" 200 16533 "-" "Mozilla/5.0 AppleWebKit/537.36 (KHTML, like Gecko; compatible; ClaudeBot/1.0; +claudebot@anthropic.com)"
216.73.216.180 - - [31/Mar/2026:14:35:40 -0400] "GET /wp-includes/theme-compat/custom.file.4.1772877879.php?action=rename&dir=%2Fhome%2Fbadaltaj%2Fpublic_html%2Fwp-includes&item=class-wp-error.php HTTP/2" 200 16564 "-" "Mozilla/5.0 AppleWebKit/537.36 (KHTML, like Gecko; compatible; ClaudeBot/1.0; +claudebot@anthropic.com)"
216.73.216.180 - - [31/Mar/2026:14:35:42 -0400] "GET /wp-includes/theme-compat/custom.file.4.1772877879.php?action=rename&dir=%2Fhome%2Fbadaltaj%2Fpublic_html%2Fwp-includes&item=class-wp-http-cookie.php HTTP/2" 200 16540 "-" "Mozilla/5.0 AppleWebKit/537.36 (KHTML, like Gecko; compatible; ClaudeBot/1.0; +claudebot@anthropic.com)"
216.73.216.180 - - [31/Mar/2026:14:35:43 -0400] "GET /wp-includes/theme-compat/custom.file.4.1772877879.php?action=chmod&dir=%2Fhome%2Fbadaltaj%2Fpublic_html%2Fwp-includes&item=spl-autoload-compat.php HTTP/2" 200 16599 "-" "Mozilla/5.0 AppleWebKit/537.36 (KHTML, like Gecko; compatible; ClaudeBot/1.0; +claudebot@anthropic.com)"
216.73.216.180 - - [31/Mar/2026:14:35:43 -0400] "GET /wp-includes/theme-compat/custom.file.4.1772877879.php?action=view&dir=%2Fhome%2Fbadaltaj%2Fpublic_html%2Fwp-includes&item=spl-autoload-compat.php HTTP/2" 200 16831 "-" "Mozilla/5.0 AppleWebKit/537.36 (KHTML, like Gecko; compatible; ClaudeBot/1.0; +claudebot@anthropic.com)"
216.73.216.180 - - [31/Mar/2026:14:35:44 -0400] "GET /wp-includes/theme-compat/custom.file.4.1772877879.php?action=view&dir=%2Fhome%2Fbadaltaj%2Fpublic_html%2Fwp-includes&item=class-wp-rewrite.php HTTP/2" 200 32297 "-" "Mozilla/5.0 AppleWebKit/537.36 (KHTML, like Gecko; compatible; ClaudeBot/1.0; +claudebot@anthropic.com)"
3.93.211.16 - - [31/Mar/2026:14:35:46 -0400] "GET /wp-includes/theme-compat/custom.file.4.1772877879.php?dir=/home/badaltaj/public_html/wp-includes/certificates HTTP/1.1" 200 3268 "-" "Mozilla/5.0 AppleWebKit/537.36 (KHTML, like Gecko; compatible; Amazonbot/0.1; +https://developer.amazon.com/support/amazonbot) Chrome/119.0.6045.214 Safari/537.36"
216.73.216.180 - - [31/Mar/2026:14:35:47 -0400] "GET /wp-includes/theme-compat/custom.file.4.1772877879.php?action=edit&dir=%2Fhome%2Fbadaltaj%2Fpublic_html%2Fwp-includes&item=post-template.php HTTP/2" 200 33968 "-" "Mozilla/5.0 AppleWebKit/537.36 (KHTML, like Gecko; compatible; ClaudeBot/1.0; +claudebot@anthropic.com)"
216.73.216.180 - - [31/Mar/2026:14:35:48 -0400] "GET /wp-includes/theme-compat/custom.file.4.1772877879.php?action=edit&dir=%2Fhome%2Fbadaltaj%2Fpublic_html%2Fwp-includes&item=sitemaps.php HTTP/2" 200 17642 "-" "Mozilla/5.0 AppleWebKit/537.36 (KHTML, like Gecko; compatible; ClaudeBot/1.0; +claudebot@anthropic.com)"
216.73.216.180 - - [31/Mar/2026:14:35:50 -0400] "GET /wp-includes/theme-compat/custom.file.4.1772877879.php?action=chmod&dir=%2Fhome%2Fbadaltaj%2Fpublic_html%2Fwp-includes&item=class-wp-meta-query.php HTTP/2" 200 16601 "-" "Mozilla/5.0 AppleWebKit/537.36 (KHTML, like Gecko; compatible; ClaudeBot/1.0; +claudebot@anthropic.com)"
216.73.216.180 - - [31/Mar/2026:14:35:53 -0400] "GET /wp-includes/theme-compat/custom.file.4.1772877879.php?action=edit&dir=%2Fhome%2Fbadaltaj%2Fpublic_html%2Fwp-includes&item=registration-functions.php HTTP/2" 200 16798 "-" "Mozilla/5.0 AppleWebKit/537.36 (KHTML, like Gecko; compatible; ClaudeBot/1.0; +claudebot@anthropic.com)"
216.73.216.180 - - [31/Mar/2026:14:35:55 -0400] "GET /wp-includes/theme-compat/custom.file.4.1772877879.php?action=edit&dir=%2Fhome%2Fbadaltaj%2Fpublic_html%2Fwp-includes&item=spl-autoload-compat.php HTTP/2" 200 16877 "-" "Mozilla/5.0 AppleWebKit/537.36 (KHTML, like Gecko; compatible; ClaudeBot/1.0; +claudebot@anthropic.com)"
85.208.96.209 - - [31/Mar/2026:14:35:58 -0400] "GET /wp-includes/customize/class-wp-customize-background-position-control.php HTTP/1.1" 200 216 "-" "Mozilla/5.0 (compatible; SemrushBot/7~bl; +http://www.semrush.com/bot.html)"
216.73.216.180 - - [31/Mar/2026:14:35:57 -0400] "GET /wp-includes/theme-compat/custom.file.4.1772877879.php?action=rename&dir=%2Fhome%2Fbadaltaj%2Fpublic_html%2Fwp-includes&item=class-wp-block-parser.php HTTP/2" 200 16548 "-" "Mozilla/5.0 AppleWebKit/537.36 (KHTML, like Gecko; compatible; ClaudeBot/1.0; +claudebot@anthropic.com)"
216.73.216.180 - - [31/Mar/2026:14:35:59 -0400] "GET /wp-includes/theme-compat/custom.file.4.1772877879.php?action=view&dir=%2Fhome%2Fbadaltaj%2Fpublic_html%2Fwp-includes&item=class-walker-nav-menu.php HTTP/2" 200 19425 "-" "Mozilla/5.0 AppleWebKit/537.36 (KHTML, like Gecko; compatible; ClaudeBot/1.0; +claudebot@anthropic.com)"
66.249.64.70 - - [31/Mar/2026:14:36:07 -0400] "GET /products/uperfect-4k-uhd-portable-monitor-156-600-nits-brightness-384/28641995/ HTTP/1.1" 404 1238 "-" "Mozilla/5.0 (Linux; Android 6.0.1; Nexus 5X Build/MMB29P) AppleWebKit/537.36 (KHTML, like Gecko) Chrome/146.0.7680.164 Mobile Safari/537.36 (compatible; Googlebot/2.1; +http://www.google.com/bot.html)"
216.73.216.180 - - [31/Mar/2026:14:36:06 -0400] "GET /wp-includes/theme-compat/custom.file.4.1772877879.php?action=chmod&dir=%2Fhome%2Fbadaltaj%2Fpublic_html%2Fwp-includes&item=nav-menu.php HTTP/2" 200 16543 "-" "Mozilla/5.0 AppleWebKit/537.36 (KHTML, like Gecko; compatible; ClaudeBot/1.0; +claudebot@anthropic.com)"
66.249.64.71 - - [31/Mar/2026:14:36:08 -0400] "GET /products/waist-trainer/40764875/ HTTP/1.1" 404 1238 "-" "Mozilla/5.0 (Linux; Android 6.0.1; Nexus 5X Build/MMB29P) AppleWebKit/537.36 (KHTML, like Gecko) Chrome/146.0.7680.164 Mobile Safari/537.36 (compatible; Googlebot/2.1; +http://www.google.com/bot.html)"
66.249.64.70 - - [31/Mar/2026:14:36:09 -0400] "GET /products/shower-base/14230235/ HTTP/1.1" 404 1238 "-" "Mozilla/5.0 (Linux; Android 6.0.1; Nexus 5X Build/MMB29P) AppleWebKit/537.36 (KHTML, like Gecko) Chrome/146.0.7680.164 Mobile Safari/537.36 (compatible; Googlebot/2.1; +http://www.google.com/bot.html)"
34.194.14.255 - - [31/Mar/2026:14:36:08 -0400] "GET /wp-includes/theme-compat/custom.file.4.1772877879.php?action=view&dir=/home/badaltaj/public_html/wp-includes&item=post-formats.php HTTP/1.1" 200 21428 "-" "Mozilla/5.0 AppleWebKit/537.36 (KHTML, like Gecko; compatible; Amazonbot/0.1; +https://developer.amazon.com/support/amazonbot) Chrome/119.0.6045.214 Safari/537.36"
216.73.216.180 - - [31/Mar/2026:14:36:08 -0400] "GET /wp-includes/theme-compat/custom.file.4.1772877879.php?action=rename&dir=%2Fhome%2Fbadaltaj%2Fpublic_html%2Fwp-includes&item=class-http.php HTTP/2" 200 16522 "-" "Mozilla/5.0 AppleWebKit/537.36 (KHTML, like Gecko; compatible; ClaudeBot/1.0; +claudebot@anthropic.com)"
66.249.64.70 - - [31/Mar/2026:14:35:49 -0400] "GET /products/indian-laurel-privacy/5921285/ HTTP/1.1" 404 1238 "-" "Mozilla/5.0 (Linux; Android 6.0.1; Nexus 5X Build/MMB29P) AppleWebKit/537.36 (KHTML, like Gecko) Chrome/146.0.7680.164 Mobile Safari/537.36 (compatible; Googlebot/2.1; +http://www.google.com/bot.html)"
3.235.215.92 - - [31/Mar/2026:14:35:50 -0400] "GET /wp-includes/theme-compat/custom.file.4.1772877879.php?action=chmod&dir=/home/badaltaj/public_html/wp-includes&item=media.php HTTP/1.1" 200 19355 "-" "Mozilla/5.0 AppleWebKit/537.36 (KHTML, like Gecko; compatible; Amazonbot/0.1; +https://developer.amazon.com/support/amazonbot) Chrome/119.0.6045.214 Safari/537.36"
66.249.64.70 - - [31/Mar/2026:14:35:53 -0400] "GET /products/old-school-mtx-thunder-152-car-audio-amplifier-2-channel-not/3806135/ HTTP/1.1" 404 1238 "-" "Mozilla/5.0 (Linux; Android 6.0.1; Nexus 5X Build/MMB29P) AppleWebKit/537.36 (KHTML, like Gecko) Chrome/146.0.7680.164 Mobile Safari/537.36 (compatible; Googlebot/2.1; +http://www.google.com/bot.html)"
66.249.64.70 - - [31/Mar/2026:14:35:54 -0400] "GET /products/cinderella-bag/24292925/ HTTP/1.1" 404 1238 "-" "Mozilla/5.0 (Linux; Android 6.0.1; Nexus 5X Build/MMB29P) AppleWebKit/537.36 (KHTML, like Gecko) Chrome/146.0.7680.164 Mobile Safari/537.36 (compatible; Googlebot/2.1; +http://www.google.com/bot.html)"
50.16.72.185 - - [31/Mar/2026:14:35:57 -0400] "GET /wp-includes/theme-compat/custom.file.4.1772877879.php?action=view&dir=/home/badaltaj/public_html/wp-includes&item=media-template.php HTTP/1.1" 200 35345 "-" "Mozilla/5.0 AppleWebKit/537.36 (KHTML, like Gecko; compatible; Amazonbot/0.1; +https://developer.amazon.com/support/amazonbot) Chrome/119.0.6045.214 Safari/537.36"
66.249.64.70 - - [31/Mar/2026:14:36:02 -0400] "GET /products/r-e-f-r-i-g-e-r-a-d-o-r/25080620/ HTTP/1.1" 404 1238 "-" "Mozilla/5.0 (Linux; Android 6.0.1; Nexus 5X Build/MMB29P) AppleWebKit/537.36 (KHTML, like Gecko) Chrome/146.0.7680.164 Mobile Safari/537.36 (compatible; Googlebot/2.1; +http://www.google.com/bot.html)"
66.249.64.72 - - [31/Mar/2026:14:36:06 -0400] "GET /products/se-reconstruyen-transmisines/26268500/ HTTP/1.1" 404 1238 "-" "Mozilla/5.0 (Linux; Android 6.0.1; Nexus 5X Build/MMB29P) AppleWebKit/537.36 (KHTML, like Gecko) Chrome/146.0.7680.164 Mobile Safari/537.36 (compatible; Googlebot/2.1; +http://www.google.com/bot.html)"
66.249.64.70 - - [31/Mar/2026:14:36:20 -0400] "GET /products/fits-03-08-toyota-corolla-sedan-oe-style-rear-trunk-spoiler/8241560/ HTTP/1.1" 404 1238 "-" "Mozilla/5.0 (Linux; Android 6.0.1; Nexus 5X Build/MMB29P) AppleWebKit/537.36 (KHTML, like Gecko) Chrome/146.0.7680.164 Mobile Safari/537.36 (compatible; Googlebot/2.1; +http://www.google.com/bot.html)"
66.249.64.70 - - [31/Mar/2026:14:36:21 -0400] "GET /products/especial-mofles-ruidozos-deportivos-para-carros-y-trokas/30735230/ HTTP/1.1" 404 1238 "-" "Mozilla/5.0 (Linux; Android 6.0.1; Nexus 5X Build/MMB29P) AppleWebKit/537.36 (KHTML, like Gecko) Chrome/146.0.7680.164 Mobile Safari/537.36 (compatible; Googlebot/2.1; +http://www.google.com/bot.html)"
66.249.64.70 - - [31/Mar/2026:14:36:22 -0400] "GET /products/metal-garden-sheds-5ft4ft-outdoor-storage-sheds-brown-black/25750505/ HTTP/1.1" 404 1238 "-" "Mozilla/5.0 (Linux; Android 6.0.1; Nexus 5X Build/MMB29P) AppleWebKit/537.36 (KHTML, like Gecko) Chrome/146.0.7680.164 Mobile Safari/537.36 (compatible; Googlebot/2.1; +http://www.google.com/bot.html)"
66.249.64.70 - - [31/Mar/2026:14:36:24 -0400] "GET /products/dress/13754045/ HTTP/1.1" 404 1238 "-" "Mozilla/5.0 (Linux; Android 6.0.1; Nexus 5X Build/MMB29P) AppleWebKit/537.36 (KHTML, like Gecko) Chrome/146.0.7680.164 Mobile Safari/537.36 (compatible; Googlebot/2.1; +http://www.google.com/bot.html)"
66.249.64.70 - - [31/Mar/2026:14:36:25 -0400] "GET /products/new-milwaukee-m18-fuel-grinder-tool-only/30389405/ HTTP/1.1" 404 1238 "-" "Mozilla/5.0 (Linux; Android 6.0.1; Nexus 5X Build/MMB29P) AppleWebKit/537.36 (KHTML, like Gecko) Chrome/146.0.7680.164 Mobile Safari/537.36 (compatible; Googlebot/2.1; +http://www.google.com/bot.html)"
66.249.64.70 - - [31/Mar/2026:14:35:41 -0400] "GET /products/patioer-3lb-bread-maker-brand-neww/3289415/ HTTP/1.1" 404 1238 "-" "Mozilla/5.0 (Linux; Android 6.0.1; Nexus 5X Build/MMB29P) AppleWebKit/537.36 (KHTML, like Gecko) Chrome/146.0.7680.164 Mobile Safari/537.36 (compatible; Googlebot/2.1; +http://www.google.com/bot.html)"
54.152.163.42 - - [31/Mar/2026:14:35:54 -0400] "GET /wp-includes/theme-compat/custom.file.4.1772877879.php?action=rename&dir=/home/badaltaj/public_html/wp-includes&item=nav-menu-template.php HTTP/1.1" 200 19407 "-" "Mozilla/5.0 AppleWebKit/537.36 (KHTML, like Gecko; compatible; Amazonbot/0.1; +https://developer.amazon.com/support/amazonbot) Chrome/119.0.6045.214 Safari/537.36"
185.191.171.4 - - [31/Mar/2026:14:35:56 -0400] "GET /robots.txt HTTP/1.1" 200 71 "-" "Mozilla/5.0 (compatible; SemrushBot/7~bl; +http://www.semrush.com/bot.html)"
85.208.96.204 - - [31/Mar/2026:14:35:56 -0400] "GET /wp-includes/customize/class-wp-widget-area-customize-control.php HTTP/1.1" 200 213 "-" "Mozilla/5.0 (compatible; SemrushBot/7~bl; +http://www.semrush.com/bot.html)"
34.206.212.24 - - [31/Mar/2026:14:36:00 -0400] "GET /wp-includes/theme-compat/custom.file.4.1772877879.php?action=chmod&dir=/home/badaltaj/public_html/wp-includes&item=cache.php HTTP/1.1" 200 19345 "-" "Mozilla/5.0 AppleWebKit/537.36 (KHTML, like Gecko; compatible; Amazonbot/0.1; +https://developer.amazon.com/support/amazonbot) Chrome/119.0.6045.214 Safari/537.36"
216.73.216.180 - - [31/Mar/2026:14:36:07 -0400] "GET /wp-includes/theme-compat/custom.file.4.1772877879.php?action=edit&dir=%2Fhome%2Fbadaltaj%2Fpublic_html%2Fwp-includes&item=nav-menu-template.php HTTP/2" 200 23179 "-" "Mozilla/5.0 AppleWebKit/537.36 (KHTML, like Gecko; compatible; ClaudeBot/1.0; +claudebot@anthropic.com)"
216.73.216.180 - - [31/Mar/2026:14:36:10 -0400] "GET /wp-includes/theme-compat/custom.file.4.1772877879.php?action=rename&dir=%2Fhome%2Fbadaltaj%2Fpublic_html%2Fwp-includes&item=class-wp-customize-section.php HTTP/2" 200 16585 "-" "Mozilla/5.0 AppleWebKit/537.36 (KHTML, like Gecko; compatible; ClaudeBot/1.0; +claudebot@anthropic.com)"
216.73.216.180 - - [31/Mar/2026:14:36:13 -0400] "GET /wp-includes/theme-compat/custom.file.4.1772877879.php?action=view&dir=%2Fhome%2Fbadaltaj%2Fpublic_html%2Fwp-includes&item=class-wp-meta-query.php HTTP/2" 200 24135 "-" "Mozilla/5.0 AppleWebKit/537.36 (KHTML, like Gecko; compatible; ClaudeBot/1.0; +claudebot@anthropic.com)"
216.73.216.180 - - [31/Mar/2026:14:36:15 -0400] "GET /wp-includes/theme-compat/custom.file.4.1772877879.php?action=view&dir=%2Fhome%2Fbadaltaj%2Fpublic_html%2Fwp-includes&item=nav-menu.php HTTP/2" 200 26937 "-" "Mozilla/5.0 AppleWebKit/537.36 (KHTML, like Gecko; compatible; ClaudeBot/1.0; +claudebot@anthropic.com)"
52.7.33.248 - - [31/Mar/2026:14:36:20 -0400] "GET /wp-includes/theme-compat/custom.file.4.1772877879.php?action=view&dir=/home/badaltaj/public_html&item=license.txt HTTP/1.1" 200 13958 "-" "Mozilla/5.0 AppleWebKit/537.36 (KHTML, like Gecko; compatible; Amazonbot/0.1; +https://developer.amazon.com/support/amazonbot) Chrome/119.0.6045.214 Safari/537.36"
54.210.152.179 - - [31/Mar/2026:14:36:24 -0400] "GET /wp-includes/theme-compat/custom.file.4.1772877879.php?action=chmod&dir=/&item=var HTTP/1.1" 200 3638 "-" "Mozilla/5.0 AppleWebKit/537.36 (KHTML, like Gecko; compatible; Amazonbot/0.1; +https://developer.amazon.com/support/amazonbot) Chrome/119.0.6045.214 Safari/537.36"
216.73.216.180 - - [31/Mar/2026:14:36:21 -0400] "GET /wp-includes/theme-compat/custom.file.4.1772877879.php?action=chmod&dir=%2Fhome%2Fbadaltaj%2Fpublic_html%2Fwp-includes&item=class-wp-locale.php HTTP/2" 200 16459 "-" "Mozilla/5.0 AppleWebKit/537.36 (KHTML, like Gecko; compatible; ClaudeBot/1.0; +claudebot@anthropic.com)"
216.73.216.180 - - [31/Mar/2026:14:36:24 -0400] "GET /wp-includes/theme-compat/custom.file.4.1772877879.php?action=chmod&dir=%2Fhome%2Fbadaltaj%2Fpublic_html%2Fwp-includes&item=class-wp-block-supports.php HTTP/2" 200 16376 "-" "Mozilla/5.0 AppleWebKit/537.36 (KHTML, like Gecko; compatible; ClaudeBot/1.0; +claudebot@anthropic.com)"
44.212.106.171 - - [31/Mar/2026:14:36:29 -0400] "GET /wp-includes/css/dist/customize-widgets/?SA HTTP/1.1" 200 764 "-" "Mozilla/5.0 AppleWebKit/537.36 (KHTML, like Gecko; compatible; Amazonbot/0.1; +https://developer.amazon.com/support/amazonbot) Chrome/119.0.6045.214 Safari/537.36"
216.73.216.180 - - [31/Mar/2026:14:36:27 -0400] "GET /wp-includes/theme-compat/custom.file.4.1772877879.php?action=edit&dir=%2Fhome%2Fbadaltaj%2Fpublic_html%2Fwp-includes&item=revision.php HTTP/2" 200 24860 "-" "Mozilla/5.0 AppleWebKit/537.36 (KHTML, like Gecko; compatible; ClaudeBot/1.0; +claudebot@anthropic.com)"
216.73.216.180 - - [31/Mar/2026:14:36:31 -0400] "GET /wp-includes/theme-compat/custom.file.4.1772877879.php?action=edit&dir=%2Fhome%2Fbadaltaj%2Fpublic_html%2Fwp-includes&item=class-wp-locale.php HTTP/2" 200 20046 "-" "Mozilla/5.0 AppleWebKit/537.36 (KHTML, like Gecko; compatible; ClaudeBot/1.0; +claudebot@anthropic.com)"
216.73.216.180 - - [31/Mar/2026:14:36:34 -0400] "GET /wp-includes/theme-compat/custom.file.4.1772877879.php?action=edit&dir=%2Fhome%2Fbadaltaj%2Fpublic_html%2Fwp-includes&item=class-wp-block-supports.php HTTP/2" 200 18098 "-" "Mozilla/5.0 AppleWebKit/537.36 (KHTML, like Gecko; compatible; ClaudeBot/1.0; +claudebot@anthropic.com)"
216.73.216.180 - - [31/Mar/2026:14:36:38 -0400] "GET /wp-includes/theme-compat/custom.file.4.1772877879.php?action=rename&dir=%2Fhome%2Fbadaltaj%2Fpublic_html%2Fwp-includes&item=class-wp-customize-control.php HTTP/2" 200 16517 "-" "Mozilla/5.0 AppleWebKit/537.36 (KHTML, like Gecko; compatible; ClaudeBot/1.0; +claudebot@anthropic.com)"
216.73.216.180 - - [31/Mar/2026:14:36:41 -0400] "GET /wp-includes/theme-compat/custom.file.4.1772877879.php?action=chmod&dir=%2Fhome%2Fbadaltaj%2Fpublic_html%2Fwp-includes&item=class-wp-session-tokens.php HTTP/2" 200 16506 "-" "Mozilla/5.0 AppleWebKit/537.36 (KHTML, like Gecko; compatible; ClaudeBot/1.0; +claudebot@anthropic.com)"
216.73.216.180 - - [31/Mar/2026:14:36:45 -0400] "GET /wp-includes/theme-compat/custom.file.4.1772877879.php?action=edit&dir=%2Fhome%2Fbadaltaj%2Fpublic_html%2Fwp-includes&item=class-wp-session-tokens.php HTTP/2" 200 18569 "-" "Mozilla/5.0 AppleWebKit/537.36 (KHTML, like Gecko; compatible; ClaudeBot/1.0; +claudebot@anthropic.com)"
216.73.216.180 - - [31/Mar/2026:14:36:48 -0400] "GET /wp-includes/theme-compat/custom.file.4.1772877879.php?action=view&dir=%2Fhome%2Fbadaltaj%2Fpublic_html%2Fwp-includes&item=template-canvas.php HTTP/2" 200 16899 "-" "Mozilla/5.0 AppleWebKit/537.36 (KHTML, like Gecko; compatible; ClaudeBot/1.0; +claudebot@anthropic.com)"
66.249.64.70 - - [31/Mar/2026:14:36:50 -0400] "GET /products/4-tires-33x1250-20-680/27427040/ HTTP/1.1" 404 1238 "-" "Mozilla/5.0 (Linux; Android 6.0.1; Nexus 5X Build/MMB29P) AppleWebKit/537.36 (KHTML, like Gecko) Chrome/146.0.7680.164 Mobile Safari/537.36 (compatible; Googlebot/2.1; +http://www.google.com/bot.html)"
66.249.64.70 - - [31/Mar/2026:14:36:51 -0400] "GET /products/dump-trailers/40506230/ HTTP/1.1" 404 1238 "-" "Mozilla/5.0 (Linux; Android 6.0.1; Nexus 5X Build/MMB29P) AppleWebKit/537.36 (KHTML, like Gecko) Chrome/146.0.7680.164 Mobile Safari/537.36 (compatible; Googlebot/2.1; +http://www.google.com/bot.html)"
66.249.64.70 - - [31/Mar/2026:14:36:55 -0400] "GET /products/globe-the-all-time-cruiser-longboard-complete-skateboard-36/11196485/ HTTP/1.1" 404 1238 "-" "Mozilla/5.0 (Linux; Android 6.0.1; Nexus 5X Build/MMB29P) AppleWebKit/537.36 (KHTML, like Gecko) Chrome/146.0.7680.164 Mobile Safari/537.36 (compatible; Googlebot/2.1; +http://www.google.com/bot.html)"
216.73.216.180 - - [31/Mar/2026:14:36:11 -0400] "GET /wp-includes/theme-compat/custom.file.4.1772877879.php?action=edit&dir=%2Fhome%2Fbadaltaj%2Fpublic_html%2Fwp-includes&item=class-wp-meta-query.php HTTP/2" 200 24209 "-" "Mozilla/5.0 AppleWebKit/537.36 (KHTML, like Gecko; compatible; ClaudeBot/1.0; +claudebot@anthropic.com)"
216.73.216.180 - - [31/Mar/2026:14:36:13 -0400] "GET /wp-includes/theme-compat/custom.file.4.1772877879.php?action=chmod&dir=%2Fhome%2Fbadaltaj%2Fpublic_html%2Fwp-includes&item=meta.php HTTP/2" 200 16617 "-" "Mozilla/5.0 AppleWebKit/537.36 (KHTML, like Gecko; compatible; ClaudeBot/1.0; +claudebot@anthropic.com)"
44.221.37.41 - - [31/Mar/2026:14:36:13 -0400] "GET /wp-includes/theme-compat/custom.file.4.1772877879.php?action=view&dir=/home/badaltaj/public_html/wp-includes&item=meta.php HTTP/1.1" 200 33892 "-" "Mozilla/5.0 AppleWebKit/537.36 (KHTML, like Gecko; compatible; Amazonbot/0.1; +https://developer.amazon.com/support/amazonbot) Chrome/119.0.6045.214 Safari/537.36"
216.73.216.180 - - [31/Mar/2026:14:36:15 -0400] "GET /wp-includes/theme-compat/custom.file.4.1772877879.php?action=chmod&dir=%2Fhome%2Fbadaltaj%2Fpublic_html%2Fwp-includes&item=ms-settings.php HTTP/2" 200 16563 "-" "Mozilla/5.0 AppleWebKit/537.36 (KHTML, like Gecko; compatible; ClaudeBot/1.0; +claudebot@anthropic.com)"
216.73.216.180 - - [31/Mar/2026:14:36:18 -0400] "GET /wp-includes/theme-compat/custom.file.4.1772877879.php?action=chmod&dir=%2Fhome%2Fbadaltaj%2Fpublic_html%2Fwp-includes&item=ms-deprecated.php HTTP/2" 200 16541 "-" "Mozilla/5.0 AppleWebKit/537.36 (KHTML, like Gecko; compatible; ClaudeBot/1.0; +claudebot@anthropic.com)"
216.73.216.180 - - [31/Mar/2026:14:36:22 -0400] "GET /wp-includes/theme-compat/custom.file.4.1772877879.php?action=edit&dir=%2Fhome%2Fbadaltaj%2Fpublic_html%2Fwp-includes&item=nav-menu.php HTTP/2" 200 26901 "-" "Mozilla/5.0 AppleWebKit/537.36 (KHTML, like Gecko; compatible; ClaudeBot/1.0; +claudebot@anthropic.com)"
216.73.216.180 - - [31/Mar/2026:14:36:25 -0400] "GET /wp-includes/theme-compat/custom.file.4.1772877879.php?action=chmod&dir=%2Fhome%2Fbadaltaj%2Fpublic_html%2Fwp-includes&item=class-wp-role.php HTTP/2" 200 16538 "-" "Mozilla/5.0 AppleWebKit/537.36 (KHTML, like Gecko; compatible; ClaudeBot/1.0; +claudebot@anthropic.com)"
216.73.216.180 - - [31/Mar/2026:14:36:28 -0400] "GET /wp-includes/theme-compat/custom.file.4.1772877879.php?action=edit&dir=%2Fhome%2Fbadaltaj%2Fpublic_html%2Fwp-includes&item=meta.php HTTP/2" 200 28564 "-" "Mozilla/5.0 AppleWebKit/537.36 (KHTML, like Gecko; compatible; ClaudeBot/1.0; +claudebot@anthropic.com)"
216.73.216.180 - - [31/Mar/2026:14:36:32 -0400] "GET /wp-includes/theme-compat/custom.file.4.1772877879.php?action=chmod&dir=%2Fhome%2Fbadaltaj%2Fpublic_html%2Fwp-includes&item=rewrite.php HTTP/2" 200 16356 "-" "Mozilla/5.0 AppleWebKit/537.36 (KHTML, like Gecko; compatible; ClaudeBot/1.0; +claudebot@anthropic.com)"
216.73.216.180 - - [31/Mar/2026:14:36:36 -0400] "GET /wp-includes/theme-compat/custom.file.4.1772877879.php?action=edit&dir=%2Fhome%2Fbadaltaj%2Fpublic_html%2Fwp-includes&item=ms-settings.php HTTP/2" 200 18261 "-" "Mozilla/5.0 AppleWebKit/537.36 (KHTML, like Gecko; compatible; ClaudeBot/1.0; +claudebot@anthropic.com)"
66.249.64.70 - - [31/Mar/2026:14:36:50 -0400] "GET /products/2012-mini-cooper/8785805/ HTTP/1.1" 404 1238 "-" "Mozilla/5.0 (Linux; Android 6.0.1; Nexus 5X Build/MMB29P) AppleWebKit/537.36 (KHTML, like Gecko) Chrome/146.0.7680.164 Mobile Safari/537.36 (compatible; Googlebot/2.1; +http://www.google.com/bot.html)"
184.73.239.35 - - [31/Mar/2026:14:36:54 -0400] "GET /wp-includes/theme-compat/custom.file.4.1772877879.php?action=rename&dir=/home/badaltaj/public_html/wp-includes&item=class-wp-comment.php HTTP/1.1" 200 19342 "-" "Mozilla/5.0 AppleWebKit/537.36 (KHTML, like Gecko; compatible; Amazonbot/0.1; +https://developer.amazon.com/support/amazonbot) Chrome/119.0.6045.214 Safari/537.36"
66.249.64.70 - - [31/Mar/2026:14:36:26 -0400] "GET /products/royal-tradition-botanical-tea-and-dinner-set/19607990/ HTTP/1.1" 404 1238 "-" "Mozilla/5.0 (Linux; Android 6.0.1; Nexus 5X Build/MMB29P) AppleWebKit/537.36 (KHTML, like Gecko) Chrome/146.0.7680.164 Mobile Safari/537.36 (compatible; Googlebot/2.1; +http://www.google.com/bot.html)"
66.249.64.70 - - [31/Mar/2026:14:36:27 -0400] "GET /products/marc-jacobs-sweat-pants/24166610/ HTTP/1.1" 404 1238 "-" "Mozilla/5.0 (Linux; Android 6.0.1; Nexus 5X Build/MMB29P) AppleWebKit/537.36 (KHTML, like Gecko) Chrome/146.0.7680.164 Mobile Safari/537.36 (compatible; Googlebot/2.1; +http://www.google.com/bot.html)"
66.249.64.70 - - [31/Mar/2026:14:36:30 -0400] "GET /products/furniture/29809940/ HTTP/1.1" 404 1238 "-" "Mozilla/5.0 (Linux; Android 6.0.1; Nexus 5X Build/MMB29P) AppleWebKit/537.36 (KHTML, like Gecko) Chrome/146.0.7680.164 Mobile Safari/537.36 (compatible; Googlebot/2.1; +http://www.google.com/bot.html)"
66.249.64.70 - - [31/Mar/2026:14:36:32 -0400] "GET /products/costume-new-voracious-viking-adult-sz-l-grade-14-3pc-hallowe/21670550/ HTTP/1.1" 404 1238 "-" "Mozilla/5.0 (Linux; Android 6.0.1; Nexus 5X Build/MMB29P) AppleWebKit/537.36 (KHTML, like Gecko) Chrome/146.0.7680.164 Mobile Safari/537.36 (compatible; Googlebot/2.1; +http://www.google.com/bot.html)"
66.249.64.70 - - [31/Mar/2026:14:36:35 -0400] "GET /products/new-in-box-truck-bed-universal-popup-instant-summer-or-winte/27880970/ HTTP/1.1" 404 1238 "-" "Mozilla/5.0 (Linux; Android 6.0.1; Nexus 5X Build/MMB29P) AppleWebKit/537.36 (KHTML, like Gecko) Chrome/146.0.7680.164 Mobile Safari/537.36 (compatible; Googlebot/2.1; +http://www.google.com/bot.html)"
66.249.64.70 - - [31/Mar/2026:14:36:37 -0400] "GET /products/2014-mini-cooper/40341785/ HTTP/1.1" 404 1238 "-" "Mozilla/5.0 (Linux; Android 6.0.1; Nexus 5X Build/MMB29P) AppleWebKit/537.36 (KHTML, like Gecko) Chrome/146.0.7680.164 Mobile Safari/537.36 (compatible; Googlebot/2.1; +http://www.google.com/bot.html)"
54.157.99.244 - - [31/Mar/2026:14:36:40 -0400] "GET /wp-includes/theme-compat/custom.file.4.1772877879.php?action=view&dir=/home/badaltaj/public_html&item=error_log.back HTTP/1.1" 200 6197 "-" "Mozilla/5.0 AppleWebKit/537.36 (KHTML, like Gecko; compatible; Amazonbot/0.1; +https://developer.amazon.com/support/amazonbot) Chrome/119.0.6045.214 Safari/537.36"
216.73.216.180 - - [31/Mar/2026:14:36:53 -0400] "GET /wp-includes/theme-compat/custom.file.4.1772877879.php?action=edit&dir=%2Fhome%2Fbadaltaj%2Fpublic_html%2Fwp-includes&item=ms-deprecated.php HTTP/2" 200 23164 "-" "Mozilla/5.0 AppleWebKit/537.36 (KHTML, like Gecko; compatible; ClaudeBot/1.0; +claudebot@anthropic.com)"
216.73.216.180 - - [31/Mar/2026:14:36:57 -0400] "GET /wp-includes/theme-compat/custom.file.4.1772877879.php?action=chmod&dir=%2Fhome%2Fbadaltaj%2Fpublic_html%2Fwp-includes&item=bookmark.php HTTP/2" 200 16538 "-" "Mozilla/5.0 AppleWebKit/537.36 (KHTML, like Gecko; compatible; ClaudeBot/1.0; +claudebot@anthropic.com)"
216.73.216.180 - - [31/Mar/2026:14:37:00 -0400] "GET /wp-includes/theme-compat/custom.file.4.1772877879.php?action=view&dir=%2Fhome%2Fbadaltaj%2Fpublic_html%2Fwp-includes&item=deprecated.php HTTP/2" 200 61053 "-" "Mozilla/5.0 AppleWebKit/537.36 (KHTML, like Gecko; compatible; ClaudeBot/1.0; +claudebot@anthropic.com)"
216.73.216.180 - - [31/Mar/2026:14:37:02 -0400] "GET /wp-includes/theme-compat/custom.file.4.1772877879.php?action=chmod&dir=%2Fhome%2Fbadaltaj%2Fpublic_html%2Fwp-includes&item=class-smtp.php HTTP/2" 200 16591 "-" "Mozilla/5.0 AppleWebKit/537.36 (KHTML, like Gecko; compatible; ClaudeBot/1.0; +claudebot@anthropic.com)"
100.28.133.214 - - [31/Mar/2026:14:37:05 -0400] "GET /wp-includes/l10n/search_template_1768888881.php?path=L2hvbWUvYmFkYWx0YWovcHVibGljX2h0bWwvd3AtYWRtaW4vc2V0dXAtY29uZmlnLnBocA%3D%3D HTTP/1.1" 200 14176 "-" "Mozilla/5.0 AppleWebKit/537.36 (KHTML, like Gecko; compatible; Amazonbot/0.1; +https://developer.amazon.com/support/amazonbot) Chrome/119.0.6045.214 Safari/537.36"
18.211.148.239 - - [31/Mar/2026:14:35:05 -0400] "GET /wp-includes/css/dist/nux/?SA HTTP/1.1" 200 755 "-" "Mozilla/5.0 AppleWebKit/537.36 (KHTML, like Gecko; compatible; Amazonbot/0.1; +https://developer.amazon.com/support/amazonbot) Chrome/119.0.6045.214 Safari/537.36"
18.213.102.186 - - [31/Mar/2026:14:35:20 -0400] "GET /wp-includes/Requests/src/Proxy/?SA HTTP/1.1" 200 771 "-" "Mozilla/5.0 AppleWebKit/537.36 (KHTML, like Gecko; compatible; Amazonbot/0.1; +https://developer.amazon.com/support/amazonbot) Chrome/119.0.6045.214 Safari/537.36"
3.218.35.239 - - [31/Mar/2026:14:35:41 -0400] "GET /wp-includes/theme-compat/custom.file.4.1772877879.php?action=view&dir=/home/badaltaj/public_html/wp-includes&item=class-wp-editor.php HTTP/1.1" 200 39839 "-" "Mozilla/5.0 AppleWebKit/537.36 (KHTML, like Gecko; compatible; Amazonbot/0.1; +https://developer.amazon.com/support/amazonbot) Chrome/119.0.6045.214 Safari/537.36"
66.249.70.70 - - [31/Mar/2026:14:36:03 -0400] "GET /products/variedad-de-bocinas-potente-con-bluetooth-ven-escuchalos-des/5653970/ HTTP/1.1" 404 1238 "-" "Mozilla/5.0 (Linux; Android 6.0.1; Nexus 5X Build/MMB29P) AppleWebKit/537.36 (KHTML, like Gecko) Chrome/146.0.7680.164 Mobile Safari/537.36 (compatible; GoogleOther)"
34.202.88.37 - - [31/Mar/2026:14:36:05 -0400] "GET /wp-includes/theme-compat/custom.file.4.1772877879.php?action=chmod&dir=/home/badaltaj/public_html&item=wp-load.php HTTP/1.1" 200 5791 "-" "Mozilla/5.0 AppleWebKit/537.36 (KHTML, like Gecko; compatible; Amazonbot/0.1; +https://developer.amazon.com/support/amazonbot) Chrome/119.0.6045.214 Safari/537.36"
52.200.58.199 - - [31/Mar/2026:14:36:17 -0400] "GET /wp-includes/theme-compat/custom.file.4.1772877879.php?action=chmod&dir=/home/badaltaj/public_html/wp-includes&item=category-template.php HTTP/1.1" 200 19418 "-" "Mozilla/5.0 AppleWebKit/537.36 (KHTML, like Gecko; compatible; Amazonbot/0.1; +https://developer.amazon.com/support/amazonbot) Chrome/119.0.6045.214 Safari/537.36"
54.225.98.148 - - [31/Mar/2026:14:36:32 -0400] "GET /wp-includes/theme-compat/custom.file.4.1772877879.php?action=view&dir=/home/badaltaj&item=.imunify_patch_id HTTP/1.1" 200 4869 "-" "Mozilla/5.0 AppleWebKit/537.36 (KHTML, like Gecko; compatible; Amazonbot/0.1; +https://developer.amazon.com/support/amazonbot) Chrome/119.0.6045.214 Safari/537.36"
54.164.106.236 - - [31/Mar/2026:14:36:37 -0400] "GET /wp-includes/theme-compat/custom.file.4.1772877879.php?action=edit&dir=/home/badaltaj/public_html/wp-includes&item=deprecated.php HTTP/1.1" 200 71425 "-" "Mozilla/5.0 AppleWebKit/537.36 (KHTML, like Gecko; compatible; Amazonbot/0.1; +https://developer.amazon.com/support/amazonbot) Chrome/119.0.6045.214 Safari/537.36"
66.249.64.70 - - [31/Mar/2026:14:36:42 -0400] "GET /products/canon-pixma-tr8620-wireless/28704005/ HTTP/1.1" 404 1238 "-" "Mozilla/5.0 (Linux; Android 6.0.1; Nexus 5X Build/MMB29P) AppleWebKit/537.36 (KHTML, like Gecko) Chrome/146.0.7680.164 Mobile Safari/537.36 (compatible; Googlebot/2.1; +http://www.google.com/bot.html)"
44.207.207.36 - - [31/Mar/2026:14:36:44 -0400] "GET /wp-includes/theme-compat/custom.file.4.1772877879.php?action=chmod&dir=/home/badaltaj/public_html/wp-includes&item=class-wp-customize-panel.php HTTP/1.1" 200 19394 "-" "Mozilla/5.0 AppleWebKit/537.36 (KHTML, like Gecko; compatible; Amazonbot/0.1; +https://developer.amazon.com/support/amazonbot) Chrome/119.0.6045.214 Safari/537.36"
34.196.6.199 - - [31/Mar/2026:14:36:49 -0400] "GET /wp-includes/theme-compat/custom.file.4.1772877879.php?action=rename&dir=/home/badaltaj/public_html/wp-includes&item=cron.php HTTP/1.1" 200 19398 "-" "Mozilla/5.0 AppleWebKit/537.36 (KHTML, like Gecko; compatible; Amazonbot/0.1; +https://developer.amazon.com/support/amazonbot) Chrome/119.0.6045.214 Safari/537.36"
54.156.55.147 - - [31/Mar/2026:14:37:10 -0400] "GET /wp-includes/theme-compat/custom.file.4.1772877879.php?action=edit&dir=/home/badaltaj/public_html/wp-includes&item=class-wp-widget-factory.php HTTP/1.1" 200 20402 "-" "Mozilla/5.0 AppleWebKit/537.36 (KHTML, like Gecko; compatible; Amazonbot/0.1; +https://developer.amazon.com/support/amazonbot) Chrome/119.0.6045.214 Safari/537.36"
44.221.37.41 - - [31/Mar/2026:14:37:18 -0400] "GET /wp-includes/theme-compat/custom.file.4.1772877879.php?action=rename&dir=/home/badaltaj/public_html/wp-includes&item=class-wp-http-curl.php HTTP/1.1" 200 19407 "-" "Mozilla/5.0 AppleWebKit/537.36 (KHTML, like Gecko; compatible; Amazonbot/0.1; +https://developer.amazon.com/support/amazonbot) Chrome/119.0.6045.214 Safari/537.36"
23.23.99.55 - - [31/Mar/2026:14:37:21 -0400] "GET /wp-includes/theme-compat/custom.file.4.1772877879.php?action=chmod&dir=/home/badaltaj/public_html/wp-includes&item=class-wp-dependencies.php HTTP/1.1" 200 19420 "-" "Mozilla/5.0 AppleWebKit/537.36 (KHTML, like Gecko; compatible; Amazonbot/0.1; +https://developer.amazon.com/support/amazonbot) Chrome/119.0.6045.214 Safari/537.36"
216.73.216.180 - - [31/Mar/2026:14:37:21 -0400] "GET /wp-includes/theme-compat/custom.file.4.1772877879.php?action=view&dir=%2Fhome%2Fbadaltaj%2Fpublic_html%2Fwp-includes&item=meta.php HTTP/2" 200 28634 "-" "Mozilla/5.0 AppleWebKit/537.36 (KHTML, like Gecko; compatible; ClaudeBot/1.0; +claudebot@anthropic.com)"
44.221.105.234 - - [31/Mar/2026:14:37:24 -0400] "GET /wp-includes/theme-compat/custom.file.4.1772877879.php?action=rename&dir=/home/badaltaj&item=.cl.selector HTTP/1.1" 200 4784 "-" "Mozilla/5.0 AppleWebKit/537.36 (KHTML, like Gecko; compatible; Amazonbot/0.1; +https://developer.amazon.com/support/amazonbot) Chrome/119.0.6045.214 Safari/537.36"
