138.197.32.106 - - [31/Mar/2026:10:24:15 -0400] "GET /wp-login.php HTTP/1.1" 200 2476 "https://www.google.com/search?q=wordpress" "Mozilla/5.0 (iPhone; CPU iPhone OS 18_3 like Mac OS X) AppleWebKit/605.1.15 (KHTML, like Gecko) Version/18.3 Mobile/15E148 Safari/604.1"
138.197.32.106 - - [31/Mar/2026:10:24:19 -0400] "GET /wp-admin/ HTTP/1.1" 302 182 "https://wordpress.org/" "Mozilla/5.0 (Windows NT 10.0; Win64; x64) AppleWebKit/537.36 (KHTML, like Gecko) Chrome/134.0.0.0 Safari/537.36"
138.197.32.106 - - [31/Mar/2026:10:24:22 -0400] "GET /wp-login.php?redirect_to=https%3A%2F%2Fbadaltajahan.com%2Fwp-admin%2F&reauth=1 HTTP/1.1" 200 2483 "https://wordpress.org/" "Mozilla/5.0 (Windows NT 10.0; Win64; x64) AppleWebKit/537.36 (KHTML, like Gecko) Chrome/134.0.0.0 Safari/537.36"
66.249.70.70 - - [31/Mar/2026:10:25:13 -0400] "GET /products/taylormade-golf-bag/18866465/ HTTP/1.1" 404 1238 "-" "Mozilla/5.0 (Linux; Android 6.0.1; Nexus 5X Build/MMB29P) AppleWebKit/537.36 (KHTML, like Gecko) Chrome/146.0.7680.153 Mobile Safari/537.36 (compatible; GoogleOther)"
185.191.171.17 - - [31/Mar/2026:10:25:23 -0400] "GET /wp-includes/ID3/module.audio.flac.php HTTP/1.1" 200 0 "-" "Mozilla/5.0 (compatible; SemrushBot/7~bl; +http://www.semrush.com/bot.html)"
66.249.70.70 - - [31/Mar/2026:10:27:10 -0400] "GET /products/coach-wallet/30321125/ HTTP/1.1" 404 1238 "-" "Mozilla/5.0 (Linux; Android 6.0.1; Nexus 5X Build/MMB29P) AppleWebKit/537.36 (KHTML, like Gecko) Chrome/146.0.7680.153 Mobile Safari/537.36 (compatible; GoogleOther)"
185.191.171.19 - - [31/Mar/2026:10:28:25 -0400] "GET /wp-includes/sodium_compat/lib/ HTTP/1.1" 200 1299 "-" "Mozilla/5.0 (compatible; SemrushBot/7~bl; +http://www.semrush.com/bot.html)"
185.191.171.13 - - [31/Mar/2026:10:28:50 -0400] "GET /wp-includes/widgets/class-wp-widget-archives.php HTTP/1.1" 200 200 "-" "Mozilla/5.0 (compatible; SemrushBot/7~bl; +http://www.semrush.com/bot.html)"
216.73.216.180 - - [31/Mar/2026:10:31:30 -0400] "GET /wp-admin/css/forms-rtl.min.css HTTP/2" 200 6325 "-" "Mozilla/5.0 AppleWebKit/537.36 (KHTML, like Gecko; compatible; ClaudeBot/1.0; +claudebot@anthropic.com)"
66.249.70.71 - - [31/Mar/2026:10:31:44 -0400] "GET /products/quinceanera/9340310/ HTTP/1.1" 404 1238 "-" "Mozilla/5.0 (Linux; Android 6.0.1; Nexus 5X Build/MMB29P) AppleWebKit/537.36 (KHTML, like Gecko) Chrome/146.0.7680.153 Mobile Safari/537.36 (compatible; GoogleOther)"
66.249.64.71 - - [31/Mar/2026:10:36:53 -0400] "GET /?paged=12&cat=4&page=7 HTTP/1.1" 200 1930 "-" "Mozilla/5.0 (Linux; Android 6.0.1; Nexus 5X Build/MMB29P) AppleWebKit/537.36 (KHTML, like Gecko) Chrome/146.0.7680.153 Mobile Safari/537.36 (compatible; Googlebot/2.1; +http://www.google.com/bot.html)"
66.249.64.70 - - [31/Mar/2026:10:36:59 -0400] "GET /_autoindex/assets/icons/file-text.svg HTTP/1.1" 200 394 "https://badaltajahan.com/?paged=12&cat=4&page=7" "Mozilla/5.0 (Linux; Android 6.0.1; Nexus 5X Build/MMB29P) AppleWebKit/537.36 (KHTML, like Gecko) Chrome/146.0.7680.153 Mobile Safari/537.36 (compatible; Googlebot/2.1; +http://www.google.com/bot.html)"
66.249.64.70 - - [31/Mar/2026:10:36:59 -0400] "GET /_autoindex/assets/css/autoindex.css HTTP/1.1" 200 1170 "https://badaltajahan.com/?paged=12&cat=4&page=7" "Mozilla/5.0 (Linux; Android 6.0.1; Nexus 5X Build/MMB29P) AppleWebKit/537.36 (KHTML, like Gecko) Chrome/146.0.7680.153 Mobile Safari/537.36 (compatible; Googlebot/2.1; +http://www.google.com/bot.html)"
66.249.64.70 - - [31/Mar/2026:10:36:59 -0400] "GET /_autoindex/assets/icons/folder-fill.svg HTTP/1.1" 200 333 "https://badaltajahan.com/?paged=12&cat=4&page=7" "Mozilla/5.0 (Linux; Android 6.0.1; Nexus 5X Build/MMB29P) AppleWebKit/537.36 (KHTML, like Gecko) Chrome/146.0.7680.153 Mobile Safari/537.36 (compatible; Googlebot/2.1; +http://www.google.com/bot.html)"
66.249.64.70 - - [31/Mar/2026:10:36:59 -0400] "GET /_autoindex/assets/js/tablesort.js HTTP/1.1" 200 2137 "https://badaltajahan.com/?paged=12&cat=4&page=7" "Mozilla/5.0 (Linux; Android 6.0.1; Nexus 5X Build/MMB29P) AppleWebKit/537.36 (KHTML, like Gecko) Chrome/146.0.7680.153 Mobile Safari/537.36 (compatible; Googlebot/2.1; +http://www.google.com/bot.html)"
216.73.216.180 - - [31/Mar/2026:10:37:41 -0400] "GET /wp-includes/css/buttons-rtl.min.css HTTP/2" 200 1273 "-" "Mozilla/5.0 AppleWebKit/537.36 (KHTML, like Gecko; compatible; ClaudeBot/1.0; +claudebot@anthropic.com)"
66.249.70.71 - - [31/Mar/2026:10:35:00 -0400] "GET /products/patio-furniture-outdoor-modular-rattan-set/25626920/ HTTP/1.1" 404 1238 "-" "Mozilla/5.0 (Linux; Android 6.0.1; Nexus 5X Build/MMB29P) AppleWebKit/537.36 (KHTML, like Gecko) Chrome/146.0.7680.153 Mobile Safari/537.36 (compatible; GoogleOther)"
66.249.70.69 - - [31/Mar/2026:10:36:57 -0400] "GET /products/dining-table/14342330/ HTTP/1.1" 404 1238 "-" "Mozilla/5.0 (Linux; Android 6.0.1; Nexus 5X Build/MMB29P) AppleWebKit/537.36 (KHTML, like Gecko) Chrome/146.0.7680.153 Mobile Safari/537.36 (compatible; GoogleOther)"
66.249.70.71 - - [31/Mar/2026:10:38:16 -0400] "GET /products/horse/31724360/ HTTP/1.1" 404 1238 "-" "Mozilla/5.0 (Linux; Android 6.0.1; Nexus 5X Build/MMB29P) AppleWebKit/537.36 (KHTML, like Gecko) Chrome/146.0.7680.153 Mobile Safari/537.36 (compatible; GoogleOther)"
51.38.104.194 - - [31/Mar/2026:10:38:40 -0400] "GET /blog-verify HTTP/2" 404 1238 "-" "Mozilla/5.0 (Windows NT 10.0; Win64; x64) AppleWebKit/537.36 (KHTML, like Gecko) Chrome/127.0.0.0 Safari/537.36"
103.247.48.177 - - [31/Mar/2026:10:33:02 -0400] "POST /xmlrpc.php HTTP/1.1" 301 707 "-" "Mozilla/5.0 (Windows NT 10.0; x64) AppleWebKit/537.36 (KHTML, like Gecko) Opera/77.0.0.0 Safari/537.36"
66.249.70.71 - - [31/Mar/2026:10:33:22 -0400] "GET /products/stand-for-omega-swatch-lava-red-orange-moon-moonswatch-speed/18558875/ HTTP/1.1" 404 1238 "-" "Mozilla/5.0 (Linux; Android 6.0.1; Nexus 5X Build/MMB29P) AppleWebKit/537.36 (KHTML, like Gecko) Chrome/146.0.7680.153 Mobile Safari/537.36 (compatible; GoogleOther)"
66.249.70.70 - - [31/Mar/2026:10:33:41 -0400] "GET /products/antique-toy/17181620/ HTTP/1.1" 404 1238 "-" "Mozilla/5.0 (Linux; Android 6.0.1; Nexus 5X Build/MMB29P) AppleWebKit/537.36 (KHTML, like Gecko) Chrome/146.0.7680.153 Mobile Safari/537.36 (compatible; GoogleOther)"
66.249.70.69 - - [31/Mar/2026:10:36:38 -0400] "GET /products/whirlpool-top-load-washer-with-removable-agitator/18124985/ HTTP/1.1" 404 1238 "-" "Mozilla/5.0 (Linux; Android 6.0.1; Nexus 5X Build/MMB29P) AppleWebKit/537.36 (KHTML, like Gecko) Chrome/146.0.7680.153 Mobile Safari/537.36 (compatible; GoogleOther)"
66.249.64.71 - - [31/Mar/2026:10:36:59 -0400] "GET /_autoindex/assets/js/tablesort.number.js HTTP/1.1" 200 322 "https://badaltajahan.com/?paged=12&cat=4&page=7" "Mozilla/5.0 (Linux; Android 6.0.1; Nexus 5X Build/MMB29P) AppleWebKit/537.36 (KHTML, like Gecko) Chrome/146.0.7680.153 Mobile Safari/537.36 (compatible; Googlebot/2.1; +http://www.google.com/bot.html)"
66.249.64.71 - - [31/Mar/2026:10:36:59 -0400] "GET /_autoindex/assets/icons/file.svg HTTP/1.1" 200 354 "https://badaltajahan.com/?paged=12&cat=4&page=7" "Mozilla/5.0 (Linux; Android 6.0.1; Nexus 5X Build/MMB29P) AppleWebKit/537.36 (KHTML, like Gecko) Chrome/146.0.7680.153 Mobile Safari/537.36 (compatible; Googlebot/2.1; +http://www.google.com/bot.html)"
66.249.64.70 - - [31/Mar/2026:10:37:11 -0400] "GET /item/1280931 HTTP/1.1" 404 1238 "-" "Mozilla/5.0 (Linux; Android 6.0.1; Nexus 5X Build/MMB29P) AppleWebKit/537.36 (KHTML, like Gecko) Chrome/146.0.7680.153 Mobile Safari/537.36 (compatible; Googlebot/2.1; +http://www.google.com/bot.html)"
51.38.104.194 - - [31/Mar/2026:10:38:26 -0400] "GET /?check_plugin HTTP/2" 200 10955 "-" "Mozilla/5.0 (Windows NT 10.0; Win64; x64) AppleWebKit/537.36 (KHTML, like Gecko) Chrome/127.0.0.0 Safari/537.36"
51.38.104.194 - - [31/Mar/2026:10:38:31 -0400] "GET /?ts=wixsso HTTP/2" 200 10955 "-" "Mozilla/5.0 (Windows NT 10.0; Win64; x64) AppleWebKit/537.36 (KHTML, like Gecko) Chrome/127.0.0.0 Safari/537.36"
66.249.70.71 - - [31/Mar/2026:10:44:47 -0400] "GET /products/expert-by-mac-tools/33339875/ HTTP/1.1" 404 1238 "-" "Mozilla/5.0 (Linux; Android 6.0.1; Nexus 5X Build/MMB29P) AppleWebKit/537.36 (KHTML, like Gecko) Chrome/146.0.7680.153 Mobile Safari/537.36 (compatible; GoogleOther)"
185.191.171.16 - - [31/Mar/2026:10:39:01 -0400] "GET /wp-includes/widgets/class-wp-widget-pages.php HTTP/1.1" 200 197 "-" "Mozilla/5.0 (compatible; SemrushBot/7~bl; +http://www.semrush.com/bot.html)"
66.249.70.70 - - [31/Mar/2026:10:39:53 -0400] "GET /products/miss-dior-blooming-boquet/20647700/ HTTP/1.1" 404 1238 "-" "Mozilla/5.0 (Linux; Android 6.0.1; Nexus 5X Build/MMB29P) AppleWebKit/537.36 (KHTML, like Gecko) Chrome/146.0.7680.153 Mobile Safari/537.36 (compatible; GoogleOther)"
66.249.70.71 - - [31/Mar/2026:10:41:31 -0400] "GET /products/ge-like-new-ac/4584095/ HTTP/1.1" 404 1238 "-" "Mozilla/5.0 (Linux; Android 6.0.1; Nexus 5X Build/MMB29P) AppleWebKit/537.36 (KHTML, like Gecko) Chrome/146.0.7680.153 Mobile Safari/537.36 (compatible; GoogleOther)"
66.249.70.70 - - [31/Mar/2026:10:43:09 -0400] "GET /products/mattress-cooler/35838620/ HTTP/1.1" 404 1238 "-" "Mozilla/5.0 (Linux; Android 6.0.1; Nexus 5X Build/MMB29P) AppleWebKit/537.36 (KHTML, like Gecko) Chrome/146.0.7680.153 Mobile Safari/537.36 (compatible; GoogleOther)"
66.249.70.70 - - [31/Mar/2026:10:43:28 -0400] "GET /products/coach-purse/7946660/ HTTP/1.1" 404 1238 "-" "Mozilla/5.0 (Linux; Android 6.0.1; Nexus 5X Build/MMB29P) AppleWebKit/537.36 (KHTML, like Gecko) Chrome/146.0.7680.153 Mobile Safari/537.36 (compatible; GoogleOther)"
216.73.216.180 - - [31/Mar/2026:10:44:01 -0400] "GET /wp-admin/css/l10n-rtl.min.css HTTP/2" 200 672 "-" "Mozilla/5.0 AppleWebKit/537.36 (KHTML, like Gecko; compatible; ClaudeBot/1.0; +claudebot@anthropic.com)"
185.191.171.14 - - [31/Mar/2026:10:44:26 -0400] "GET /wp-includes/html-api/class-wp-html-unsupported-exception.php HTTP/1.1" 200 0 "-" "Mozilla/5.0 (compatible; SemrushBot/7~bl; +http://www.semrush.com/bot.html)"
216.73.216.180 - - [31/Mar/2026:10:46:04 -0400] "GET /wp-includes/assets/script-loader-react-refresh-runtime.min.php HTTP/2" 200 0 "-" "Mozilla/5.0 AppleWebKit/537.36 (KHTML, like Gecko; compatible; ClaudeBot/1.0; +claudebot@anthropic.com)"
216.73.216.180 - - [31/Mar/2026:10:46:04 -0400] "GET /wp-includes/html-api/class-wp-html-open-elements.php HTTP/2" 200 0 "-" "Mozilla/5.0 AppleWebKit/537.36 (KHTML, like Gecko; compatible; ClaudeBot/1.0; +claudebot@anthropic.com)"
216.73.216.180 - - [31/Mar/2026:10:46:04 -0400] "GET /wp-includes/rest-api/fields HTTP/2" 301 707 "-" "Mozilla/5.0 AppleWebKit/537.36 (KHTML, like Gecko; compatible; ClaudeBot/1.0; +claudebot@anthropic.com)"
216.73.216.180 - - [31/Mar/2026:10:46:04 -0400] "GET /wp-includes/rest-api/fields/ HTTP/2" 200 997 "https://badaltajahan.com/wp-includes/rest-api/fields" "Mozilla/5.0 AppleWebKit/537.36 (KHTML, like Gecko; compatible; ClaudeBot/1.0; +claudebot@anthropic.com)"
216.73.216.180 - - [31/Mar/2026:10:46:05 -0400] "GET /wp-includes/css/admin-bar.css HTTP/2" 200 4617 "-" "Mozilla/5.0 AppleWebKit/537.36 (KHTML, like Gecko; compatible; ClaudeBot/1.0; +claudebot@anthropic.com)"
216.73.216.180 - - [31/Mar/2026:10:46:05 -0400] "GET /wp-includes/assets/script-modules-packages.php HTTP/2" 200 0 "-" "Mozilla/5.0 AppleWebKit/537.36 (KHTML, like Gecko; compatible; ClaudeBot/1.0; +claudebot@anthropic.com)"
216.73.216.180 - - [31/Mar/2026:10:46:06 -0400] "GET /wp-includes/html-api/class-wp-html-processor-state.php HTTP/2" 200 0 "-" "Mozilla/5.0 AppleWebKit/537.36 (KHTML, like Gecko; compatible; ClaudeBot/1.0; +claudebot@anthropic.com)"
216.73.216.180 - - [31/Mar/2026:10:46:06 -0400] "GET /wp-includes/html-api/class-wp-html-stack-event.php HTTP/2" 200 0 "-" "Mozilla/5.0 AppleWebKit/537.36 (KHTML, like Gecko; compatible; ClaudeBot/1.0; +claudebot@anthropic.com)"
216.73.216.180 - - [31/Mar/2026:10:46:07 -0400] "GET /wp-includes/interactivity-api/error_log HTTP/2" 403 1229 "-" "Mozilla/5.0 AppleWebKit/537.36 (KHTML, like Gecko; compatible; ClaudeBot/1.0; +claudebot@anthropic.com)"
216.73.216.180 - - [31/Mar/2026:10:46:07 -0400] "GET /wp-includes/block-patterns/query-medium-posts.php HTTP/2" 200 182 "-" "Mozilla/5.0 AppleWebKit/537.36 (KHTML, like Gecko; compatible; ClaudeBot/1.0; +claudebot@anthropic.com)"
185.191.171.10 - - [31/Mar/2026:10:39:43 -0400] "GET /?p=7119 HTTP/1.1" 200 2253 "-" "Mozilla/5.0 (compatible; SemrushBot/7~bl; +http://www.semrush.com/bot.html)"
66.249.70.69 - - [31/Mar/2026:10:40:13 -0400] "GET /products/water-heater/31170260/ HTTP/1.1" 404 1238 "-" "Mozilla/5.0 (Linux; Android 6.0.1; Nexus 5X Build/MMB29P) AppleWebKit/537.36 (KHTML, like Gecko) Chrome/146.0.7680.153 Mobile Safari/537.36 (compatible; GoogleOther)"
66.249.64.70 - - [31/Mar/2026:10:41:25 -0400] "GET /products/ashley-console-table-colonial/24889340/ HTTP/1.1" 404 1238 "-" "Mozilla/5.0 (Linux; Android 6.0.1; Nexus 5X Build/MMB29P) AppleWebKit/537.36 (KHTML, like Gecko) Chrome/146.0.7680.164 Mobile Safari/537.36 (compatible; Googlebot/2.1; +http://www.google.com/bot.html)"
216.73.216.180 - - [31/Mar/2026:10:41:53 -0400] "GET /wp-includes/css/dashicons.min.css HTTP/2" 200 35101 "-" "Mozilla/5.0 AppleWebKit/537.36 (KHTML, like Gecko; compatible; ClaudeBot/1.0; +claudebot@anthropic.com)"
85.208.96.196 - - [31/Mar/2026:10:42:48 -0400] "GET /wp-includes/block-supports/utils.php HTTP/1.1" 200 0 "-" "Mozilla/5.0 (compatible; SemrushBot/7~bl; +http://www.semrush.com/bot.html)"
216.73.216.180 - - [31/Mar/2026:10:46:41 -0400] "GET /wp-includes/block-patterns/error_log HTTP/2" 403 1229 "-" "Mozilla/5.0 AppleWebKit/537.36 (KHTML, like Gecko; compatible; ClaudeBot/1.0; +claudebot@anthropic.com)"
216.73.216.180 - - [31/Mar/2026:10:46:41 -0400] "GET /wp-includes/css/dist HTTP/2" 301 707 "-" "Mozilla/5.0 AppleWebKit/537.36 (KHTML, like Gecko; compatible; ClaudeBot/1.0; +claudebot@anthropic.com)"
216.73.216.180 - - [31/Mar/2026:10:46:41 -0400] "GET /wp-includes/html-api/class-wp-html-token.php HTTP/2" 200 0 "-" "Mozilla/5.0 AppleWebKit/537.36 (KHTML, like Gecko; compatible; ClaudeBot/1.0; +claudebot@anthropic.com)"
216.73.216.180 - - [31/Mar/2026:10:46:41 -0400] "GET /wp-includes/html-api/class-wp-html-tag-processor.php HTTP/2" 200 0 "-" "Mozilla/5.0 AppleWebKit/537.36 (KHTML, like Gecko; compatible; ClaudeBot/1.0; +claudebot@anthropic.com)"
216.73.216.180 - - [31/Mar/2026:10:46:41 -0400] "GET /wp-includes/css/dist/ HTTP/2" 200 1154 "https://badaltajahan.com/wp-includes/css/dist" "Mozilla/5.0 AppleWebKit/537.36 (KHTML, like Gecko; compatible; ClaudeBot/1.0; +claudebot@anthropic.com)"
216.73.216.180 - - [31/Mar/2026:10:46:41 -0400] "GET /wp-includes/assets/script-loader-packages.php HTTP/2" 200 0 "-" "Mozilla/5.0 AppleWebKit/537.36 (KHTML, like Gecko; compatible; ClaudeBot/1.0; +claudebot@anthropic.com)"
216.73.216.180 - - [31/Mar/2026:10:46:41 -0400] "GET /wp-includes/theme-compat/header.php HTTP/2" 200 181 "-" "Mozilla/5.0 AppleWebKit/537.36 (KHTML, like Gecko; compatible; ClaudeBot/1.0; +claudebot@anthropic.com)"
216.73.216.180 - - [31/Mar/2026:10:46:41 -0400] "GET /wp-includes/css/buttons.css HTTP/2" 200 2279 "-" "Mozilla/5.0 AppleWebKit/537.36 (KHTML, like Gecko; compatible; ClaudeBot/1.0; +claudebot@anthropic.com)"
216.73.216.180 - - [31/Mar/2026:10:46:42 -0400] "GET /wp-includes/html-api/class-wp-html-span.php HTTP/2" 200 0 "-" "Mozilla/5.0 AppleWebKit/537.36 (KHTML, like Gecko; compatible; ClaudeBot/1.0; +claudebot@anthropic.com)"
216.73.216.180 - - [31/Mar/2026:10:46:42 -0400] "GET /wp-includes/theme-compat/embed.php HTTP/2" 200 179 "-" "Mozilla/5.0 AppleWebKit/537.36 (KHTML, like Gecko; compatible; ClaudeBot/1.0; +claudebot@anthropic.com)"
216.73.216.180 - - [31/Mar/2026:10:46:42 -0400] "GET /wp-includes/theme-compat/comments.php HTTP/2" 200 181 "-" "Mozilla/5.0 AppleWebKit/537.36 (KHTML, like Gecko; compatible; ClaudeBot/1.0; +claudebot@anthropic.com)"
216.73.216.180 - - [31/Mar/2026:10:46:42 -0400] "GET /wp-includes/block-patterns/query-grid-posts.php HTTP/2" 200 181 "-" "Mozilla/5.0 AppleWebKit/537.36 (KHTML, like Gecko; compatible; ClaudeBot/1.0; +claudebot@anthropic.com)"
216.73.216.180 - - [31/Mar/2026:10:46:42 -0400] "GET /wp-includes/block-patterns/query-small-posts.php HTTP/2" 200 183 "-" "Mozilla/5.0 AppleWebKit/537.36 (KHTML, like Gecko; compatible; ClaudeBot/1.0; +claudebot@anthropic.com)"
216.73.216.180 - - [31/Mar/2026:10:46:07 -0400] "GET /wp-includes/css/wp-pointer-rtl.css HTTP/2" 200 1004 "-" "Mozilla/5.0 AppleWebKit/537.36 (KHTML, like Gecko; compatible; ClaudeBot/1.0; +claudebot@anthropic.com)"
216.73.216.180 - - [31/Mar/2026:10:46:08 -0400] "GET /wp-includes/assets/script-loader-react-refresh-entry.php HTTP/2" 200 0 "-" "Mozilla/5.0 AppleWebKit/537.36 (KHTML, like Gecko; compatible; ClaudeBot/1.0; +claudebot@anthropic.com)"
216.73.216.180 - - [31/Mar/2026:10:46:08 -0400] "GET /wp-includes/html-api/error_log HTTP/2" 403 1229 "-" "Mozilla/5.0 AppleWebKit/537.36 (KHTML, like Gecko; compatible; ClaudeBot/1.0; +claudebot@anthropic.com)"
216.73.216.180 - - [31/Mar/2026:10:47:01 -0400] "GET /wp-includes/rest-api/error_log HTTP/2" 403 1229 "-" "Mozilla/5.0 AppleWebKit/537.36 (KHTML, like Gecko; compatible; ClaudeBot/1.0; +claudebot@anthropic.com)"
216.73.216.180 - - [31/Mar/2026:10:47:01 -0400] "GET /wp-includes/css/wp-embed-template.css HTTP/2" 200 1878 "-" "Mozilla/5.0 AppleWebKit/537.36 (KHTML, like Gecko; compatible; ClaudeBot/1.0; +claudebot@anthropic.com)"
216.73.216.180 - - [31/Mar/2026:10:47:01 -0400] "GET /wp-includes/theme-compat/header-embed.php HTTP/2" 200 196 "-" "Mozilla/5.0 AppleWebKit/537.36 (KHTML, like Gecko; compatible; ClaudeBot/1.0; +claudebot@anthropic.com)"
216.73.216.180 - - [31/Mar/2026:10:47:01 -0400] "GET /wp-includes/block-patterns/query-standard-posts.php HTTP/2" 200 181 "-" "Mozilla/5.0 AppleWebKit/537.36 (KHTML, like Gecko; compatible; ClaudeBot/1.0; +claudebot@anthropic.com)"
216.73.216.180 - - [31/Mar/2026:10:47:01 -0400] "GET /wp-includes/html-api/class-wp-html-active-formatting-elements.php HTTP/2" 200 0 "-" "Mozilla/5.0 AppleWebKit/537.36 (KHTML, like Gecko; compatible; ClaudeBot/1.0; +claudebot@anthropic.com)"
216.73.216.180 - - [31/Mar/2026:10:47:01 -0400] "GET /wp-includes/assets/script-loader-react-refresh-entry.min.php HTTP/2" 200 0 "-" "Mozilla/5.0 AppleWebKit/537.36 (KHTML, like Gecko; compatible; ClaudeBot/1.0; +claudebot@anthropic.com)"
216.73.216.180 - - [31/Mar/2026:10:47:01 -0400] "GET /wp-includes/IXR/class-IXR-error.php HTTP/2" 200 0 "-" "Mozilla/5.0 AppleWebKit/537.36 (KHTML, like Gecko; compatible; ClaudeBot/1.0; +claudebot@anthropic.com)"
216.73.216.180 - - [31/Mar/2026:10:47:02 -0400] "GET /wp-includes/css/customize-preview.css HTTP/2" 200 959 "-" "Mozilla/5.0 AppleWebKit/537.36 (KHTML, like Gecko; compatible; ClaudeBot/1.0; +claudebot@anthropic.com)"
216.73.216.180 - - [31/Mar/2026:10:47:02 -0400] "GET /wp-includes/customize/error_log HTTP/2" 403 1229 "-" "Mozilla/5.0 AppleWebKit/537.36 (KHTML, like Gecko; compatible; ClaudeBot/1.0; +claudebot@anthropic.com)"
216.73.216.180 - - [31/Mar/2026:10:47:02 -0400] "GET /wp-includes/html-api/class-wp-html-attribute-token.php HTTP/2" 200 0 "-" "Mozilla/5.0 AppleWebKit/537.36 (KHTML, like Gecko; compatible; ClaudeBot/1.0; +claudebot@anthropic.com)"
216.73.216.180 - - [31/Mar/2026:10:47:02 -0400] "GET /wp-includes/widgets/error_log HTTP/2" 403 1229 "-" "Mozilla/5.0 AppleWebKit/537.36 (KHTML, like Gecko; compatible; ClaudeBot/1.0; +claudebot@anthropic.com)"
216.73.216.180 - - [31/Mar/2026:10:47:02 -0400] "GET /wp-includes/interactivity-api/class-wp-interactivity-api.php HTTP/2" 200 0 "-" "Mozilla/5.0 AppleWebKit/537.36 (KHTML, like Gecko; compatible; ClaudeBot/1.0; +claudebot@anthropic.com)"
216.73.216.180 - - [31/Mar/2026:10:48:13 -0400] "GET /wp-includes/css/admin-bar-rtl.css HTTP/2" 200 4642 "-" "Mozilla/5.0 AppleWebKit/537.36 (KHTML, like Gecko; compatible; ClaudeBot/1.0; +claudebot@anthropic.com)"
216.73.216.180 - - [31/Mar/2026:10:48:13 -0400] "GET /wp-includes/css/buttons.min.css HTTP/2" 200 1275 "-" "Mozilla/5.0 AppleWebKit/537.36 (KHTML, like Gecko; compatible; ClaudeBot/1.0; +claudebot@anthropic.com)"
216.73.216.180 - - [31/Mar/2026:10:48:13 -0400] "GET /wp-includes/assets/script-loader-packages.min.php HTTP/2" 200 0 "-" "Mozilla/5.0 AppleWebKit/537.36 (KHTML, like Gecko; compatible; ClaudeBot/1.0; +claudebot@anthropic.com)"
66.249.70.70 - - [31/Mar/2026:10:46:44 -0400] "GET /products/electrical-material-80-plastic-boxes/42232295/ HTTP/1.1" 404 1238 "-" "Mozilla/5.0 (Linux; Android 6.0.1; Nexus 5X Build/MMB29P) AppleWebKit/537.36 (KHTML, like Gecko) Chrome/146.0.7680.153 Mobile Safari/537.36 (compatible; GoogleOther)"
216.73.216.180 - - [31/Mar/2026:10:47:30 -0400] "GET /wp-includes/css/customize-preview-rtl.css HTTP/2" 200 980 "-" "Mozilla/5.0 AppleWebKit/537.36 (KHTML, like Gecko; compatible; ClaudeBot/1.0; +claudebot@anthropic.com)"
216.73.216.180 - - [31/Mar/2026:10:47:30 -0400] "GET /wp-includes/block-supports/shadow.php HTTP/2" 200 184 "-" "Mozilla/5.0 AppleWebKit/537.36 (KHTML, like Gecko; compatible; ClaudeBot/1.0; +claudebot@anthropic.com)"
216.73.216.180 - - [31/Mar/2026:10:47:30 -0400] "GET /wp-includes/widgets/class-wp-widget-custom-html.php HTTP/2" 200 188 "-" "Mozilla/5.0 AppleWebKit/537.36 (KHTML, like Gecko; compatible; ClaudeBot/1.0; +claudebot@anthropic.com)"
216.73.216.180 - - [31/Mar/2026:10:47:30 -0400] "GET /wp-includes/widgets/class-wp-widget-recent-comments.php HTTP/2" 200 187 "-" "Mozilla/5.0 AppleWebKit/537.36 (KHTML, like Gecko; compatible; ClaudeBot/1.0; +claudebot@anthropic.com)"
216.73.216.180 - - [31/Mar/2026:10:47:30 -0400] "GET /wp-includes/block-supports/background.php HTTP/2" 200 185 "-" "Mozilla/5.0 AppleWebKit/537.36 (KHTML, like Gecko; compatible; ClaudeBot/1.0; +claudebot@anthropic.com)"
216.73.216.180 - - [31/Mar/2026:10:47:30 -0400] "GET /wp-includes/PHPMailer/Exception.php HTTP/2" 200 0 "-" "Mozilla/5.0 AppleWebKit/537.36 (KHTML, like Gecko; compatible; ClaudeBot/1.0; +claudebot@anthropic.com)"
216.73.216.180 - - [31/Mar/2026:10:47:30 -0400] "GET /wp-includes/pomo/streams.php HTTP/2" 200 0 "-" "Mozilla/5.0 AppleWebKit/537.36 (KHTML, like Gecko; compatible; ClaudeBot/1.0; +claudebot@anthropic.com)"
216.73.216.180 - - [31/Mar/2026:10:47:31 -0400] "GET /wp-includes/css/editor-rtl.min.css HTTP/2" 200 5670 "-" "Mozilla/5.0 AppleWebKit/537.36 (KHTML, like Gecko; compatible; ClaudeBot/1.0; +claudebot@anthropic.com)"
216.73.216.180 - - [31/Mar/2026:10:47:31 -0400] "GET /wp-includes/block-supports/border.php HTTP/2" 200 186 "-" "Mozilla/5.0 AppleWebKit/537.36 (KHTML, like Gecko; compatible; ClaudeBot/1.0; +claudebot@anthropic.com)"
216.73.216.180 - - [31/Mar/2026:10:47:31 -0400] "GET /wp-includes/customize/class-wp-customize-theme-control.php HTTP/2" 200 203 "-" "Mozilla/5.0 AppleWebKit/537.36 (KHTML, like Gecko; compatible; ClaudeBot/1.0; +claudebot@anthropic.com)"
216.73.216.180 - - [31/Mar/2026:10:47:31 -0400] "GET /wp-includes/ID3/module.audio.ogg.php HTTP/2" 200 0 "-" "Mozilla/5.0 AppleWebKit/537.36 (KHTML, like Gecko; compatible; ClaudeBot/1.0; +claudebot@anthropic.com)"
216.73.216.180 - - [31/Mar/2026:10:47:31 -0400] "GET /wp-includes/IXR/class-IXR-clientmulticall.php HTTP/2" 200 186 "-" "Mozilla/5.0 AppleWebKit/537.36 (KHTML, like Gecko; compatible; ClaudeBot/1.0; +claudebot@anthropic.com)"
216.73.216.180 - - [31/Mar/2026:10:48:20 -0400] "GET /wp-includes/css/media-views.css HTTP/2" 200 10085 "-" "Mozilla/5.0 AppleWebKit/537.36 (KHTML, like Gecko; compatible; ClaudeBot/1.0; +claudebot@anthropic.com)"
216.73.216.180 - - [31/Mar/2026:10:48:20 -0400] "GET /wp-includes/css/buttons-rtl.css HTTP/2" 200 2286 "-" "Mozilla/5.0 AppleWebKit/537.36 (KHTML, like Gecko; compatible; ClaudeBot/1.0; +claudebot@anthropic.com)"
216.73.216.180 - - [31/Mar/2026:10:48:20 -0400] "GET /wp-includes/IXR/class-IXR-base64.php HTTP/2" 200 0 "-" "Mozilla/5.0 AppleWebKit/537.36 (KHTML, like Gecko; compatible; ClaudeBot/1.0; +claudebot@anthropic.com)"
216.73.216.180 - - [31/Mar/2026:10:48:20 -0400] "GET /wp-includes/ID3/module.audio.dts.php HTTP/2" 200 0 "-" "Mozilla/5.0 AppleWebKit/537.36 (KHTML, like Gecko; compatible; ClaudeBot/1.0; +claudebot@anthropic.com)"
216.73.216.180 - - [31/Mar/2026:10:48:20 -0400] "GET /wp-includes/block-supports/align.php HTTP/2" 200 182 "-" "Mozilla/5.0 AppleWebKit/537.36 (KHTML, like Gecko; compatible; ClaudeBot/1.0; +claudebot@anthropic.com)"
209.221.226.213 - - [31/Mar/2026:10:39:03 -0400] "POST /xmlrpc.php HTTP/1.1" 301 707 "-" "Mozilla/5.0 (Windows NT 6.3; arm64) AppleWebKit/537.36 (KHTML, like Gecko) Edge/80.0.0.0 Safari/537.36"
216.73.216.180 - - [31/Mar/2026:10:40:05 -0400] "GET /wp-admin/css/install-rtl.min.css HTTP/2" 200 1589 "-" "Mozilla/5.0 AppleWebKit/537.36 (KHTML, like Gecko; compatible; ClaudeBot/1.0; +claudebot@anthropic.com)"
66.249.70.69 - - [31/Mar/2026:10:42:43 -0400] "GET /products/full-length-formal-lace-top-gown/13763210/ HTTP/1.1" 404 1238 "-" "Mozilla/5.0 (Linux; Android 6.0.1; Nexus 5X Build/MMB29P) AppleWebKit/537.36 (KHTML, like Gecko) Chrome/146.0.7680.153 Mobile Safari/537.36 (compatible; GoogleOther)"
216.73.216.180 - - [31/Mar/2026:10:46:24 -0400] "GET /wp-includes/css/editor.min.css HTTP/2" 200 5680 "-" "Mozilla/5.0 AppleWebKit/537.36 (KHTML, like Gecko; compatible; ClaudeBot/1.0; +claudebot@anthropic.com)"
216.73.216.180 - - [31/Mar/2026:10:46:24 -0400] "GET /wp-includes/html-api/class-wp-html-decoder.php HTTP/2" 200 0 "-" "Mozilla/5.0 AppleWebKit/537.36 (KHTML, like Gecko; compatible; ClaudeBot/1.0; +claudebot@anthropic.com)"
216.73.216.180 - - [31/Mar/2026:10:46:24 -0400] "GET /wp-includes/interactivity-api/interactivity-api.php HTTP/2" 200 0 "-" "Mozilla/5.0 AppleWebKit/537.36 (KHTML, like Gecko; compatible; ClaudeBot/1.0; +claudebot@anthropic.com)"
216.73.216.180 - - [31/Mar/2026:10:46:25 -0400] "GET /wp-includes/css/wp-pointer.min.css HTTP/2" 200 797 "-" "Mozilla/5.0 AppleWebKit/537.36 (KHTML, like Gecko; compatible; ClaudeBot/1.0; +claudebot@anthropic.com)"
216.73.216.180 - - [31/Mar/2026:10:46:25 -0400] "GET /wp-includes/block-patterns/query-offset-posts.php HTTP/2" 200 182 "-" "Mozilla/5.0 AppleWebKit/537.36 (KHTML, like Gecko; compatible; ClaudeBot/1.0; +claudebot@anthropic.com)"
216.73.216.180 - - [31/Mar/2026:10:46:25 -0400] "GET /wp-includes/assets/script-loader-react-refresh-runtime.php HTTP/2" 200 0 "-" "Mozilla/5.0 AppleWebKit/537.36 (KHTML, like Gecko; compatible; ClaudeBot/1.0; +claudebot@anthropic.com)"
216.73.216.180 - - [31/Mar/2026:10:46:25 -0400] "GET /wp-includes/html-api/class-wp-html-processor.php HTTP/2" 200 203 "-" "Mozilla/5.0 AppleWebKit/537.36 (KHTML, like Gecko; compatible; ClaudeBot/1.0; +claudebot@anthropic.com)"
216.73.216.180 - - [31/Mar/2026:10:46:26 -0400] "GET /wp-includes/Text/Exception.php HTTP/2" 200 0 "-" "Mozilla/5.0 AppleWebKit/537.36 (KHTML, like Gecko; compatible; ClaudeBot/1.0; +claudebot@anthropic.com)"
216.73.216.180 - - [31/Mar/2026:10:46:26 -0400] "GET /wp-includes/Text/Diff HTTP/2" 301 707 "-" "Mozilla/5.0 AppleWebKit/537.36 (KHTML, like Gecko; compatible; ClaudeBot/1.0; +claudebot@anthropic.com)"
216.73.216.180 - - [31/Mar/2026:10:46:26 -0400] "GET /wp-includes/Text/Diff/ HTTP/2" 200 659 "https://badaltajahan.com/wp-includes/Text/Diff" "Mozilla/5.0 AppleWebKit/537.36 (KHTML, like Gecko; compatible; ClaudeBot/1.0; +claudebot@anthropic.com)"
216.73.216.180 - - [31/Mar/2026:10:46:26 -0400] "GET /wp-includes/css/editor.css HTTP/2" 200 6481 "-" "Mozilla/5.0 AppleWebKit/537.36 (KHTML, like Gecko; compatible; ClaudeBot/1.0; +claudebot@anthropic.com)"
216.73.216.180 - - [31/Mar/2026:10:46:27 -0400] "GET /wp-includes/css/wp-pointer.css HTTP/2" 200 986 "-" "Mozilla/5.0 AppleWebKit/537.36 (KHTML, like Gecko; compatible; ClaudeBot/1.0; +claudebot@anthropic.com)"
216.73.216.180 - - [31/Mar/2026:10:46:27 -0400] "GET /wp-includes/Text/Diff.php HTTP/2" 200 0 "-" "Mozilla/5.0 AppleWebKit/537.36 (KHTML, like Gecko; compatible; ClaudeBot/1.0; +claudebot@anthropic.com)"
66.249.70.70 - - [31/Mar/2026:10:48:02 -0400] "GET /products/icee-blue-podocrapus/25269755/ HTTP/1.1" 404 1238 "-" "Mozilla/5.0 (Linux; Android 6.0.1; Nexus 5X Build/MMB29P) AppleWebKit/537.36 (KHTML, like Gecko) Chrome/146.0.7680.153 Mobile Safari/537.36 (compatible; GoogleOther)"
216.73.216.180 - - [31/Mar/2026:10:48:56 -0400] "GET /wp-includes/css/wp-empty-template-alert.min.css HTTP/2" 200 183 "-" "Mozilla/5.0 AppleWebKit/537.36 (KHTML, like Gecko; compatible; ClaudeBot/1.0; +claudebot@anthropic.com)"
216.73.216.180 - - [31/Mar/2026:10:48:56 -0400] "GET /wp-includes/css/admin-bar-rtl.min.css HTTP/2" 200 3665 "-" "Mozilla/5.0 AppleWebKit/537.36 (KHTML, like Gecko; compatible; ClaudeBot/1.0; +claudebot@anthropic.com)"
216.73.216.180 - - [31/Mar/2026:10:48:56 -0400] "GET /wp-includes/sodium_compat/src HTTP/2" 301 707 "-" "Mozilla/5.0 AppleWebKit/537.36 (KHTML, like Gecko; compatible; ClaudeBot/1.0; +claudebot@anthropic.com)"
216.73.216.180 - - [31/Mar/2026:10:48:56 -0400] "GET /wp-includes/css/jquery-ui-dialog.css HTTP/2" 200 1628 "-" "Mozilla/5.0 AppleWebKit/537.36 (KHTML, like Gecko; compatible; ClaudeBot/1.0; +claudebot@anthropic.com)"
216.73.216.180 - - [31/Mar/2026:10:48:56 -0400] "GET /wp-includes/widgets/class-wp-widget-links.php HTTP/2" 200 185 "-" "Mozilla/5.0 AppleWebKit/537.36 (KHTML, like Gecko; compatible; ClaudeBot/1.0; +claudebot@anthropic.com)"
216.73.216.180 - - [31/Mar/2026:10:48:56 -0400] "GET /wp-includes/block-supports/generated-classname.php HTTP/2" 200 193 "-" "Mozilla/5.0 AppleWebKit/537.36 (KHTML, like Gecko; compatible; ClaudeBot/1.0; +claudebot@anthropic.com)"
216.73.216.180 - - [31/Mar/2026:10:48:56 -0400] "GET /wp-includes/css/wp-embed-template-ie.css HTTP/2" 200 33 "-" "Mozilla/5.0 AppleWebKit/537.36 (KHTML, like Gecko; compatible; ClaudeBot/1.0; +claudebot@anthropic.com)"
216.73.216.180 - - [31/Mar/2026:10:48:56 -0400] "GET /wp-includes/rest-api/class-wp-rest-response.php HTTP/2" 200 192 "-" "Mozilla/5.0 AppleWebKit/537.36 (KHTML, like Gecko; compatible; ClaudeBot/1.0; +claudebot@anthropic.com)"
216.73.216.180 - - [31/Mar/2026:10:48:56 -0400] "GET /wp-includes/customize/class-wp-customize-upload-control.php HTTP/2" 200 204 "-" "Mozilla/5.0 AppleWebKit/537.36 (KHTML, like Gecko; compatible; ClaudeBot/1.0; +claudebot@anthropic.com)"
216.73.216.180 - - [31/Mar/2026:10:48:56 -0400] "GET /wp-includes/widgets/class-wp-widget-archives.php HTTP/2" 200 182 "-" "Mozilla/5.0 AppleWebKit/537.36 (KHTML, like Gecko; compatible; ClaudeBot/1.0; +claudebot@anthropic.com)"
216.73.216.180 - - [31/Mar/2026:10:48:57 -0400] "GET /wp-includes/widgets/class-wp-widget-meta.php HTTP/2" 200 185 "-" "Mozilla/5.0 AppleWebKit/537.36 (KHTML, like Gecko; compatible; ClaudeBot/1.0; +claudebot@anthropic.com)"
216.73.216.180 - - [31/Mar/2026:10:48:56 -0400] "GET /wp-includes/sodium_compat/src/ HTTP/2" 200 1147 "https://badaltajahan.com/wp-includes/sodium_compat/src" "Mozilla/5.0 AppleWebKit/537.36 (KHTML, like Gecko; compatible; ClaudeBot/1.0; +claudebot@anthropic.com)"
216.73.216.180 - - [31/Mar/2026:10:48:57 -0400] "GET /wp-includes/customize/class-wp-customize-sidebar-section.php HTTP/2" 200 203 "-" "Mozilla/5.0 AppleWebKit/537.36 (KHTML, like Gecko; compatible; ClaudeBot/1.0; +claudebot@anthropic.com)"
66.249.70.71 - - [31/Mar/2026:10:49:14 -0400] "GET /products/princess-house-vida-sana/22493765/ HTTP/1.1" 404 1238 "-" "Mozilla/5.0 (Linux; Android 6.0.1; Nexus 5X Build/MMB29P) AppleWebKit/537.36 (KHTML, like Gecko) Chrome/146.0.7680.153 Mobile Safari/537.36 (compatible; Googlebot/2.1; +http://www.google.com/bot.html)"
85.208.96.212 - - [31/Mar/2026:10:49:33 -0400] "GET /wp-includes/html-api/class-wp-html-doctype-info.php HTTP/1.1" 200 0 "-" "Mozilla/5.0 (compatible; SemrushBot/7~bl; +http://www.semrush.com/bot.html)"
216.73.216.180 - - [31/Mar/2026:10:50:06 -0400] "GET /wp-includes/css/wp-auth-check.min.css HTTP/2" 200 621 "-" "Mozilla/5.0 AppleWebKit/537.36 (KHTML, like Gecko; compatible; ClaudeBot/1.0; +claudebot@anthropic.com)"
216.73.216.180 - - [31/Mar/2026:10:50:06 -0400] "GET /wp-includes/sodium_compat/autoload-php7.php HTTP/2" 200 0 "-" "Mozilla/5.0 AppleWebKit/537.36 (KHTML, like Gecko; compatible; ClaudeBot/1.0; +claudebot@anthropic.com)"
216.73.216.180 - - [31/Mar/2026:10:50:06 -0400] "GET /wp-includes/widgets/class-wp-widget-pages.php HTTP/2" 200 188 "-" "Mozilla/5.0 AppleWebKit/537.36 (KHTML, like Gecko; compatible; ClaudeBot/1.0; +claudebot@anthropic.com)"
216.73.216.180 - - [31/Mar/2026:10:48:13 -0400] "GET /wp-includes/widgets/class-wp-widget-recent-posts.php HTTP/2" 200 189 "-" "Mozilla/5.0 AppleWebKit/537.36 (KHTML, like Gecko; compatible; ClaudeBot/1.0; +claudebot@anthropic.com)"
216.73.216.180 - - [31/Mar/2026:10:48:13 -0400] "GET /wp-includes/IXR/class-IXR-date.php HTTP/2" 200 0 "-" "Mozilla/5.0 AppleWebKit/537.36 (KHTML, like Gecko; compatible; ClaudeBot/1.0; +claudebot@anthropic.com)"
216.73.216.180 - - [31/Mar/2026:10:48:13 -0400] "GET /wp-includes/theme-compat/error_log HTTP/2" 403 1229 "-" "Mozilla/5.0 AppleWebKit/537.36 (KHTML, like Gecko; compatible; ClaudeBot/1.0; +claudebot@anthropic.com)"
216.73.216.180 - - [31/Mar/2026:10:48:13 -0400] "GET /wp-includes/customize/class-wp-customize-partial.php HTTP/2" 200 0 "-" "Mozilla/5.0 AppleWebKit/537.36 (KHTML, like Gecko; compatible; ClaudeBot/1.0; +claudebot@anthropic.com)"
216.73.216.180 - - [31/Mar/2026:10:48:13 -0400] "GET /wp-includes/theme-compat/sidebar.php HTTP/2" 200 183 "-" "Mozilla/5.0 AppleWebKit/537.36 (KHTML, like Gecko; compatible; ClaudeBot/1.0; +claudebot@anthropic.com)"
216.73.216.180 - - [31/Mar/2026:10:48:13 -0400] "GET /wp-includes/html-api/class-wp-html-text-replacement.php HTTP/2" 200 0 "-" "Mozilla/5.0 AppleWebKit/537.36 (KHTML, like Gecko; compatible; ClaudeBot/1.0; +claudebot@anthropic.com)"
216.73.216.180 - - [31/Mar/2026:10:48:13 -0400] "GET /wp-includes/IXR/class-IXR-message.php HTTP/2" 200 0 "-" "Mozilla/5.0 AppleWebKit/537.36 (KHTML, like Gecko; compatible; ClaudeBot/1.0; +claudebot@anthropic.com)"
216.73.216.180 - - [31/Mar/2026:10:48:14 -0400] "GET /wp-includes/css/admin-bar.min.css HTTP/2" 200 3663 "-" "Mozilla/5.0 AppleWebKit/537.36 (KHTML, like Gecko; compatible; ClaudeBot/1.0; +claudebot@anthropic.com)"
216.73.216.180 - - [31/Mar/2026:10:48:14 -0400] "GET /wp-includes/block-patterns/query-large-title-posts.php HTTP/2" 200 185 "-" "Mozilla/5.0 AppleWebKit/537.36 (KHTML, like Gecko; compatible; ClaudeBot/1.0; +claudebot@anthropic.com)"
216.73.216.180 - - [31/Mar/2026:10:50:20 -0400] "GET /wp-includes/sodium_compat/lib HTTP/2" 301 707 "-" "Mozilla/5.0 AppleWebKit/537.36 (KHTML, like Gecko; compatible; ClaudeBot/1.0; +claudebot@anthropic.com)"
216.73.216.180 - - [31/Mar/2026:10:50:20 -0400] "GET /wp-includes/PHPMailer/error_log HTTP/2" 403 1229 "-" "Mozilla/5.0 AppleWebKit/537.36 (KHTML, like Gecko; compatible; ClaudeBot/1.0; +claudebot@anthropic.com)"
216.73.216.180 - - [31/Mar/2026:10:50:20 -0400] "GET /wp-includes/block-supports/spacing.php HTTP/2" 200 182 "-" "Mozilla/5.0 AppleWebKit/537.36 (KHTML, like Gecko; compatible; ClaudeBot/1.0; +claudebot@anthropic.com)"
216.73.216.180 - - [31/Mar/2026:10:50:20 -0400] "GET /wp-includes/html-api/class-wp-html-doctype-info.php HTTP/2" 200 0 "-" "Mozilla/5.0 AppleWebKit/537.36 (KHTML, like Gecko; compatible; ClaudeBot/1.0; +claudebot@anthropic.com)"
216.73.216.180 - - [31/Mar/2026:10:50:20 -0400] "GET /wp-includes/widgets/class-wp-widget-calendar.php HTTP/2" 200 181 "-" "Mozilla/5.0 AppleWebKit/537.36 (KHTML, like Gecko; compatible; ClaudeBot/1.0; +claudebot@anthropic.com)"
216.73.216.180 - - [31/Mar/2026:10:50:20 -0400] "GET /wp-includes/customize/class-wp-widget-form-customize-control.php HTTP/2" 200 207 "-" "Mozilla/5.0 AppleWebKit/537.36 (KHTML, like Gecko; compatible; ClaudeBot/1.0; +claudebot@anthropic.com)"
216.73.216.180 - - [31/Mar/2026:10:50:20 -0400] "GET /wp-includes/pomo/po.php HTTP/2" 200 0 "-" "Mozilla/5.0 AppleWebKit/537.36 (KHTML, like Gecko; compatible; ClaudeBot/1.0; +claudebot@anthropic.com)"
216.73.216.180 - - [31/Mar/2026:10:50:20 -0400] "GET /wp-includes/customize/class-wp-customize-nav-menu-setting.php HTTP/2" 200 204 "-" "Mozilla/5.0 AppleWebKit/537.36 (KHTML, like Gecko; compatible; ClaudeBot/1.0; +claudebot@anthropic.com)"
216.73.216.180 - - [31/Mar/2026:10:50:20 -0400] "GET /wp-includes/block-supports/error_log HTTP/2" 403 1229 "-" "Mozilla/5.0 AppleWebKit/537.36 (KHTML, like Gecko; compatible; ClaudeBot/1.0; +claudebot@anthropic.com)"
216.73.216.180 - - [31/Mar/2026:10:50:06 -0400] "GET /wp-includes/widgets/class-wp-nav-menu-widget.php HTTP/2" 200 190 "-" "Mozilla/5.0 AppleWebKit/537.36 (KHTML, like Gecko; compatible; ClaudeBot/1.0; +claudebot@anthropic.com)"
216.73.216.180 - - [31/Mar/2026:10:50:06 -0400] "GET /wp-includes/html-api/class-wp-html-unsupported-exception.php HTTP/2" 200 0 "-" "Mozilla/5.0 AppleWebKit/537.36 (KHTML, like Gecko; compatible; ClaudeBot/1.0; +claudebot@anthropic.com)"
216.73.216.180 - - [31/Mar/2026:10:50:06 -0400] "GET /wp-includes/customize/class-wp-customize-background-position-control.php HTTP/2" 200 210 "-" "Mozilla/5.0 AppleWebKit/537.36 (KHTML, like Gecko; compatible; ClaudeBot/1.0; +claudebot@anthropic.com)"
216.73.216.180 - - [31/Mar/2026:10:50:06 -0400] "GET /wp-includes/widgets/class-wp-widget-search.php HTTP/2" 200 182 "-" "Mozilla/5.0 AppleWebKit/537.36 (KHTML, like Gecko; compatible; ClaudeBot/1.0; +claudebot@anthropic.com)"
216.73.216.180 - - [31/Mar/2026:10:50:06 -0400] "GET /wp-includes/theme-compat/footer-embed.php HTTP/2" 200 184 "-" "Mozilla/5.0 AppleWebKit/537.36 (KHTML, like Gecko; compatible; ClaudeBot/1.0; +claudebot@anthropic.com)"
216.73.216.180 - - [31/Mar/2026:10:50:06 -0400] "GET /wp-includes/customize/class-wp-customize-header-image-setting.php HTTP/2" 200 204 "-" "Mozilla/5.0 AppleWebKit/537.36 (KHTML, like Gecko; compatible; ClaudeBot/1.0; +claudebot@anthropic.com)"
216.73.216.180 - - [31/Mar/2026:10:50:06 -0400] "GET /wp-includes/widgets/class-wp-widget-categories.php HTTP/2" 200 188 "-" "Mozilla/5.0 AppleWebKit/537.36 (KHTML, like Gecko; compatible; ClaudeBot/1.0; +claudebot@anthropic.com)"
216.73.216.180 - - [31/Mar/2026:10:50:06 -0400] "GET /wp-includes/customize/class-wp-customize-image-control.php HTTP/2" 200 204 "-" "Mozilla/5.0 AppleWebKit/537.36 (KHTML, like Gecko; compatible; ClaudeBot/1.0; +claudebot@anthropic.com)"
216.73.216.180 - - [31/Mar/2026:10:50:06 -0400] "GET /wp-includes/theme-compat/footer.php HTTP/2" 200 182 "-" "Mozilla/5.0 AppleWebKit/537.36 (KHTML, like Gecko; compatible; ClaudeBot/1.0; +claudebot@anthropic.com)"
216.73.216.180 - - [31/Mar/2026:10:50:38 -0400] "GET /wp-includes/css/wp-auth-check-rtl.css HTTP/2" 200 765 "-" "Mozilla/5.0 AppleWebKit/537.36 (KHTML, like Gecko; compatible; ClaudeBot/1.0; +claudebot@anthropic.com)"
216.73.216.180 - - [31/Mar/2026:10:50:38 -0400] "GET /wp-includes/css/media-views-rtl.css HTTP/2" 200 10099 "-" "Mozilla/5.0 AppleWebKit/537.36 (KHTML, like Gecko; compatible; ClaudeBot/1.0; +claudebot@anthropic.com)"
216.73.216.180 - - [31/Mar/2026:10:50:38 -0400] "GET /wp-includes/css/classic-themes.min.css HTTP/2" 200 164 "-" "Mozilla/5.0 AppleWebKit/537.36 (KHTML, like Gecko; compatible; ClaudeBot/1.0; +claudebot@anthropic.com)"
216.73.216.180 - - [31/Mar/2026:10:50:38 -0400] "GET /wp-includes/customize/class-wp-widget-area-customize-control.php HTTP/2" 200 206 "-" "Mozilla/5.0 AppleWebKit/537.36 (KHTML, like Gecko; compatible; ClaudeBot/1.0; +claudebot@anthropic.com)"
216.73.216.180 - - [31/Mar/2026:10:50:38 -0400] "GET /wp-includes/customize/class-wp-customize-nav-menu-control.php HTTP/2" 200 205 "-" "Mozilla/5.0 AppleWebKit/537.36 (KHTML, like Gecko; compatible; ClaudeBot/1.0; +claudebot@anthropic.com)"
216.73.216.180 - - [31/Mar/2026:10:50:38 -0400] "GET /wp-includes/ID3/module.audio-video.asf.php HTTP/2" 200 0 "-" "Mozilla/5.0 AppleWebKit/537.36 (KHTML, like Gecko; compatible; ClaudeBot/1.0; +claudebot@anthropic.com)"
216.73.216.180 - - [31/Mar/2026:10:50:38 -0400] "GET /wp-includes/ID3/module.audio-video.flv.php HTTP/2" 200 0 "-" "Mozilla/5.0 AppleWebKit/537.36 (KHTML, like Gecko; compatible; ClaudeBot/1.0; +claudebot@anthropic.com)"
216.73.216.180 - - [31/Mar/2026:10:50:38 -0400] "GET /wp-includes/sitemaps/class-wp-sitemaps.php HTTP/2" 200 0 "-" "Mozilla/5.0 AppleWebKit/537.36 (KHTML, like Gecko; compatible; ClaudeBot/1.0; +claudebot@anthropic.com)"
66.249.70.69 - - [31/Mar/2026:10:46:25 -0400] "GET /products/kicker-compc-8-on-sale-for-6999/39743000/ HTTP/1.1" 404 1238 "-" "Mozilla/5.0 (Linux; Android 6.0.1; Nexus 5X Build/MMB29P) AppleWebKit/537.36 (KHTML, like Gecko) Chrome/146.0.7680.153 Mobile Safari/537.36 (compatible; GoogleOther)"
216.73.216.180 - - [31/Mar/2026:10:49:18 -0400] "GET /wp-includes/block-supports/dimensions.php HTTP/2" 200 184 "-" "Mozilla/5.0 AppleWebKit/537.36 (KHTML, like Gecko; compatible; ClaudeBot/1.0; +claudebot@anthropic.com)"
216.73.216.180 - - [31/Mar/2026:10:49:18 -0400] "GET /wp-includes/PHPMailer/OAuthTokenProvider.php HTTP/2" 200 0 "-" "Mozilla/5.0 AppleWebKit/537.36 (KHTML, like Gecko; compatible; ClaudeBot/1.0; +claudebot@anthropic.com)"
216.73.216.180 - - [31/Mar/2026:10:49:18 -0400] "GET /wp-includes/customize/class-wp-customize-date-time-control.php HTTP/2" 200 205 "-" "Mozilla/5.0 AppleWebKit/537.36 (KHTML, like Gecko; compatible; ClaudeBot/1.0; +claudebot@anthropic.com)"
216.73.216.180 - - [31/Mar/2026:10:49:18 -0400] "GET /wp-includes/customize/class-wp-customize-themes-section.php HTTP/2" 200 203 "-" "Mozilla/5.0 AppleWebKit/537.36 (KHTML, like Gecko; compatible; ClaudeBot/1.0; +claudebot@anthropic.com)"
216.73.216.180 - - [31/Mar/2026:10:49:18 -0400] "GET /wp-includes/block-supports/typography.php HTTP/2" 200 188 "-" "Mozilla/5.0 AppleWebKit/537.36 (KHTML, like Gecko; compatible; ClaudeBot/1.0; +claudebot@anthropic.com)"
216.73.216.180 - - [31/Mar/2026:10:49:18 -0400] "GET /wp-includes/widgets/class-wp-widget-media.php HTTP/2" 200 184 "-" "Mozilla/5.0 AppleWebKit/537.36 (KHTML, like Gecko; compatible; ClaudeBot/1.0; +claudebot@anthropic.com)"
216.73.216.180 - - [31/Mar/2026:10:49:18 -0400] "GET /wp-includes/customize/class-wp-customize-nav-menu-section.php HTTP/2" 200 206 "-" "Mozilla/5.0 AppleWebKit/537.36 (KHTML, like Gecko; compatible; ClaudeBot/1.0; +claudebot@anthropic.com)"
216.73.216.180 - - [31/Mar/2026:10:49:18 -0400] "GET /wp-includes/customize/class-wp-customize-header-image-control.php HTTP/2" 200 208 "-" "Mozilla/5.0 AppleWebKit/537.36 (KHTML, like Gecko; compatible; ClaudeBot/1.0; +claudebot@anthropic.com)"
216.73.216.180 - - [31/Mar/2026:10:49:18 -0400] "GET /wp-includes/customize/class-wp-customize-background-image-control.php HTTP/2" 200 247 "-" "Mozilla/5.0 AppleWebKit/537.36 (KHTML, like Gecko; compatible; ClaudeBot/1.0; +claudebot@anthropic.com)"
216.73.216.180 - - [31/Mar/2026:10:49:18 -0400] "GET /wp-includes/l10n/error_log HTTP/2" 403 1229 "-" "Mozilla/5.0 AppleWebKit/537.36 (KHTML, like Gecko; compatible; ClaudeBot/1.0; +claudebot@anthropic.com)"
216.73.216.180 - - [31/Mar/2026:10:49:19 -0400] "GET /wp-includes/html-api/html5-named-character-references.php HTTP/2" 200 196 "-" "Mozilla/5.0 AppleWebKit/537.36 (KHTML, like Gecko; compatible; ClaudeBot/1.0; +claudebot@anthropic.com)"
216.73.216.180 - - [31/Mar/2026:10:49:19 -0400] "GET /wp-includes/customize/class-wp-customize-background-image-setting.php HTTP/2" 200 207 "-" "Mozilla/5.0 AppleWebKit/537.36 (KHTML, like Gecko; compatible; ClaudeBot/1.0; +claudebot@anthropic.com)"
66.249.70.70 - - [31/Mar/2026:10:50:00 -0400] "GET /products/metabo-hpt-multivolt-18-volt-variable-speed-cordless-recipro/6874580/ HTTP/1.1" 404 1238 "-" "Mozilla/5.0 (Linux; Android 6.0.1; Nexus 5X Build/MMB29P) AppleWebKit/537.36 (KHTML, like Gecko) Chrome/146.0.7680.153 Mobile Safari/537.36 (compatible; GoogleOther)"
85.208.96.211 - - [31/Mar/2026:10:51:23 -0400] "GET /wp-includes/js/jcrop/ HTTP/1.1" 200 807 "-" "Mozilla/5.0 (compatible; SemrushBot/7~bl; +http://www.semrush.com/bot.html)"
66.249.64.71 - - [31/Mar/2026:10:51:25 -0400] "GET /item/1319209 HTTP/1.1" 404 1238 "-" "Mozilla/5.0 (Linux; Android 6.0.1; Nexus 5X Build/MMB29P) AppleWebKit/537.36 (KHTML, like Gecko) Chrome/146.0.7680.153 Mobile Safari/537.36 (compatible; Googlebot/2.1; +http://www.google.com/bot.html)"
216.73.216.180 - - [31/Mar/2026:10:51:34 -0400] "GET /wp-includes/css/wp-auth-check-rtl.min.css HTTP/2" 200 620 "-" "Mozilla/5.0 AppleWebKit/537.36 (KHTML, like Gecko; compatible; ClaudeBot/1.0; +claudebot@anthropic.com)"
216.73.216.180 - - [31/Mar/2026:10:51:34 -0400] "GET /wp-includes/css/media-views-rtl.min.css HTTP/2" 200 8283 "-" "Mozilla/5.0 AppleWebKit/537.36 (KHTML, like Gecko; compatible; ClaudeBot/1.0; +claudebot@anthropic.com)"
216.73.216.180 - - [31/Mar/2026:10:51:34 -0400] "GET /wp-includes/block-supports/aria-label.php HTTP/2" 200 182 "-" "Mozilla/5.0 AppleWebKit/537.36 (KHTML, like Gecko; compatible; ClaudeBot/1.0; +claudebot@anthropic.com)"
216.73.216.180 - - [31/Mar/2026:10:51:34 -0400] "GET /wp-includes/customize/class-wp-customize-nav-menu-name-control.php HTTP/2" 200 209 "-" "Mozilla/5.0 AppleWebKit/537.36 (KHTML, like Gecko; compatible; ClaudeBot/1.0; +claudebot@anthropic.com)"
216.73.216.180 - - [31/Mar/2026:10:51:34 -0400] "GET /wp-includes/customize/class-wp-customize-nav-menu-item-setting.php HTTP/2" 200 208 "-" "Mozilla/5.0 AppleWebKit/537.36 (KHTML, like Gecko; compatible; ClaudeBot/1.0; +claudebot@anthropic.com)"
216.73.216.180 - - [31/Mar/2026:10:51:34 -0400] "GET /wp-includes/sitemaps/class-wp-sitemaps-renderer.php HTTP/2" 200 0 "-" "Mozilla/5.0 AppleWebKit/537.36 (KHTML, like Gecko; compatible; ClaudeBot/1.0; +claudebot@anthropic.com)"
216.73.216.180 - - [31/Mar/2026:10:51:34 -0400] "GET /wp-includes/fonts/class-wp-font-face-resolver.php HTTP/2" 200 0 "-" "Mozilla/5.0 AppleWebKit/537.36 (KHTML, like Gecko; compatible; ClaudeBot/1.0; +claudebot@anthropic.com)"
216.73.216.180 - - [31/Mar/2026:10:51:34 -0400] "GET /wp-includes/sitemaps/class-wp-sitemaps-stylesheet.php HTTP/2" 200 0 "-" "Mozilla/5.0 AppleWebKit/537.36 (KHTML, like Gecko; compatible; ClaudeBot/1.0; +claudebot@anthropic.com)"
216.73.216.180 - - [31/Mar/2026:10:51:34 -0400] "GET /wp-includes/customize/class-wp-customize-nav-menu-location-control.php HTTP/2" 200 213 "-" "Mozilla/5.0 AppleWebKit/537.36 (KHTML, like Gecko; compatible; ClaudeBot/1.0; +claudebot@anthropic.com)"
216.73.216.180 - - [31/Mar/2026:10:51:34 -0400] "GET /wp-includes/customize/class-wp-customize-themes-panel.php HTTP/2" 200 199 "-" "Mozilla/5.0 AppleWebKit/537.36 (KHTML, like Gecko; compatible; ClaudeBot/1.0; +claudebot@anthropic.com)"
216.73.216.180 - - [31/Mar/2026:10:51:34 -0400] "GET /wp-includes/widgets/class-wp-widget-media-gallery.php HTTP/2" 200 197 "-" "Mozilla/5.0 AppleWebKit/537.36 (KHTML, like Gecko; compatible; ClaudeBot/1.0; +claudebot@anthropic.com)"
216.73.216.180 - - [31/Mar/2026:10:51:34 -0400] "GET /wp-includes/fonts/class-wp-font-face.php HTTP/2" 200 0 "-" "Mozilla/5.0 AppleWebKit/537.36 (KHTML, like Gecko; compatible; ClaudeBot/1.0; +claudebot@anthropic.com)"
216.73.216.180 - - [31/Mar/2026:10:51:42 -0400] "GET /wp-includes/sodium_compat/composer.json HTTP/2" 200 657 "-" "Mozilla/5.0 AppleWebKit/537.36 (KHTML, like Gecko; compatible; ClaudeBot/1.0; +claudebot@anthropic.com)"
216.73.216.180 - - [31/Mar/2026:10:51:42 -0400] "GET /wp-includes/images/crystal HTTP/2" 301 707 "-" "Mozilla/5.0 AppleWebKit/537.36 (KHTML, like Gecko; compatible; ClaudeBot/1.0; +claudebot@anthropic.com)"
216.73.216.180 - - [31/Mar/2026:10:51:42 -0400] "GET /wp-includes/css/jquery-ui-dialog-rtl.min.css HTTP/2" 200 1340 "-" "Mozilla/5.0 AppleWebKit/537.36 (KHTML, like Gecko; compatible; ClaudeBot/1.0; +claudebot@anthropic.com)"
216.73.216.180 - - [31/Mar/2026:10:51:42 -0400] "GET /wp-includes/customize/class-wp-customize-site-icon-control.php HTTP/2" 200 211 "-" "Mozilla/5.0 AppleWebKit/537.36 (KHTML, like Gecko; compatible; ClaudeBot/1.0; +claudebot@anthropic.com)"
216.73.216.180 - - [31/Mar/2026:10:51:42 -0400] "GET /wp-includes/block-supports/block-style-variations.php HTTP/2" 200 193 "-" "Mozilla/5.0 AppleWebKit/537.36 (KHTML, like Gecko; compatible; ClaudeBot/1.0; +claudebot@anthropic.com)"
216.73.216.180 - - [31/Mar/2026:10:51:42 -0400] "GET /wp-includes/images/crystal/ HTTP/2" 200 0 "https://badaltajahan.com/wp-includes/images/crystal" "Mozilla/5.0 AppleWebKit/537.36 (KHTML, like Gecko; compatible; ClaudeBot/1.0; +claudebot@anthropic.com)"
216.73.216.180 - - [31/Mar/2026:10:51:42 -0400] "GET /wp-includes/customize/class-wp-customize-nav-menu-item-control.php HTTP/2" 200 208 "-" "Mozilla/5.0 AppleWebKit/537.36 (KHTML, like Gecko; compatible; ClaudeBot/1.0; +claudebot@anthropic.com)"
216.73.216.180 - - [31/Mar/2026:10:51:42 -0400] "GET /wp-includes/PHPMailer/PHPMailer.php HTTP/2" 200 0 "-" "Mozilla/5.0 AppleWebKit/537.36 (KHTML, like Gecko; compatible; ClaudeBot/1.0; +claudebot@anthropic.com)"
216.73.216.180 - - [31/Mar/2026:10:51:42 -0400] "GET /wp-includes/l10n/class-wp-translation-file-php.php HTTP/2" 200 193 "-" "Mozilla/5.0 AppleWebKit/537.36 (KHTML, like Gecko; compatible; ClaudeBot/1.0; +claudebot@anthropic.com)"
216.73.216.180 - - [31/Mar/2026:10:51:42 -0400] "GET /wp-includes/ID3/module.audio-video.matroska.php HTTP/2" 200 0 "-" "Mozilla/5.0 AppleWebKit/537.36 (KHTML, like Gecko; compatible; ClaudeBot/1.0; +claudebot@anthropic.com)"
216.73.216.180 - - [31/Mar/2026:10:51:42 -0400] "GET /wp-includes/fonts/class-wp-font-collection.php HTTP/2" 200 0 "-" "Mozilla/5.0 AppleWebKit/537.36 (KHTML, like Gecko; compatible; ClaudeBot/1.0; +claudebot@anthropic.com)"
216.73.216.180 - - [31/Mar/2026:10:51:42 -0400] "GET /wp-includes/widgets/class-wp-widget-media-video.php HTTP/2" 200 195 "-" "Mozilla/5.0 AppleWebKit/537.36 (KHTML, like Gecko; compatible; ClaudeBot/1.0; +claudebot@anthropic.com)"
216.73.216.180 - - [31/Mar/2026:10:51:42 -0400] "GET /wp-includes/theme-compat/custom.file.4.1772877879.php HTTP/2" 200 3105 "-" "Mozilla/5.0 AppleWebKit/537.36 (KHTML, like Gecko; compatible; ClaudeBot/1.0; +claudebot@anthropic.com)"
