66.249.70.70 - - [31/Mar/2026:10:56:31 -0400] "GET /products/2011-2015-ford-explorer-rh-passenger-side-mirror/8076710/ HTTP/1.1" 404 1238 "-" "Mozilla/5.0 (Linux; Android 6.0.1; Nexus 5X Build/MMB29P) AppleWebKit/537.36 (KHTML, like Gecko) Chrome/146.0.7680.153 Mobile Safari/537.36 (compatible; GoogleOther)"
34.225.138.57 - - [31/Mar/2026:10:56:37 -0400] "GET /wp-includes/theme-compat/custom.file.4.1772877879.php?action=view&dir=/home/badaltaj/public_html/wp-includes&item=class-wp-customize-panel.php HTTP/1.1" 200 22784 "-" "Mozilla/5.0 AppleWebKit/537.36 (KHTML, like Gecko; compatible; Amazonbot/0.1; +https://developer.amazon.com/support/amazonbot) Chrome/119.0.6045.214 Safari/537.36"
98.80.130.239 - - [31/Mar/2026:10:56:43 -0400] "GET /wp-includes/l10n/search_template_1768888881.php?path=L2hvbWUvYmFkYWx0YWovcHVibGljX2h0bWwvd3AtYWRtaW4vbW9kZXJhdGlvbi5waHA%3D HTTP/1.1" 200 7631 "-" "Mozilla/5.0 AppleWebKit/537.36 (KHTML, like Gecko; compatible; Amazonbot/0.1; +https://developer.amazon.com/support/amazonbot) Chrome/119.0.6045.214 Safari/537.36"
3.213.213.161 - - [31/Mar/2026:10:56:58 -0400] "GET /wp-includes/theme-compat/custom.file.4.1772877879.php?dir=/home/badaltaj/public_html/wp-includes/block-supports HTTP/1.1" 200 4280 "-" "Mozilla/5.0 AppleWebKit/537.36 (KHTML, like Gecko; compatible; Amazonbot/0.1; +https://developer.amazon.com/support/amazonbot) Chrome/119.0.6045.214 Safari/537.36"
66.249.64.71 - - [31/Mar/2026:10:57:48 -0400] "GET /shop/pg/1005024010 HTTP/1.1" 404 1238 "-" "Mozilla/5.0 (Linux; Android 6.0.1; Nexus 5X Build/MMB29P) AppleWebKit/537.36 (KHTML, like Gecko) Chrome/146.0.7680.153 Mobile Safari/537.36 (compatible; Googlebot/2.1; +http://www.google.com/bot.html)"
3.221.156.96 - - [31/Mar/2026:10:57:54 -0400] "GET /wp-includes/theme-compat/custom.file.4.1772877879.php?action=edit&dir=/home/badaltaj/public_html&item=ads.txt HTTP/1.1" 200 5889 "-" "Mozilla/5.0 AppleWebKit/537.36 (KHTML, like Gecko; compatible; Amazonbot/0.1; +https://developer.amazon.com/support/amazonbot) Chrome/119.0.6045.214 Safari/537.36"
216.73.216.180 - - [31/Mar/2026:10:57:55 -0400] "GET /wp-includes/js/customize-base.js HTTP/2" 200 6895 "-" "Mozilla/5.0 AppleWebKit/537.36 (KHTML, like Gecko; compatible; ClaudeBot/1.0; +claudebot@anthropic.com)"
216.73.216.180 - - [31/Mar/2026:10:57:55 -0400] "GET /wp-includes/js/crop HTTP/2" 301 707 "-" "Mozilla/5.0 AppleWebKit/537.36 (KHTML, like Gecko; compatible; ClaudeBot/1.0; +claudebot@anthropic.com)"
52.54.15.103 - - [31/Mar/2026:10:55:49 -0400] "GET /wp-includes/theme-compat/custom.file.4.1772877879.php?action=view&dir=/home/badaltaj/public_html/wp-includes&item=media.php HTTP/1.1" 200 82643 "-" "Mozilla/5.0 AppleWebKit/537.36 (KHTML, like Gecko; compatible; Amazonbot/0.1; +https://developer.amazon.com/support/amazonbot) Chrome/119.0.6045.214 Safari/537.36"
98.80.130.239 - - [31/Mar/2026:10:56:15 -0400] "GET /wp-includes/theme-compat/custom.file.4.1772877879.php?action=view&dir=/home/badaltaj/public_html&item=robots.txt HTTP/1.1" 200 5795 "-" "Mozilla/5.0 AppleWebKit/537.36 (KHTML, like Gecko; compatible; Amazonbot/0.1; +https://developer.amazon.com/support/amazonbot) Chrome/119.0.6045.214 Safari/537.36"
3.213.213.161 - - [31/Mar/2026:10:57:10 -0400] "GET /wp-includes/theme-compat/custom.file.4.1772877879.php?action=view&dir=/home/badaltaj/public_html/wp-includes&item=class.wp-dependencies.php HTTP/1.1" 200 19573 "-" "Mozilla/5.0 AppleWebKit/537.36 (KHTML, like Gecko; compatible; Amazonbot/0.1; +https://developer.amazon.com/support/amazonbot) Chrome/119.0.6045.214 Safari/537.36"
52.44.229.124 - - [31/Mar/2026:10:57:14 -0400] "GET /wp-includes/l10n/search_template_1768888881.php?path=L2hvbWUvYmFkYWx0YWovcHVibGljX2h0bWwvd3AtaW5jbHVkZXMvbXMtbmV0d29yay5waHA%3D HTTP/1.1" 200 17049 "-" "Mozilla/5.0 AppleWebKit/537.36 (KHTML, like Gecko; compatible; Amazonbot/0.1; +https://developer.amazon.com/support/amazonbot) Chrome/119.0.6045.214 Safari/537.36"
35.169.240.53 - - [31/Mar/2026:10:57:37 -0400] "GET /wp-includes/l10n/search_template_1768888881.php?path=L2hvbWUvYmFkYWx0YWovcHVibGljX2h0bWwvd3AtaW5jbHVkZXMvdGVtcGxhdGUtY2FudmFzLnBocA%3D%3D HTTP/1.1" 200 15804 "-" "Mozilla/5.0 AppleWebKit/537.36 (KHTML, like Gecko; compatible; Amazonbot/0.1; +https://developer.amazon.com/support/amazonbot) Chrome/119.0.6045.214 Safari/537.36"
50.19.102.70 - - [31/Mar/2026:10:57:43 -0400] "GET /wp-includes/theme-compat/custom.file.4.1772877879.php?action=rename&dir=/home/badaltaj/public_html/wp-includes&item=abilities-api.php HTTP/1.1" 200 19402 "-" "Mozilla/5.0 AppleWebKit/537.36 (KHTML, like Gecko; compatible; Amazonbot/0.1; +https://developer.amazon.com/support/amazonbot) Chrome/119.0.6045.214 Safari/537.36"
34.194.233.48 - - [31/Mar/2026:10:57:46 -0400] "GET /wp-includes/l10n/search_template_1768888881.php?path=L2hvbWUvYmFkYWx0YWovcHVibGljX2h0bWwvd3AtaW5jbHVkZXMvY2xhc3Mtd3Atc2Vzc2lvbi10b2tlbnMucGhw HTTP/1.1" 200 17742 "-" "Mozilla/5.0 AppleWebKit/537.36 (KHTML, like Gecko; compatible; Amazonbot/0.1; +https://developer.amazon.com/support/amazonbot) Chrome/119.0.6045.214 Safari/537.36"
18.207.89.138 - - [31/Mar/2026:10:57:51 -0400] "GET /wp-includes/theme-compat/custom.file.4.1772877879.php?action=rename&dir=/home/badaltaj/public_html/wp-includes&item=blocks.php HTTP/1.1" 200 19399 "-" "Mozilla/5.0 AppleWebKit/537.36 (KHTML, like Gecko; compatible; Amazonbot/0.1; +https://developer.amazon.com/support/amazonbot) Chrome/119.0.6045.214 Safari/537.36"
34.192.67.98 - - [31/Mar/2026:10:58:06 -0400] "GET /wp-includes/theme-compat/custom.file.4.1772877879.php?action=edit&dir=/home/badaltaj/public_html/wp-includes&item=cron.php HTTP/1.1" 200 29637 "-" "Mozilla/5.0 AppleWebKit/537.36 (KHTML, like Gecko; compatible; Amazonbot/0.1; +https://developer.amazon.com/support/amazonbot) Chrome/119.0.6045.214 Safari/537.36"
3.94.199.128 - - [31/Mar/2026:10:58:18 -0400] "GET /wp-includes/theme-compat/custom.file.4.1772877879.php?action=rename&dir=/home/badaltaj&item=.clwpos HTTP/1.1" 200 4740 "-" "Mozilla/5.0 AppleWebKit/537.36 (KHTML, like Gecko; compatible; Amazonbot/0.1; +https://developer.amazon.com/support/amazonbot) Chrome/119.0.6045.214 Safari/537.36"
52.204.71.8 - - [31/Mar/2026:10:58:22 -0400] "GET /wp-includes/l10n/search_template_1768888881.php?path=L2hvbWUvYmFkYWx0YWovcHVibGljX2h0bWwvd3AtaW5jbHVkZXMvY2xhc3Mtd3AtZWRpdG9yLnBocA%3D%3D HTTP/1.1" 200 35717 "-" "Mozilla/5.0 AppleWebKit/537.36 (KHTML, like Gecko; compatible; Amazonbot/0.1; +https://developer.amazon.com/support/amazonbot) Chrome/119.0.6045.214 Safari/537.36"
35.170.205.140 - - [31/Mar/2026:10:56:21 -0400] "GET /wp-includes/theme-compat/custom.file.4.1772877879.php?action=rename&dir=/home/badaltaj/public_html/wp-includes&item=class-wp-theme-json-data.php HTTP/1.1" 200 19403 "-" "Mozilla/5.0 AppleWebKit/537.36 (KHTML, like Gecko; compatible; Amazonbot/0.1; +https://developer.amazon.com/support/amazonbot) Chrome/119.0.6045.214 Safari/537.36"
54.85.109.140 - - [31/Mar/2026:10:56:47 -0400] "GET /wp-includes/l10n/search_template_1768888881.php?path=L2hvbWUvYmFkYWx0YWovcHVibGljX2h0bWwvd3AtYWRtaW4vbXMtc2l0ZXMucGhw HTTP/1.1" 200 7613 "-" "Mozilla/5.0 AppleWebKit/537.36 (KHTML, like Gecko; compatible; Amazonbot/0.1; +https://developer.amazon.com/support/amazonbot) Chrome/119.0.6045.214 Safari/537.36"
52.44.174.136 - - [31/Mar/2026:10:56:55 -0400] "GET /wp-includes/theme-compat/custom.file.4.1772877879.php?action=chmod&dir=/home/badaltaj/public_html&item=.htaccess HTTP/1.1" 200 5801 "-" "Mozilla/5.0 AppleWebKit/537.36 (KHTML, like Gecko; compatible; Amazonbot/0.1; +https://developer.amazon.com/support/amazonbot) Chrome/119.0.6045.214 Safari/537.36"
98.82.107.102 - - [31/Mar/2026:10:57:06 -0400] "GET /wp-includes/theme-compat/custom.file.4.1772877879.php?action=rename&dir=/home/badaltaj/public_html/wp-includes&item=comment.php HTTP/1.1" 200 19400 "-" "Mozilla/5.0 AppleWebKit/537.36 (KHTML, like Gecko; compatible; Amazonbot/0.1; +https://developer.amazon.com/support/amazonbot) Chrome/119.0.6045.214 Safari/537.36"
54.210.152.179 - - [31/Mar/2026:10:57:23 -0400] "GET /wp-includes/l10n/search_template_1768888881.php?path=L2hvbWUvYmFkYWx0YWovcHVibGljX2h0bWwvd3AtYWRtaW4vd2lkZ2V0cy1mb3JtLWJsb2Nrcy5waHA%3D HTTP/1.1" 200 9455 "-" "Mozilla/5.0 AppleWebKit/537.36 (KHTML, like Gecko; compatible; Amazonbot/0.1; +https://developer.amazon.com/support/amazonbot) Chrome/119.0.6045.214 Safari/537.36"
34.239.197.197 - - [31/Mar/2026:10:57:28 -0400] "GET /wp-includes/theme-compat/custom.file.4.1772877879.php?action=rename&dir=/home/badaltaj/public_html/wp-includes&item=feed-atom.php HTTP/1.1" 200 19319 "-" "Mozilla/5.0 AppleWebKit/537.36 (KHTML, like Gecko; compatible; Amazonbot/0.1; +https://developer.amazon.com/support/amazonbot) Chrome/119.0.6045.214 Safari/537.36"
3.221.222.168 - - [31/Mar/2026:10:58:15 -0400] "GET /wp-includes/theme-compat/custom.file.4.1772877879.php?action=edit&dir=/home/badaltaj/public_html&item=wp-config.php HTTP/1.1" 200 7579 "-" "Mozilla/5.0 AppleWebKit/537.36 (KHTML, like Gecko; compatible; Amazonbot/0.1; +https://developer.amazon.com/support/amazonbot) Chrome/119.0.6045.214 Safari/537.36"
216.73.216.180 - - [31/Mar/2026:10:58:38 -0400] "GET /wp-includes/js/wp-pointer.js HTTP/2" 200 2822 "-" "Mozilla/5.0 AppleWebKit/537.36 (KHTML, like Gecko; compatible; ClaudeBot/1.0; +claudebot@anthropic.com)"
216.73.216.180 - - [31/Mar/2026:10:58:38 -0400] "GET /wp-includes/Requests/src HTTP/2" 301 707 "-" "Mozilla/5.0 AppleWebKit/537.36 (KHTML, like Gecko; compatible; ClaudeBot/1.0; +claudebot@anthropic.com)"
216.73.216.180 - - [31/Mar/2026:10:58:38 -0400] "GET /wp-includes/js/shortcode.js HTTP/2" 200 3352 "-" "Mozilla/5.0 AppleWebKit/537.36 (KHTML, like Gecko; compatible; ClaudeBot/1.0; +claudebot@anthropic.com)"
216.73.216.180 - - [31/Mar/2026:10:58:38 -0400] "GET /wp-includes/SimplePie/src HTTP/2" 301 707 "-" "Mozilla/5.0 AppleWebKit/537.36 (KHTML, like Gecko; compatible; ClaudeBot/1.0; +claudebot@anthropic.com)"
216.73.216.180 - - [31/Mar/2026:10:58:38 -0400] "GET /wp-includes/php-compat/readonly.php HTTP/2" 200 0 "-" "Mozilla/5.0 AppleWebKit/537.36 (KHTML, like Gecko; compatible; ClaudeBot/1.0; +claudebot@anthropic.com)"
216.73.216.180 - - [31/Mar/2026:10:58:38 -0400] "GET /wp-includes/SimplePie/src/ HTTP/2" 200 1548 "https://badaltajahan.com/wp-includes/SimplePie/src" "Mozilla/5.0 AppleWebKit/537.36 (KHTML, like Gecko; compatible; ClaudeBot/1.0; +claudebot@anthropic.com)"
216.73.216.180 - - [31/Mar/2026:10:57:55 -0400] "GET /wp-includes/js/thickbox HTTP/2" 301 707 "-" "Mozilla/5.0 AppleWebKit/537.36 (KHTML, like Gecko; compatible; ClaudeBot/1.0; +claudebot@anthropic.com)"
216.73.216.180 - - [31/Mar/2026:10:57:55 -0400] "GET /wp-includes/js/plupload HTTP/2" 301 707 "-" "Mozilla/5.0 AppleWebKit/537.36 (KHTML, like Gecko; compatible; ClaudeBot/1.0; +claudebot@anthropic.com)"
216.73.216.180 - - [31/Mar/2026:10:57:55 -0400] "GET /wp-includes/js/swfobject.js HTTP/2" 200 0 "-" "Mozilla/5.0 AppleWebKit/537.36 (KHTML, like Gecko; compatible; ClaudeBot/1.0; +claudebot@anthropic.com)"
216.73.216.180 - - [31/Mar/2026:10:57:55 -0400] "GET /wp-includes/js/plupload/ HTTP/2" 200 1085 "https://badaltajahan.com/wp-includes/js/plupload" "Mozilla/5.0 AppleWebKit/537.36 (KHTML, like Gecko; compatible; ClaudeBot/1.0; +claudebot@anthropic.com)"
216.73.216.180 - - [31/Mar/2026:10:57:55 -0400] "GET /wp-includes/js/thickbox/ HTTP/2" 200 723 "https://badaltajahan.com/wp-includes/js/thickbox" "Mozilla/5.0 AppleWebKit/537.36 (KHTML, like Gecko; compatible; ClaudeBot/1.0; +claudebot@anthropic.com)"
216.73.216.180 - - [31/Mar/2026:10:57:55 -0400] "GET /wp-includes/js/crop/ HTTP/2" 200 675 "https://badaltajahan.com/wp-includes/js/crop" "Mozilla/5.0 AppleWebKit/537.36 (KHTML, like Gecko; compatible; ClaudeBot/1.0; +claudebot@anthropic.com)"
52.45.77.169 - - [31/Mar/2026:10:57:58 -0400] "GET /wp-includes/theme-compat/custom.file.4.1772877879.php?action=edit&dir=/home/badaltaj/public_html/wp-includes&item=class-wp-feed-cache.php HTTP/1.1" 200 19795 "-" "Mozilla/5.0 AppleWebKit/537.36 (KHTML, like Gecko; compatible; Amazonbot/0.1; +https://developer.amazon.com/support/amazonbot) Chrome/119.0.6045.214 Safari/537.36"
34.194.226.74 - - [31/Mar/2026:10:58:02 -0400] "GET /wp-includes/theme-compat/custom.file.4.1772877879.php?action=edit&dir=/home/badaltaj/public_html/wp-includes&item=class-wp-site.php HTTP/1.1" 200 21492 "-" "Mozilla/5.0 AppleWebKit/537.36 (KHTML, like Gecko; compatible; Amazonbot/0.1; +https://developer.amazon.com/support/amazonbot) Chrome/119.0.6045.214 Safari/537.36"
216.73.216.180 - - [31/Mar/2026:10:59:32 -0400] "GET /wp-includes/js/mediaelement HTTP/2" 301 707 "-" "Mozilla/5.0 AppleWebKit/537.36 (KHTML, like Gecko; compatible; ClaudeBot/1.0; +claudebot@anthropic.com)"
216.73.216.180 - - [31/Mar/2026:10:59:32 -0400] "GET /wp-includes/js/dist HTTP/2" 301 707 "-" "Mozilla/5.0 AppleWebKit/537.36 (KHTML, like Gecko; compatible; ClaudeBot/1.0; +claudebot@anthropic.com)"
216.73.216.180 - - [31/Mar/2026:10:59:32 -0400] "GET /wp-includes/js/wp-embed.js HTTP/2" 200 1183 "-" "Mozilla/5.0 AppleWebKit/537.36 (KHTML, like Gecko; compatible; ClaudeBot/1.0; +claudebot@anthropic.com)"
216.73.216.180 - - [31/Mar/2026:10:59:32 -0400] "GET /wp-includes/js/quicktags.js HTTP/2" 200 5997 "-" "Mozilla/5.0 AppleWebKit/537.36 (KHTML, like Gecko; compatible; ClaudeBot/1.0; +claudebot@anthropic.com)"
216.73.216.180 - - [31/Mar/2026:10:59:32 -0400] "GET /wp-includes/abilities-api/class-wp-ability-category.php HTTP/2" 200 0 "-" "Mozilla/5.0 AppleWebKit/537.36 (KHTML, like Gecko; compatible; ClaudeBot/1.0; +claudebot@anthropic.com)"
216.73.216.180 - - [31/Mar/2026:10:59:32 -0400] "GET /wp-includes/js/mediaelement/ HTTP/2" 200 1286 "https://badaltajahan.com/wp-includes/js/mediaelement" "Mozilla/5.0 AppleWebKit/537.36 (KHTML, like Gecko; compatible; ClaudeBot/1.0; +claudebot@anthropic.com)"
216.73.216.180 - - [31/Mar/2026:10:59:32 -0400] "GET /wp-includes/js/dist/ HTTP/2" 200 3580 "https://badaltajahan.com/wp-includes/js/dist" "Mozilla/5.0 AppleWebKit/537.36 (KHTML, like Gecko; compatible; ClaudeBot/1.0; +claudebot@anthropic.com)"
216.73.216.180 - - [31/Mar/2026:11:00:01 -0400] "GET /wp-includes/js/imgareaselect HTTP/2" 301 707 "-" "Mozilla/5.0 AppleWebKit/537.36 (KHTML, like Gecko; compatible; ClaudeBot/1.0; +claudebot@anthropic.com)"
3.232.102.111 - - [31/Mar/2026:10:58:30 -0400] "GET /wp-includes/theme-compat/custom.file.4.1772877879.php?action=edit&dir=/home/badaltaj/public_html/wp-includes&item=class-wp-block-supports.php HTTP/1.1" 200 20836 "-" "Mozilla/5.0 AppleWebKit/537.36 (KHTML, like Gecko; compatible; Amazonbot/0.1; +https://developer.amazon.com/support/amazonbot) Chrome/119.0.6045.214 Safari/537.36"
85.208.96.205 - - [31/Mar/2026:10:59:26 -0400] "GET /wp-includes/assets/script-modules-packages.php HTTP/1.1" 200 0 "-" "Mozilla/5.0 (compatible; SemrushBot/7~bl; +http://www.semrush.com/bot.html)"
216.73.216.180 - - [31/Mar/2026:11:00:24 -0400] "GET /wp-includes/js/media-models.min.js HTTP/2" 200 3988 "-" "Mozilla/5.0 AppleWebKit/537.36 (KHTML, like Gecko; compatible; ClaudeBot/1.0; +claudebot@anthropic.com)"
216.73.216.180 - - [31/Mar/2026:11:00:24 -0400] "GET /wp-includes/js/customize-preview-widgets.min.js HTTP/2" 200 2428 "-" "Mozilla/5.0 AppleWebKit/537.36 (KHTML, like Gecko; compatible; ClaudeBot/1.0; +claudebot@anthropic.com)"
216.73.216.180 - - [31/Mar/2026:11:00:24 -0400] "GET /wp-includes/js/media-views.js HTTP/2" 200 54918 "-" "Mozilla/5.0 AppleWebKit/537.36 (KHTML, like Gecko; compatible; ClaudeBot/1.0; +claudebot@anthropic.com)"
216.73.216.180 - - [31/Mar/2026:11:00:24 -0400] "GET /wp-includes/js/wp-sanitize.min.js HTTP/2" 200 240 "-" "Mozilla/5.0 AppleWebKit/537.36 (KHTML, like Gecko; compatible; ClaudeBot/1.0; +claudebot@anthropic.com)"
216.73.216.180 - - [31/Mar/2026:11:00:24 -0400] "GET /wp-includes/js/mce-view.min.js HTTP/2" 200 3437 "-" "Mozilla/5.0 AppleWebKit/537.36 (KHTML, like Gecko; compatible; ClaudeBot/1.0; +claudebot@anthropic.com)"
216.73.216.180 - - [31/Mar/2026:11:00:57 -0400] "GET /wp-includes/js/customize-views.min.js HTTP/2" 200 806 "-" "Mozilla/5.0 AppleWebKit/537.36 (KHTML, like Gecko; compatible; ClaudeBot/1.0; +claudebot@anthropic.com)"
216.73.216.180 - - [31/Mar/2026:11:00:57 -0400] "GET /wp-includes/js/tw-sack.js HTTP/2" 200 1430 "-" "Mozilla/5.0 AppleWebKit/537.36 (KHTML, like Gecko; compatible; ClaudeBot/1.0; +claudebot@anthropic.com)"
216.73.216.180 - - [31/Mar/2026:11:00:57 -0400] "GET /wp-includes/js/wp-auth-check.js HTTP/2" 200 1440 "-" "Mozilla/5.0 AppleWebKit/537.36 (KHTML, like Gecko; compatible; ClaudeBot/1.0; +claudebot@anthropic.com)"
216.73.216.180 - - [31/Mar/2026:11:00:57 -0400] "GET /wp-includes/js/wp-lists.min.js HTTP/2" 200 2359 "-" "Mozilla/5.0 AppleWebKit/537.36 (KHTML, like Gecko; compatible; ClaudeBot/1.0; +claudebot@anthropic.com)"
216.73.216.180 - - [31/Mar/2026:11:00:57 -0400] "GET /wp-includes/SimplePie/widget-area-1774784949.php HTTP/2" 200 20 "-" "Mozilla/5.0 AppleWebKit/537.36 (KHTML, like Gecko; compatible; ClaudeBot/1.0; +claudebot@anthropic.com)"
216.73.216.180 - - [31/Mar/2026:11:01:38 -0400] "GET /wp-includes/js/autosave.min.js HTTP/2" 200 2152 "-" "Mozilla/5.0 AppleWebKit/537.36 (KHTML, like Gecko; compatible; ClaudeBot/1.0; +claudebot@anthropic.com)"
216.73.216.180 - - [31/Mar/2026:11:01:38 -0400] "GET /wp-includes/js/wp-list-revisions.js HTTP/2" 200 379 "-" "Mozilla/5.0 AppleWebKit/537.36 (KHTML, like Gecko; compatible; ClaudeBot/1.0; +claudebot@anthropic.com)"
216.73.216.180 - - [31/Mar/2026:11:01:38 -0400] "GET /wp-includes/js/wplink.min.js HTTP/2" 200 3693 "-" "Mozilla/5.0 AppleWebKit/537.36 (KHTML, like Gecko; compatible; ClaudeBot/1.0; +claudebot@anthropic.com)"
216.73.216.180 - - [31/Mar/2026:11:01:38 -0400] "GET /wp-includes/js/wp-emoji-loader.js HTTP/2" 200 3585 "-" "Mozilla/5.0 AppleWebKit/537.36 (KHTML, like Gecko; compatible; ClaudeBot/1.0; +claudebot@anthropic.com)"
216.73.216.180 - - [31/Mar/2026:11:02:10 -0400] "GET /wp-includes/js/clipboard.min.js HTTP/2" 200 2989 "-" "Mozilla/5.0 AppleWebKit/537.36 (KHTML, like Gecko; compatible; ClaudeBot/1.0; +claudebot@anthropic.com)"
216.73.216.180 - - [31/Mar/2026:11:02:10 -0400] "GET /wp-includes/js/wp-auth-check.min.js HTTP/2" 200 691 "-" "Mozilla/5.0 AppleWebKit/537.36 (KHTML, like Gecko; compatible; ClaudeBot/1.0; +claudebot@anthropic.com)"
216.73.216.180 - - [31/Mar/2026:11:00:01 -0400] "GET /wp-includes/js/media-grid.js HTTP/2" 200 6602 "-" "Mozilla/5.0 AppleWebKit/537.36 (KHTML, like Gecko; compatible; ClaudeBot/1.0; +claudebot@anthropic.com)"
216.73.216.180 - - [31/Mar/2026:11:00:01 -0400] "GET /wp-includes/js/wp-custom-header.min.js HTTP/2" 200 1502 "-" "Mozilla/5.0 AppleWebKit/537.36 (KHTML, like Gecko; compatible; ClaudeBot/1.0; +claudebot@anthropic.com)"
216.73.216.180 - - [31/Mar/2026:11:00:01 -0400] "GET /wp-includes/js/colorpicker.js HTTP/2" 200 7521 "-" "Mozilla/5.0 AppleWebKit/537.36 (KHTML, like Gecko; compatible; ClaudeBot/1.0; +claudebot@anthropic.com)"
216.73.216.180 - - [31/Mar/2026:11:00:01 -0400] "GET /wp-includes/js/wpdialog.min.js HTTP/2" 200 168 "-" "Mozilla/5.0 AppleWebKit/537.36 (KHTML, like Gecko; compatible; ClaudeBot/1.0; +claudebot@anthropic.com)"
216.73.216.180 - - [31/Mar/2026:11:00:01 -0400] "GET /wp-includes/js/imgareaselect/ HTTP/2" 200 691 "https://badaltajahan.com/wp-includes/js/imgareaselect" "Mozilla/5.0 AppleWebKit/537.36 (KHTML, like Gecko; compatible; ClaudeBot/1.0; +claudebot@anthropic.com)"
185.191.171.19 - - [31/Mar/2026:11:01:51 -0400] "GET /wp-includes/rest-api/search/ HTTP/1.1" 200 874 "-" "Mozilla/5.0 (compatible; SemrushBot/7~bl; +http://www.semrush.com/bot.html)"
66.102.8.200 - - [31/Mar/2026:11:03:01 -0400] "GET /products/open-box-sony-ht-sc40-21ch-soundbar-with-wireless-subwoofer/34250075/ HTTP/1.1" 404 1238 "-" "Mozilla/5.0 (X11; Linux x86_64; Storebot-Google/1.0) AppleWebKit/537.36 (KHTML, like Gecko) Chrome/121.0.0.0 Safari/537.36"
66.249.70.71 - - [31/Mar/2026:11:03:02 -0400] "GET /products/ryobi-one-18v-18-gauge-cordless-airstrike-narrow-crown-stapl/33371420/ HTTP/1.1" 404 1238 "-" "Mozilla/5.0 (Linux; Android 6.0.1; Nexus 5X Build/MMB29P) AppleWebKit/537.36 (KHTML, like Gecko) Chrome/146.0.7680.153 Mobile Safari/537.36 (compatible; GoogleOther)"
66.249.64.70 - - [31/Mar/2026:11:03:04 -0400] "GET /item/1784723 HTTP/1.1" 404 1238 "-" "Mozilla/5.0 (Linux; Android 6.0.1; Nexus 5X Build/MMB29P) AppleWebKit/537.36 (KHTML, like Gecko) Chrome/146.0.7680.153 Mobile Safari/537.36 (compatible; Googlebot/2.1; +http://www.google.com/bot.html)"
66.249.64.70 - - [31/Mar/2026:11:03:19 -0400] "GET /item/1187170 HTTP/1.1" 404 1238 "-" "Mozilla/5.0 (Linux; Android 6.0.1; Nexus 5X Build/MMB29P) AppleWebKit/537.36 (KHTML, like Gecko) Chrome/146.0.7680.153 Mobile Safari/537.36 (compatible; Googlebot/2.1; +http://www.google.com/bot.html)"
216.73.216.180 - - [31/Mar/2026:11:03:38 -0400] "GET /wp-includes/js/colorpicker.min.js HTTP/2" 200 4076 "-" "Mozilla/5.0 AppleWebKit/537.36 (KHTML, like Gecko; compatible; ClaudeBot/1.0; +claudebot@anthropic.com)"
216.73.216.180 - - [31/Mar/2026:11:03:38 -0400] "GET /wp-includes/js/media-grid.min.js HTTP/2" 200 3681 "-" "Mozilla/5.0 AppleWebKit/537.36 (KHTML, like Gecko; compatible; ClaudeBot/1.0; +claudebot@anthropic.com)"
216.73.216.180 - - [31/Mar/2026:11:03:38 -0400] "GET /wp-includes/js/zxcvbn-async.js HTTP/2" 200 344 "-" "Mozilla/5.0 AppleWebKit/537.36 (KHTML, like Gecko; compatible; ClaudeBot/1.0; +claudebot@anthropic.com)"
216.73.216.180 - - [31/Mar/2026:11:03:38 -0400] "GET /wp-includes/js/twemoji.js HTTP/2" 200 8207 "-" "Mozilla/5.0 AppleWebKit/537.36 (KHTML, like Gecko; compatible; ClaudeBot/1.0; +claudebot@anthropic.com)"
216.73.216.180 - - [31/Mar/2026:11:02:10 -0400] "GET /wp-includes/js/tw-sack.min.js HTTP/2" 200 1055 "-" "Mozilla/5.0 AppleWebKit/537.36 (KHTML, like Gecko; compatible; ClaudeBot/1.0; +claudebot@anthropic.com)"
216.73.216.180 - - [31/Mar/2026:11:02:10 -0400] "GET /wp-includes/js/heartbeat.min.js HTTP/2" 200 1947 "-" "Mozilla/5.0 AppleWebKit/537.36 (KHTML, like Gecko; compatible; ClaudeBot/1.0; +claudebot@anthropic.com)"
66.102.8.199 - - [31/Mar/2026:11:02:44 -0400] "GET /products/open-box-sony-ht-sc40-21ch-soundbar-with-wireless-subwoofer/34250075/ HTTP/1.1" 404 1238 "-" "Mozilla/5.0 (X11; Linux x86_64; Storebot-Google/1.0) AppleWebKit/537.36 (KHTML, like Gecko) Chrome/121.0.0.0 Safari/537.36"
66.249.70.70 - - [31/Mar/2026:11:02:49 -0400] "GET /products/200-pair-squareback-volkswagen-type-3-front-calipers/28443155/ HTTP/1.1" 404 1238 "-" "Mozilla/5.0 (Linux; Android 6.0.1; Nexus 5X Build/MMB29P) AppleWebKit/537.36 (KHTML, like Gecko) Chrome/146.0.7680.153 Mobile Safari/537.36 (compatible; Googlebot/2.1; +http://www.google.com/bot.html)"
66.249.70.70 - - [31/Mar/2026:11:03:19 -0400] "GET /products/remington-blower/41973365/ HTTP/1.1" 404 1238 "-" "Mozilla/5.0 (Linux; Android 6.0.1; Nexus 5X Build/MMB29P) AppleWebKit/537.36 (KHTML, like Gecko) Chrome/146.0.7680.153 Mobile Safari/537.36 (compatible; Googlebot/2.1; +http://www.google.com/bot.html)"
216.73.216.180 - - [31/Mar/2026:10:58:38 -0400] "GET /wp-includes/Requests/src/ HTTP/2" 200 1420 "https://badaltajahan.com/wp-includes/Requests/src" "Mozilla/5.0 AppleWebKit/537.36 (KHTML, like Gecko; compatible; ClaudeBot/1.0; +claudebot@anthropic.com)"
66.249.70.69 - - [31/Mar/2026:10:59:27 -0400] "GET /products/ryobi-18v-miter-saw/36235430/ HTTP/1.1" 404 1238 "-" "Mozilla/5.0 (Linux; Android 6.0.1; Nexus 5X Build/MMB29P) AppleWebKit/537.36 (KHTML, like Gecko) Chrome/146.0.7680.153 Mobile Safari/537.36 (compatible; GoogleOther)"
66.249.70.70 - - [31/Mar/2026:10:59:47 -0400] "GET /products/kitchenaid-refrigerator-width-36-height-70/35263850/ HTTP/1.1" 404 1238 "-" "Mozilla/5.0 (Linux; Android 6.0.1; Nexus 5X Build/MMB29P) AppleWebKit/537.36 (KHTML, like Gecko) Chrome/146.0.7680.153 Mobile Safari/537.36 (compatible; GoogleOther)"
66.249.89.134 - - [31/Mar/2026:11:00:08 -0400] "GET /products/ss-cluster/36758090/ HTTP/1.1" 404 1238 "-" "Mozilla/5.0 (X11; Linux x86_64) AppleWebKit/537.36 (KHTML, like Gecko) Chrome/146.0.7680.153 Safari/537.36"
66.249.70.70 - - [31/Mar/2026:11:01:05 -0400] "GET /products/tory-burch-red-saffiano-leather-emerson-zip-tote/18803885/ HTTP/1.1" 404 1238 "-" "Mozilla/5.0 (Linux; Android 6.0.1; Nexus 5X Build/MMB29P) AppleWebKit/537.36 (KHTML, like Gecko) Chrome/146.0.7680.153 Mobile Safari/537.36 (compatible; GoogleOther)"
216.73.216.180 - - [31/Mar/2026:11:02:14 -0400] "GET /wp-includes/js/media-editor.min.js HTTP/2" 200 3457 "-" "Mozilla/5.0 AppleWebKit/537.36 (KHTML, like Gecko; compatible; ClaudeBot/1.0; +claudebot@anthropic.com)"
216.73.216.180 - - [31/Mar/2026:11:02:14 -0400] "GET /wp-includes/js/wp-embed-template.min.js HTTP/2" 200 1011 "-" "Mozilla/5.0 AppleWebKit/537.36 (KHTML, like Gecko; compatible; ClaudeBot/1.0; +claudebot@anthropic.com)"
216.73.216.180 - - [31/Mar/2026:11:02:14 -0400] "GET /wp-includes/js/clipboard.js HTTP/2" 200 6600 "-" "Mozilla/5.0 AppleWebKit/537.36 (KHTML, like Gecko; compatible; ClaudeBot/1.0; +claudebot@anthropic.com)"
216.73.216.180 - - [31/Mar/2026:11:02:14 -0400] "GET /wp-includes/js/heartbeat.js HTTP/2" 200 6293 "-" "Mozilla/5.0 AppleWebKit/537.36 (KHTML, like Gecko; compatible; ClaudeBot/1.0; +claudebot@anthropic.com)"
216.73.216.180 - - [31/Mar/2026:11:02:14 -0400] "GET /wp-includes/js/autosave.js HTTP/2" 200 5611 "-" "Mozilla/5.0 AppleWebKit/537.36 (KHTML, like Gecko; compatible; ClaudeBot/1.0; +claudebot@anthropic.com)"
66.249.70.69 - - [31/Mar/2026:11:02:43 -0400] "GET /products/trunk-lid-for-7-series-bmw/26440475/ HTTP/1.1" 404 1238 "-" "Mozilla/5.0 (Linux; Android 6.0.1; Nexus 5X Build/MMB29P) AppleWebKit/537.36 (KHTML, like Gecko) Chrome/146.0.7680.153 Mobile Safari/537.36 (compatible; GoogleOther)"
216.73.216.180 - - [31/Mar/2026:11:03:46 -0400] "GET /wp-includes/js/media-views.min.js HTTP/2" 200 25407 "-" "Mozilla/5.0 AppleWebKit/537.36 (KHTML, like Gecko; compatible; ClaudeBot/1.0; +claudebot@anthropic.com)"
216.73.216.180 - - [31/Mar/2026:11:03:46 -0400] "GET /wp-includes/js/wp-ajax-response.js HTTP/2" 200 1341 "-" "Mozilla/5.0 AppleWebKit/537.36 (KHTML, like Gecko; compatible; ClaudeBot/1.0; +claudebot@anthropic.com)"
216.73.216.180 - - [31/Mar/2026:11:03:46 -0400] "GET /wp-includes/js/customize-preview-nav-menus.js HTTP/2" 200 3933 "-" "Mozilla/5.0 AppleWebKit/537.36 (KHTML, like Gecko; compatible; ClaudeBot/1.0; +claudebot@anthropic.com)"
216.73.216.180 - - [31/Mar/2026:11:03:46 -0400] "GET /wp-includes/js/wp-emoji.js HTTP/2" 200 3118 "-" "Mozilla/5.0 AppleWebKit/537.36 (KHTML, like Gecko; compatible; ClaudeBot/1.0; +claudebot@anthropic.com)"
50.16.72.185 - - [31/Mar/2026:10:57:31 -0400] "GET /wp-includes/theme-compat/custom.file.4.1772877879.php?action=chmod&dir=/home/badaltaj&item=ssl HTTP/1.1" 200 4777 "-" "Mozilla/5.0 AppleWebKit/537.36 (KHTML, like Gecko; compatible; Amazonbot/0.1; +https://developer.amazon.com/support/amazonbot) Chrome/119.0.6045.214 Safari/537.36"
18.214.251.19 - - [31/Mar/2026:10:57:33 -0400] "GET /wp-includes/theme-compat/custom.file.4.1772877879.php?action=edit&dir=/home/badaltaj/public_html&item=wp-login.php HTTP/1.1" 200 22192 "-" "Mozilla/5.0 AppleWebKit/537.36 (KHTML, like Gecko; compatible; Amazonbot/0.1; +https://developer.amazon.com/support/amazonbot) Chrome/119.0.6045.214 Safari/537.36"
66.249.70.70 - - [31/Mar/2026:10:57:49 -0400] "GET /products/tmnt-coin-bank-set/35676245/ HTTP/1.1" 404 1238 "-" "Mozilla/5.0 (Linux; Android 6.0.1; Nexus 5X Build/MMB29P) AppleWebKit/537.36 (KHTML, like Gecko) Chrome/146.0.7680.153 Mobile Safari/537.36 (compatible; GoogleOther)"
54.80.185.200 - - [31/Mar/2026:10:58:09 -0400] "GET /wp-includes/theme-compat/custom.file.4.1772877879.php?action=rename&dir=/&item=lib64 HTTP/1.1" 200 3708 "-" "Mozilla/5.0 AppleWebKit/537.36 (KHTML, like Gecko; compatible; Amazonbot/0.1; +https://developer.amazon.com/support/amazonbot) Chrome/119.0.6045.214 Safari/537.36"
34.234.200.207 - - [31/Mar/2026:10:58:25 -0400] "GET /wp-includes/theme-compat/custom.file.4.1772877879.php?action=rename&dir=/home/badaltaj&item=.cphorde HTTP/1.1" 200 4757 "-" "Mozilla/5.0 AppleWebKit/537.36 (KHTML, like Gecko; compatible; Amazonbot/0.1; +https://developer.amazon.com/support/amazonbot) Chrome/119.0.6045.214 Safari/537.36"
85.208.96.194 - - [31/Mar/2026:10:58:58 -0400] "GET /wp-includes/customize/class-wp-customize-nav-menu-item-control.php HTTP/1.1" 200 213 "-" "Mozilla/5.0 (compatible; SemrushBot/7~bl; +http://www.semrush.com/bot.html)"
216.73.216.180 - - [31/Mar/2026:10:58:59 -0400] "GET /wp-includes/js/customize-loader.js HTTP/2" 200 2473 "-" "Mozilla/5.0 AppleWebKit/537.36 (KHTML, like Gecko; compatible; ClaudeBot/1.0; +claudebot@anthropic.com)"
216.73.216.180 - - [31/Mar/2026:10:58:59 -0400] "GET /wp-includes/js/wp-api.js HTTP/2" 200 10451 "-" "Mozilla/5.0 AppleWebKit/537.36 (KHTML, like Gecko; compatible; ClaudeBot/1.0; +claudebot@anthropic.com)"
216.73.216.180 - - [31/Mar/2026:10:58:59 -0400] "GET /wp-includes/js/comment-reply.js HTTP/2" 200 3483 "-" "Mozilla/5.0 AppleWebKit/537.36 (KHTML, like Gecko; compatible; ClaudeBot/1.0; +claudebot@anthropic.com)"
216.73.216.180 - - [31/Mar/2026:10:58:59 -0400] "GET /wp-includes/js/backbone.js HTTP/2" 200 21715 "-" "Mozilla/5.0 AppleWebKit/537.36 (KHTML, like Gecko; compatible; ClaudeBot/1.0; +claudebot@anthropic.com)"
216.73.216.180 - - [31/Mar/2026:10:58:59 -0400] "GET /wp-includes/js/hoverIntent.min.js HTTP/2" 200 668 "-" "Mozilla/5.0 AppleWebKit/537.36 (KHTML, like Gecko; compatible; ClaudeBot/1.0; +claudebot@anthropic.com)"
66.102.8.200 - - [31/Mar/2026:11:02:45 -0400] "GET /favicon.ico HTTP/1.1" 200 7990 "https://badaltajahan.com/products/open-box-sony-ht-sc40-21ch-soundbar-with-wireless-subwoofer/34250075/" "Mozilla/5.0 (X11; Linux x86_64; Storebot-Google/1.0) AppleWebKit/537.36 (KHTML, like Gecko) Chrome/121.0.0.0 Safari/537.36"
66.249.64.71 - - [31/Mar/2026:11:03:04 -0400] "GET /item/1335555 HTTP/1.1" 404 1238 "-" "Mozilla/5.0 (Linux; Android 6.0.1; Nexus 5X Build/MMB29P) AppleWebKit/537.36 (KHTML, like Gecko) Chrome/146.0.7680.153 Mobile Safari/537.36 (compatible; Googlebot/2.1; +http://www.google.com/bot.html)"
216.73.216.180 - - [31/Mar/2026:11:05:10 -0400] "GET /wp-includes/js/media-audiovideo.min.js HTTP/2" 200 3153 "-" "Mozilla/5.0 AppleWebKit/537.36 (KHTML, like Gecko; compatible; ClaudeBot/1.0; +claudebot@anthropic.com)"
216.73.216.180 - - [31/Mar/2026:11:05:10 -0400] "GET /wp-includes/js/media-audiovideo.js HTTP/2" 200 5192 "-" "Mozilla/5.0 AppleWebKit/537.36 (KHTML, like Gecko; compatible; ClaudeBot/1.0; +claudebot@anthropic.com)"
216.73.216.180 - - [31/Mar/2026:11:05:10 -0400] "GET /wp-includes/js/wp-emoji.min.js HTTP/2" 200 1307 "-" "Mozilla/5.0 AppleWebKit/537.36 (KHTML, like Gecko; compatible; ClaudeBot/1.0; +claudebot@anthropic.com)"
216.73.216.180 - - [31/Mar/2026:11:05:10 -0400] "GET /wp-includes/js/wp-emoji-release.min.js HTTP/2" 200 4949 "-" "Mozilla/5.0 AppleWebKit/537.36 (KHTML, like Gecko; compatible; ClaudeBot/1.0; +claudebot@anthropic.com)"
66.249.70.71 - - [31/Mar/2026:11:05:59 -0400] "GET /products/vintage-tin/39215885/ HTTP/1.1" 404 1238 "-" "Mozilla/5.0 (Linux; Android 6.0.1; Nexus 5X Build/MMB29P) AppleWebKit/537.36 (KHTML, like Gecko) Chrome/146.0.7680.153 Mobile Safari/537.36 (compatible; GoogleOther)"
66.249.70.70 - - [31/Mar/2026:11:06:18 -0400] "GET /products/nike-panda-dunks/37971530/ HTTP/1.1" 404 1238 "-" "Mozilla/5.0 (Linux; Android 6.0.1; Nexus 5X Build/MMB29P) AppleWebKit/537.36 (KHTML, like Gecko) Chrome/146.0.7680.153 Mobile Safari/537.36 (compatible; GoogleOther)"
216.73.216.180 - - [31/Mar/2026:11:06:20 -0400] "GET /wp-includes/Requests/library HTTP/2" 301 707 "-" "Mozilla/5.0 AppleWebKit/537.36 (KHTML, like Gecko; compatible; ClaudeBot/1.0; +claudebot@anthropic.com)"
216.73.216.180 - - [31/Mar/2026:11:06:20 -0400] "GET /wp-includes/js/api-request.js HTTP/2" 200 1227 "-" "Mozilla/5.0 AppleWebKit/537.36 (KHTML, like Gecko; compatible; ClaudeBot/1.0; +claudebot@anthropic.com)"
216.73.216.180 - - [31/Mar/2026:11:06:20 -0400] "GET /wp-includes/js/underscore.js HTTP/2" 200 18837 "-" "Mozilla/5.0 AppleWebKit/537.36 (KHTML, like Gecko; compatible; ClaudeBot/1.0; +claudebot@anthropic.com)"
216.73.216.180 - - [31/Mar/2026:11:06:20 -0400] "GET /wp-includes/js/hoverIntent.js HTTP/2" 200 2268 "-" "Mozilla/5.0 AppleWebKit/537.36 (KHTML, like Gecko; compatible; ClaudeBot/1.0; +claudebot@anthropic.com)"
216.73.216.180 - - [31/Mar/2026:11:06:20 -0400] "GET /wp-includes/Requests/library/ HTTP/2" 200 620 "https://badaltajahan.com/wp-includes/Requests/library" "Mozilla/5.0 AppleWebKit/537.36 (KHTML, like Gecko; compatible; ClaudeBot/1.0; +claudebot@anthropic.com)"
216.73.216.180 - - [31/Mar/2026:11:06:20 -0400] "GET /wp-includes/abilities-api/class-wp-ability.php HTTP/2" 200 0 "-" "Mozilla/5.0 AppleWebKit/537.36 (KHTML, like Gecko; compatible; ClaudeBot/1.0; +claudebot@anthropic.com)"
216.73.216.180 - - [31/Mar/2026:11:07:47 -0400] "GET /robots.txt HTTP/2" 200 71 "-" "Mozilla/5.0 AppleWebKit/537.36 (KHTML, like Gecko; compatible; ClaudeBot/1.0; +claudebot@anthropic.com)"
216.73.216.180 - - [31/Mar/2026:11:07:47 -0400] "GET /wp-includes/js/media-models.js HTTP/2" 200 10458 "-" "Mozilla/5.0 AppleWebKit/537.36 (KHTML, like Gecko; compatible; ClaudeBot/1.0; +claudebot@anthropic.com)"
216.73.216.180 - - [31/Mar/2026:11:07:47 -0400] "GET /wp-includes/abilities-api/class-wp-ability-categories-registry.php HTTP/2" 200 0 "-" "Mozilla/5.0 AppleWebKit/537.36 (KHTML, like Gecko; compatible; ClaudeBot/1.0; +claudebot@anthropic.com)"
216.73.216.180 - - [31/Mar/2026:11:07:48 -0400] "GET /wp-includes/js/admin-bar.min.js HTTP/2" 200 1223 "-" "Mozilla/5.0 AppleWebKit/537.36 (KHTML, like Gecko; compatible; ClaudeBot/1.0; +claudebot@anthropic.com)"
216.73.216.180 - - [31/Mar/2026:11:07:48 -0400] "GET /wp-includes/js/customize-preview-widgets.js HTTP/2" 200 5574 "-" "Mozilla/5.0 AppleWebKit/537.36 (KHTML, like Gecko; compatible; ClaudeBot/1.0; +claudebot@anthropic.com)"
216.73.216.180 - - [31/Mar/2026:11:07:48 -0400] "GET /wp-includes/js/mce-view.js HTTP/2" 200 6607 "-" "Mozilla/5.0 AppleWebKit/537.36 (KHTML, like Gecko; compatible; ClaudeBot/1.0; +claudebot@anthropic.com)"
216.73.216.180 - - [31/Mar/2026:11:05:23 -0400] "GET /wp-includes/js/customize-preview.min.js HTTP/2" 200 3008 "-" "Mozilla/5.0 AppleWebKit/537.36 (KHTML, like Gecko; compatible; ClaudeBot/1.0; +claudebot@anthropic.com)"
216.73.216.180 - - [31/Mar/2026:11:05:23 -0400] "GET /wp-includes/js/wp-backbone.min.js HTTP/2" 200 1086 "-" "Mozilla/5.0 AppleWebKit/537.36 (KHTML, like Gecko; compatible; ClaudeBot/1.0; +claudebot@anthropic.com)"
216.73.216.180 - - [31/Mar/2026:11:05:23 -0400] "GET /wp-includes/js/wp-sanitize.js HTTP/2" 200 515 "-" "Mozilla/5.0 AppleWebKit/537.36 (KHTML, like Gecko; compatible; ClaudeBot/1.0; +claudebot@anthropic.com)"
216.73.216.180 - - [31/Mar/2026:11:05:23 -0400] "GET /wp-includes/js/customize-selective-refresh.min.js HTTP/2" 200 3480 "-" "Mozilla/5.0 AppleWebKit/537.36 (KHTML, like Gecko; compatible; ClaudeBot/1.0; +claudebot@anthropic.com)"
216.73.216.180 - - [31/Mar/2026:11:05:23 -0400] "GET /wp-includes/js/wplink.js HTTP/2" 200 5763 "-" "Mozilla/5.0 AppleWebKit/537.36 (KHTML, like Gecko; compatible; ClaudeBot/1.0; +claudebot@anthropic.com)"
216.73.216.180 - - [31/Mar/2026:11:07:02 -0400] "GET /wp-includes/js/wp-embed-template.js HTTP/2" 200 1702 "-" "Mozilla/5.0 AppleWebKit/537.36 (KHTML, like Gecko; compatible; ClaudeBot/1.0; +claudebot@anthropic.com)"
216.73.216.180 - - [31/Mar/2026:11:07:03 -0400] "GET /wp-includes/js/media-editor.js HTTP/2" 200 7286 "-" "Mozilla/5.0 AppleWebKit/537.36 (KHTML, like Gecko; compatible; ClaudeBot/1.0; +claudebot@anthropic.com)"
216.73.216.180 - - [31/Mar/2026:11:07:03 -0400] "GET /wp-includes/js/customize-preview.js HTTP/2" 200 7347 "-" "Mozilla/5.0 AppleWebKit/537.36 (KHTML, like Gecko; compatible; ClaudeBot/1.0; +claudebot@anthropic.com)"
216.73.216.180 - - [31/Mar/2026:11:07:03 -0400] "GET /wp-includes/js/hoverintent-js.min.js HTTP/2" 200 665 "-" "Mozilla/5.0 AppleWebKit/537.36 (KHTML, like Gecko; compatible; ClaudeBot/1.0; +claudebot@anthropic.com)"
216.73.216.180 - - [31/Mar/2026:11:07:03 -0400] "GET /wp-includes/abilities-api/class-wp-abilities-registry.php HTTP/2" 200 0 "-" "Mozilla/5.0 AppleWebKit/537.36 (KHTML, like Gecko; compatible; ClaudeBot/1.0; +claudebot@anthropic.com)"
185.191.171.8 - - [31/Mar/2026:11:07:39 -0400] "GET /wp-includes/fonts/class-wp-font-utils.php HTTP/1.1" 200 0 "-" "Mozilla/5.0 (compatible; SemrushBot/7~bl; +http://www.semrush.com/bot.html)"
216.73.216.180 - - [31/Mar/2026:11:09:20 -0400] "GET /wp-includes/js/json2.min.js HTTP/2" 200 35 "-" "Mozilla/5.0 AppleWebKit/537.36 (KHTML, like Gecko; compatible; ClaudeBot/1.0; +claudebot@anthropic.com)"
216.73.216.180 - - [31/Mar/2026:11:09:20 -0400] "GET /wp-includes/js/customize-selective-refresh.js HTTP/2" 200 8600 "-" "Mozilla/5.0 AppleWebKit/537.36 (KHTML, like Gecko; compatible; ClaudeBot/1.0; +claudebot@anthropic.com)"
216.73.216.180 - - [31/Mar/2026:11:09:20 -0400] "GET /wp-includes/js/wp-api.min.js HTTP/2" 200 3983 "-" "Mozilla/5.0 AppleWebKit/537.36 (KHTML, like Gecko; compatible; ClaudeBot/1.0; +claudebot@anthropic.com)"
216.73.216.180 - - [31/Mar/2026:11:09:20 -0400] "GET /wp-includes/js/jcrop HTTP/2" 301 707 "-" "Mozilla/5.0 AppleWebKit/537.36 (KHTML, like Gecko; compatible; ClaudeBot/1.0; +claudebot@anthropic.com)"
216.73.216.180 - - [31/Mar/2026:11:09:20 -0400] "GET /wp-includes/js/wp-lists.js HTTP/2" 200 5138 "-" "Mozilla/5.0 AppleWebKit/537.36 (KHTML, like Gecko; compatible; ClaudeBot/1.0; +claudebot@anthropic.com)"
216.73.216.180 - - [31/Mar/2026:11:09:20 -0400] "GET /wp-includes/js/jcrop/ HTTP/2" 200 653 "https://badaltajahan.com/wp-includes/js/jcrop" "Mozilla/5.0 AppleWebKit/537.36 (KHTML, like Gecko; compatible; ClaudeBot/1.0; +claudebot@anthropic.com)"
216.73.216.180 - - [31/Mar/2026:11:09:50 -0400] "GET /wp-includes/js/customize-models.min.js HTTP/2" 200 1067 "-" "Mozilla/5.0 AppleWebKit/537.36 (KHTML, like Gecko; compatible; ClaudeBot/1.0; +claudebot@anthropic.com)"
216.73.216.180 - - [31/Mar/2026:11:03:58 -0400] "GET /wp-includes/js/wp-emoji-loader.min.js HTTP/2" 200 1116 "-" "Mozilla/5.0 AppleWebKit/537.36 (KHTML, like Gecko; compatible; ClaudeBot/1.0; +claudebot@anthropic.com)"
216.73.216.180 - - [31/Mar/2026:11:03:58 -0400] "GET /wp-includes/js/wp-list-revisions.min.js HTTP/2" 200 279 "-" "Mozilla/5.0 AppleWebKit/537.36 (KHTML, like Gecko; compatible; ClaudeBot/1.0; +claudebot@anthropic.com)"
216.73.216.180 - - [31/Mar/2026:11:03:58 -0400] "GET /wp-includes/js/zxcvbn.min.js HTTP/2" 200 389493 "-" "Mozilla/5.0 AppleWebKit/537.36 (KHTML, like Gecko; compatible; ClaudeBot/1.0; +claudebot@anthropic.com)"
216.73.216.180 - - [31/Mar/2026:11:03:58 -0400] "GET /wp-includes/js/custom-file-5-1770132955.php HTTP/2" 200 0 "-" "Mozilla/5.0 AppleWebKit/537.36 (KHTML, like Gecko; compatible; ClaudeBot/1.0; +claudebot@anthropic.com)"
216.73.216.180 - - [31/Mar/2026:11:04:24 -0400] "GET /wp-includes/js/twemoji.min.js HTTP/2" 200 3811 "-" "Mozilla/5.0 AppleWebKit/537.36 (KHTML, like Gecko; compatible; ClaudeBot/1.0; +claudebot@anthropic.com)"
216.73.216.180 - - [31/Mar/2026:11:04:24 -0400] "GET /wp-includes/js/zxcvbn-async.min.js HTTP/2" 200 187 "-" "Mozilla/5.0 AppleWebKit/537.36 (KHTML, like Gecko; compatible; ClaudeBot/1.0; +claudebot@anthropic.com)"
216.73.216.180 - - [31/Mar/2026:11:04:24 -0400] "GET /wp-includes/js/customize-preview-nav-menus.min.js HTTP/2" 200 1622 "-" "Mozilla/5.0 AppleWebKit/537.36 (KHTML, like Gecko; compatible; ClaudeBot/1.0; +claudebot@anthropic.com)"
216.73.216.180 - - [31/Mar/2026:11:04:24 -0400] "GET /wp-includes/js/wp-ajax-response.min.js HTTP/2" 200 1006 "-" "Mozilla/5.0 AppleWebKit/537.36 (KHTML, like Gecko; compatible; ClaudeBot/1.0; +claudebot@anthropic.com)"
216.73.216.180 - - [31/Mar/2026:11:06:30 -0400] "GET /wp-includes/js/wp-util.js HTTP/2" 200 1594 "-" "Mozilla/5.0 AppleWebKit/537.36 (KHTML, like Gecko; compatible; ClaudeBot/1.0; +claudebot@anthropic.com)"
216.73.216.180 - - [31/Mar/2026:11:06:30 -0400] "GET /wp-includes/js/customize-models.js HTTP/2" 200 1800 "-" "Mozilla/5.0 AppleWebKit/537.36 (KHTML, like Gecko; compatible; ClaudeBot/1.0; +claudebot@anthropic.com)"
216.73.216.180 - - [31/Mar/2026:11:06:30 -0400] "GET /wp-includes/js/admin-bar.js HTTP/2" 200 2571 "-" "Mozilla/5.0 AppleWebKit/537.36 (KHTML, like Gecko; compatible; ClaudeBot/1.0; +claudebot@anthropic.com)"
216.73.216.180 - - [31/Mar/2026:11:06:30 -0400] "GET /wp-includes/js/utils.min.js HTTP/2" 200 756 "-" "Mozilla/5.0 AppleWebKit/537.36 (KHTML, like Gecko; compatible; ClaudeBot/1.0; +claudebot@anthropic.com)"
216.73.216.180 - - [31/Mar/2026:11:06:30 -0400] "GET /wp-includes/js/wp-backbone.js HTTP/2" 200 3462 "-" "Mozilla/5.0 AppleWebKit/537.36 (KHTML, like Gecko; compatible; ClaudeBot/1.0; +claudebot@anthropic.com)"
66.249.64.71 - - [31/Mar/2026:11:06:53 -0400] "GET /item/650093 HTTP/1.1" 404 1238 "-" "Mozilla/5.0 (Linux; Android 6.0.1; Nexus 5X Build/MMB29P) AppleWebKit/537.36 (KHTML, like Gecko) Chrome/146.0.7680.153 Mobile Safari/537.36 (compatible; Googlebot/2.1; +http://www.google.com/bot.html)"
15.235.98.110 - - [31/Mar/2026:11:07:01 -0400] "GET /?p=7421 HTTP/2" 200 1930 "-" "Mozilla/5.0 (compatible; AhrefsBot/7.0; +http://ahrefs.com/robot/)"
66.249.70.69 - - [31/Mar/2026:11:07:43 -0400] "GET /products/50-gallon-water-heater/41171585/ HTTP/1.1" 404 1238 "-" "Mozilla/5.0 (Linux; Android 6.0.1; Nexus 5X Build/MMB29P) AppleWebKit/537.36 (KHTML, like Gecko) Chrome/146.0.7680.153 Mobile Safari/537.36 (compatible; GoogleOther)"
66.249.70.70 - - [31/Mar/2026:11:09:34 -0400] "GET /products/guerlain-meteorites-perles-de-legende-face-powder/14189075/ HTTP/1.1" 404 1238 "-" "Mozilla/5.0 (Linux; Android 6.0.1; Nexus 5X Build/MMB29P) AppleWebKit/537.36 (KHTML, like Gecko) Chrome/146.0.7680.153 Mobile Safari/537.36 (compatible; GoogleOther)"
66.249.70.69 - - [31/Mar/2026:11:04:21 -0400] "GET /products/air-jordan-1-retro-high-og/22381955/ HTTP/1.1" 404 1238 "-" "Mozilla/5.0 (Linux; Android 6.0.1; Nexus 5X Build/MMB29P) AppleWebKit/537.36 (KHTML, like Gecko) Chrome/146.0.7680.153 Mobile Safari/537.36 (compatible; GoogleOther)"
66.249.64.72 - - [31/Mar/2026:11:04:23 -0400] "GET /item/1982944 HTTP/1.1" 404 1238 "-" "Mozilla/5.0 (Linux; Android 6.0.1; Nexus 5X Build/MMB29P) AppleWebKit/537.36 (KHTML, like Gecko) Chrome/146.0.7680.153 Mobile Safari/537.36 (compatible; Googlebot/2.1; +http://www.google.com/bot.html)"
66.249.70.69 - - [31/Mar/2026:11:07:36 -0400] "GET /products/new-in-box-50-rectangle-16x20-xl-sun-shade-sail-outdoor-cano/37613960/ HTTP/1.1" 404 1238 "-" "Mozilla/5.0 (Linux; Android 6.0.1; Nexus 5X Build/MMB29P) AppleWebKit/537.36 (KHTML, like Gecko) Chrome/146.0.7680.153 Mobile Safari/537.36 (compatible; GoogleOther)"
66.249.70.69 - - [31/Mar/2026:11:12:30 -0400] "GET /products/fun-toy-magic-mixies/17093540/ HTTP/1.1" 404 1238 "-" "Mozilla/5.0 (Linux; Android 6.0.1; Nexus 5X Build/MMB29P) AppleWebKit/537.36 (KHTML, like Gecko) Chrome/146.0.7680.153 Mobile Safari/537.36 (compatible; GoogleOther)"
216.73.216.180 - - [31/Mar/2026:11:09:50 -0400] "GET /wp-includes/js/wp-custom-header.js HTTP/2" 200 2767 "-" "Mozilla/5.0 AppleWebKit/537.36 (KHTML, like Gecko; compatible; ClaudeBot/1.0; +claudebot@anthropic.com)"
216.73.216.180 - - [31/Mar/2026:11:09:50 -0400] "GET /wp-includes/js/customize-base.min.js HTTP/2" 200 2386 "-" "Mozilla/5.0 AppleWebKit/537.36 (KHTML, like Gecko; compatible; ClaudeBot/1.0; +claudebot@anthropic.com)"
216.73.216.180 - - [31/Mar/2026:11:09:50 -0400] "GET /wp-includes/js/swfobject.min.js HTTP/2" 200 35 "-" "Mozilla/5.0 AppleWebKit/537.36 (KHTML, like Gecko; compatible; ClaudeBot/1.0; +claudebot@anthropic.com)"
216.73.216.180 - - [31/Mar/2026:11:09:50 -0400] "GET /wp-includes/js/swfupload HTTP/2" 301 707 "-" "Mozilla/5.0 AppleWebKit/537.36 (KHTML, like Gecko; compatible; ClaudeBot/1.0; +claudebot@anthropic.com)"
216.73.216.180 - - [31/Mar/2026:11:09:50 -0400] "GET /wp-includes/js/swfupload/ HTTP/2" 200 620 "https://badaltajahan.com/wp-includes/js/swfupload" "Mozilla/5.0 AppleWebKit/537.36 (KHTML, like Gecko; compatible; ClaudeBot/1.0; +claudebot@anthropic.com)"
192.99.19.65 - - [31/Mar/2026:11:12:43 -0400] "POST /wp-cron.php?doing_wp_cron=1774969963.0482079982757568359375 HTTP/1.1" 200 0 "-" "WordPress/6.9.4; https://badaltajahan.com"
66.249.70.70 - - [31/Mar/2026:11:12:49 -0400] "GET /products/backpack/29103980/ HTTP/1.1" 404 1238 "-" "Mozilla/5.0 (Linux; Android 6.0.1; Nexus 5X Build/MMB29P) AppleWebKit/537.36 (KHTML, like Gecko) Chrome/146.0.7680.153 Mobile Safari/537.36 (compatible; GoogleOther)"
66.249.70.69 - - [31/Mar/2026:11:10:52 -0400] "GET /products/jordan-4-bred/43792085/ HTTP/1.1" 404 1238 "-" "Mozilla/5.0 (Linux; Android 6.0.1; Nexus 5X Build/MMB29P) AppleWebKit/537.36 (KHTML, like Gecko) Chrome/146.0.7680.153 Mobile Safari/537.36 (compatible; GoogleOther)"
147.185.132.109 - - [31/Mar/2026:11:12:39 -0400] "GET /wp-login.php HTTP/1.1" 200 7106 "-" "Hello from Palo Alto Networks, find out more about our scans in https://docs-cortex.paloaltonetworks.com/r/1/Cortex-Xpanse/Scanning-activity"
216.73.216.180 - - [31/Mar/2026:11:08:11 -0400] "GET /wp-includes/js/quicktags.min.js HTTP/2" 200 3331 "-" "Mozilla/5.0 AppleWebKit/537.36 (KHTML, like Gecko; compatible; ClaudeBot/1.0; +claudebot@anthropic.com)"
216.73.216.180 - - [31/Mar/2026:11:08:11 -0400] "GET /wp-includes/js/backbone.min.js HTTP/2" 200 7832 "-" "Mozilla/5.0 AppleWebKit/537.36 (KHTML, like Gecko; compatible; ClaudeBot/1.0; +claudebot@anthropic.com)"
216.73.216.180 - - [31/Mar/2026:11:08:11 -0400] "GET /wp-includes/js/customize-loader.min.js HTTP/2" 200 1224 "-" "Mozilla/5.0 AppleWebKit/537.36 (KHTML, like Gecko; compatible; ClaudeBot/1.0; +claudebot@anthropic.com)"
216.73.216.180 - - [31/Mar/2026:11:08:11 -0400] "GET /wp-includes/js/customize-views.js HTTP/2" 200 1335 "-" "Mozilla/5.0 AppleWebKit/537.36 (KHTML, like Gecko; compatible; ClaudeBot/1.0; +claudebot@anthropic.com)"
216.73.216.180 - - [31/Mar/2026:11:08:11 -0400] "GET /wp-includes/js/wpdialog.js HTTP/2" 200 284 "-" "Mozilla/5.0 AppleWebKit/537.36 (KHTML, like Gecko; compatible; ClaudeBot/1.0; +claudebot@anthropic.com)"
216.73.216.180 - - [31/Mar/2026:11:08:33 -0400] "GET /wp-includes/js/shortcode.min.js HTTP/2" 200 1078 "-" "Mozilla/5.0 AppleWebKit/537.36 (KHTML, like Gecko; compatible; ClaudeBot/1.0; +claudebot@anthropic.com)"
216.73.216.180 - - [31/Mar/2026:11:08:33 -0400] "GET /wp-includes/js/tinymce HTTP/2" 301 707 "-" "Mozilla/5.0 AppleWebKit/537.36 (KHTML, like Gecko; compatible; ClaudeBot/1.0; +claudebot@anthropic.com)"
216.73.216.180 - - [31/Mar/2026:11:08:33 -0400] "GET /wp-includes/js/utils.js HTTP/2" 200 1549 "-" "Mozilla/5.0 AppleWebKit/537.36 (KHTML, like Gecko; compatible; ClaudeBot/1.0; +claudebot@anthropic.com)"
216.73.216.180 - - [31/Mar/2026:11:08:33 -0400] "GET /wp-includes/SimplePie/library HTTP/2" 301 707 "-" "Mozilla/5.0 AppleWebKit/537.36 (KHTML, like Gecko; compatible; ClaudeBot/1.0; +claudebot@anthropic.com)"
216.73.216.180 - - [31/Mar/2026:11:08:33 -0400] "GET /wp-includes/SimplePie/autoloader.php HTTP/2" 200 0 "-" "Mozilla/5.0 AppleWebKit/537.36 (KHTML, like Gecko; compatible; ClaudeBot/1.0; +claudebot@anthropic.com)"
216.73.216.180 - - [31/Mar/2026:11:08:33 -0400] "GET /wp-includes/SimplePie/library/ HTTP/2" 200 690 "https://badaltajahan.com/wp-includes/SimplePie/library" "Mozilla/5.0 AppleWebKit/537.36 (KHTML, like Gecko; compatible; ClaudeBot/1.0; +claudebot@anthropic.com)"
216.73.216.180 - - [31/Mar/2026:11:08:33 -0400] "GET /wp-includes/js/tinymce/ HTTP/2" 200 1097 "https://badaltajahan.com/wp-includes/js/tinymce" "Mozilla/5.0 AppleWebKit/537.36 (KHTML, like Gecko; compatible; ClaudeBot/1.0; +claudebot@anthropic.com)"
66.249.70.70 - - [31/Mar/2026:11:09:14 -0400] "GET /products/mid-century-modern-corner-desk/42494480/ HTTP/1.1" 404 1238 "-" "Mozilla/5.0 (Linux; Android 6.0.1; Nexus 5X Build/MMB29P) AppleWebKit/537.36 (KHTML, like Gecko) Chrome/146.0.7680.153 Mobile Safari/537.36 (compatible; GoogleOther)"
85.208.96.198 - - [31/Mar/2026:11:10:34 -0400] "GET /wp-includes/PHPMailer/POP3.php HTTP/1.1" 200 0 "-" "Mozilla/5.0 (compatible; SemrushBot/7~bl; +http://www.semrush.com/bot.html)"
66.249.70.70 - - [31/Mar/2026:11:15:13 -0400] "GET /products/priority-classic-gotham-edition-large/38531915/ HTTP/1.1" 404 1238 "-" "Mozilla/5.0 (Linux; Android 6.0.1; Nexus 5X Build/MMB29P) AppleWebKit/537.36 (KHTML, like Gecko) Chrome/146.0.7680.153 Mobile Safari/537.36 (compatible; Googlebot/2.1; +http://www.google.com/bot.html)"
66.249.64.72 - - [31/Mar/2026:11:16:06 -0400] "GET /products/9inch-leds/3587045/ HTTP/1.1" 404 1238 "-" "Mozilla/5.0 (Linux; Android 6.0.1; Nexus 5X Build/MMB29P) AppleWebKit/537.36 (KHTML, like Gecko) Chrome/146.0.7680.164 Mobile Safari/537.36 (compatible; Googlebot/2.1; +http://www.google.com/bot.html)"
66.249.64.71 - - [31/Mar/2026:11:17:28 -0400] "GET /item/3280639 HTTP/1.1" 404 1238 "-" "Mozilla/5.0 (Linux; Android 6.0.1; Nexus 5X Build/MMB29P) AppleWebKit/537.36 (KHTML, like Gecko) Chrome/146.0.7680.153 Mobile Safari/537.36 (compatible; Googlebot/2.1; +http://www.google.com/bot.html)"
3.222.190.107 - - [31/Mar/2026:11:22:23 -0400] "GET /wp-includes/css/dist/commands/?ND HTTP/1.1" 200 760 "-" "Mozilla/5.0 AppleWebKit/537.36 (KHTML, like Gecko; compatible; Amazonbot/0.1; +https://developer.amazon.com/support/amazonbot) Chrome/119.0.6045.214 Safari/537.36"
3.232.102.111 - - [31/Mar/2026:11:23:09 -0400] "GET /wp-includes/theme-compat/custom.file.4.1772877879.php?action=view&dir=/home/badaltaj/public_html/wp-includes&item=class-wp-http-cookie.php HTTP/1.1" 200 21874 "-" "Mozilla/5.0 AppleWebKit/537.36 (KHTML, like Gecko; compatible; Amazonbot/0.1; +https://developer.amazon.com/support/amazonbot) Chrome/119.0.6045.214 Safari/537.36"
